CREATE TABLE IF NOT EXISTS `jos_contentitem_tag_map` (
  `type_alias` varchar(255) COLLATE utf8mb4_unicode_ci NOT NULL DEFAULT '',
  `core_content_id` int(10) unsigned NOT NULL COMMENT 'PK from the core content table',
  `content_item_id` int(11) NOT NULL COMMENT 'PK from the content type table',
  `tag_id` int(10) unsigned NOT NULL COMMENT 'PK from the tag table',
  `tag_date` timestamp NOT NULL DEFAULT CURRENT_TIMESTAMP ON UPDATE CURRENT_TIMESTAMP COMMENT 'Date of most recent save for this tag-item',
  `type_id` mediumint(8) NOT NULL COMMENT 'PK from the content_type table',
  UNIQUE KEY `uc_ItemnameTagid` (`type_id`,`content_item_id`,`tag_id`),
  KEY `idx_tag_type` (`tag_id`,`type_id`),
  KEY `idx_date_id` (`tag_date`,`tag_id`),
  KEY `idx_core_content_id` (`core_content_id`)
) ENGINE=InnoDB DEFAULT CHARSET=utf8mb4 COLLATE=utf8mb4_unicode_ci COMMENT='Maps items from content tables to tags';

INSERT INTO `jos_contentitem_tag_map` (`type_alias`, `core_content_id`, `content_item_id`, `tag_id`, `tag_date`, `type_id`) VALUES
('com_content.article', 7, 8, 13, '2019-03-28 12:47:37', 1),
('com_content.article', 7, 8, 14, '2019-03-28 12:47:37', 1),
('com_content.article', 3, 9, 5, '2019-03-28 12:47:37', 1),
('com_content.article', 3, 9, 6, '2019-03-28 12:47:37', 1),
('com_content.article', 2, 10, 4, '2019-03-28 12:47:37', 1),
('com_content.article', 2, 10, 14, '2019-03-28 12:47:37', 1),
('com_content.article', 1, 11, 7, '2019-03-28 12:47:37', 1),
('com_content.article', 1, 11, 17, '2019-03-28 12:47:37', 1),
('com_content.article', 5, 12, 9, '2019-03-28 12:47:37', 1),
('com_content.article', 5, 12, 10, '2019-03-28 12:47:37', 1),
('com_content.article', 4, 13, 3, '2019-03-28 12:47:37', 1),
('com_content.article', 4, 13, 8, '2019-03-28 12:47:37', 1),
('com_content.article', 6, 14, 11, '2019-03-28 12:47:37', 1),
('com_content.article', 6, 14, 12, '2019-03-28 12:47:37', 1),
('com_content.article', 8, 15, 15, '2019-03-28 12:47:37', 1),
('com_content.article', 8, 15, 16, '2019-03-28 12:47:37', 1),
('com_content.article', 9, 118, 7, '2019-03-28 12:47:37', 1),
('com_content.article', 9, 118, 17, '2019-03-28 12:47:37', 1),
('com_content.article', 10, 119, 4, '2019-03-28 12:47:37', 1),
('com_content.article', 10, 119, 14, '2019-03-28 12:47:37', 1),
('com_content.article', 11, 120, 5, '2019-03-28 12:47:37', 1),
('com_content.article', 11, 120, 6, '2019-03-28 12:47:37', 1);

CREATE TABLE IF NOT EXISTS `jos_content_frontpage` (
  `content_id` int(11) NOT NULL DEFAULT '0',
  `ordering` int(11) NOT NULL DEFAULT '0',
  PRIMARY KEY (`content_id`)
) ENGINE=InnoDB DEFAULT CHARSET=utf8mb4 COLLATE=utf8mb4_unicode_ci;

CREATE TABLE IF NOT EXISTS `jos_content_rating` (
  `content_id` int(11) NOT NULL DEFAULT '0',
  `rating_sum` int(10) unsigned NOT NULL DEFAULT '0',
  `rating_count` int(10) unsigned NOT NULL DEFAULT '0',
  `lastip` varchar(50) COLLATE utf8mb4_unicode_ci NOT NULL DEFAULT '',
  PRIMARY KEY (`content_id`)
) ENGINE=InnoDB DEFAULT CHARSET=utf8mb4 COLLATE=utf8mb4_unicode_ci;

CREATE TABLE IF NOT EXISTS `jos_content_types` (
  `type_id` int(10) unsigned NOT NULL AUTO_INCREMENT,
  `type_title` varchar(255) COLLATE utf8mb4_unicode_ci NOT NULL DEFAULT '',
  `type_alias` varchar(400) COLLATE utf8mb4_unicode_ci NOT NULL DEFAULT '',
  `table` varchar(255) COLLATE utf8mb4_unicode_ci NOT NULL DEFAULT '',
  `rules` mediumtext COLLATE utf8mb4_unicode_ci NOT NULL,
  `field_mappings` mediumtext COLLATE utf8mb4_unicode_ci NOT NULL,
  `router` varchar(255) COLLATE utf8mb4_unicode_ci NOT NULL DEFAULT '',
  `content_history_options` varchar(5120) COLLATE utf8mb4_unicode_ci DEFAULT NULL COMMENT 'JSON string for com_contenthistory options',
  PRIMARY KEY (`type_id`),
  KEY `idx_alias` (`type_alias`(100))
) ENGINE=InnoDB  DEFAULT CHARSET=utf8mb4 COLLATE=utf8mb4_unicode_ci AUTO_INCREMENT=16 ;

INSERT INTO `jos_content_types` (`type_id`, `type_title`, `type_alias`, `table`, `rules`, `field_mappings`, `router`, `content_history_options`) VALUES
(1, 'Article', 'com_content.article', '{"special":{"dbtable":"#__content","key":"id","type":"Content","prefix":"JTable","config":"array()"},"common":{"dbtable":"#__ucm_content","key":"ucm_id","type":"Corecontent","prefix":"JTable","config":"array()"}}', '', '{"common":{"core_content_item_id":"id","core_title":"title","core_state":"state","core_alias":"alias","core_created_time":"created","core_modified_time":"modified","core_body":"introtext", "core_hits":"hits","core_publish_up":"publish_up","core_publish_down":"publish_down","core_access":"access", "core_params":"attribs", "core_featured":"featured", "core_metadata":"metadata", "core_language":"language", "core_images":"images", "core_urls":"urls", "core_version":"version", "core_ordering":"ordering", "core_metakey":"metakey", "core_metadesc":"metadesc", "core_catid":"catid", "core_xreference":"xreference", "asset_id":"asset_id", "note":"note"}, "special":{"fulltext":"fulltext"}}', 'ContentHelperRoute::getArticleRoute', '{"formFile":"administrator\\/components\\/com_content\\/models\\/forms\\/article.xml", "hideFields":["asset_id","checked_out","checked_out_time","version"],"ignoreChanges":["modified_by", "modified", "checked_out", "checked_out_time", "version", "hits"],"convertToInt":["publish_up", "publish_down", "featured", "ordering"],"displayLookup":[{"sourceColumn":"catid","targetTable":"#__categories","targetColumn":"id","displayColumn":"title"},{"sourceColumn":"created_by","targetTable":"#__users","targetColumn":"id","displayColumn":"name"},{"sourceColumn":"access","targetTable":"#__viewlevels","targetColumn":"id","displayColumn":"title"},{"sourceColumn":"modified_by","targetTable":"#__users","targetColumn":"id","displayColumn":"name"} ]}'),
(2, 'Weblink', 'com_weblinks.weblink', '{"special":{"dbtable":"#__weblinks","key":"id","type":"Weblink","prefix":"WeblinksTable","config":"array()"},"common":{"dbtable":"#__ucm_content","key":"ucm_id","type":"Corecontent","prefix":"JTable","config":"array()"}}', '', '{"common":{"core_content_item_id":"id","core_title":"title","core_state":"state","core_alias":"alias","core_created_time":"created","core_modified_time":"modified","core_body":"description", "core_hits":"hits","core_publish_up":"publish_up","core_publish_down":"publish_down","core_access":"access", "core_params":"params", "core_featured":"featured", "core_metadata":"metadata", "core_language":"language", "core_images":"images", "core_urls":"urls", "core_version":"version", "core_ordering":"ordering", "core_metakey":"metakey", "core_metadesc":"metadesc", "core_catid":"catid", "core_xreference":"xreference", "asset_id":"null"}, "special":{}}', 'WeblinksHelperRoute::getWeblinkRoute', '{"formFile":"administrator\\/components\\/com_weblinks\\/models\\/forms\\/weblink.xml", "hideFields":["asset_id","checked_out","checked_out_time","version","featured","images"], "ignoreChanges":["modified_by", "modified", "checked_out", "checked_out_time", "version", "hits"], "convertToInt":["publish_up", "publish_down", "featured", "ordering"], "displayLookup":[{"sourceColumn":"catid","targetTable":"#__categories","targetColumn":"id","displayColumn":"title"},{"sourceColumn":"created_by","targetTable":"#__users","targetColumn":"id","displayColumn":"name"},{"sourceColumn":"access","targetTable":"#__viewlevels","targetColumn":"id","displayColumn":"title"},{"sourceColumn":"modified_by","targetTable":"#__users","targetColumn":"id","displayColumn":"name"} ]}'),
(3, 'Contact', 'com_contact.contact', '{"special":{"dbtable":"#__contact_details","key":"id","type":"Contact","prefix":"ContactTable","config":"array()"},"common":{"dbtable":"#__ucm_content","key":"ucm_id","type":"Corecontent","prefix":"JTable","config":"array()"}}', '', '{"common":{"core_content_item_id":"id","core_title":"name","core_state":"published","core_alias":"alias","core_created_time":"created","core_modified_time":"modified","core_body":"address", "core_hits":"hits","core_publish_up":"publish_up","core_publish_down":"publish_down","core_access":"access", "core_params":"params", "core_featured":"featured", "core_metadata":"metadata", "core_language":"language", "core_images":"image", "core_urls":"webpage", "core_version":"version", "core_ordering":"ordering", "core_metakey":"metakey", "core_metadesc":"metadesc", "core_catid":"catid", "core_xreference":"xreference", "asset_id":"null"}, "special":{"con_position":"con_position","suburb":"suburb","state":"state","country":"country","postcode":"postcode","telephone":"telephone","fax":"fax","misc":"misc","email_to":"email_to","default_con":"default_con","user_id":"user_id","mobile":"mobile","sortname1":"sortname1","sortname2":"sortname2","sortname3":"sortname3"}}', 'ContactHelperRoute::getContactRoute', '{"formFile":"administrator\\/components\\/com_contact\\/models\\/forms\\/contact.xml","hideFields":["default_con","checked_out","checked_out_time","version","xreference"],"ignoreChanges":["modified_by", "modified", "checked_out", "checked_out_time", "version", "hits"],"convertToInt":["publish_up", "publish_down", "featured", "ordering"], "displayLookup":[ {"sourceColumn":"created_by","targetTable":"#__users","targetColumn":"id","displayColumn":"name"},{"sourceColumn":"catid","targetTable":"#__categories","targetColumn":"id","displayColumn":"title"},{"sourceColumn":"modified_by","targetTable":"#__users","targetColumn":"id","displayColumn":"name"},{"sourceColumn":"access","targetTable":"#__viewlevels","targetColumn":"id","displayColumn":"title"},{"sourceColumn":"user_id","targetTable":"#__users","targetColumn":"id","displayColumn":"name"} ] }'),
(4, 'Newsfeed', 'com_newsfeeds.newsfeed', '{"special":{"dbtable":"#__newsfeeds","key":"id","type":"Newsfeed","prefix":"NewsfeedsTable","config":"array()"},"common":{"dbtable":"#__ucm_content","key":"ucm_id","type":"Corecontent","prefix":"JTable","config":"array()"}}', '', '{"common":{"core_content_item_id":"id","core_title":"name","core_state":"published","core_alias":"alias","core_created_time":"created","core_modified_time":"modified","core_body":"description", "core_hits":"hits","core_publish_up":"publish_up","core_publish_down":"publish_down","core_access":"access", "core_params":"params", "core_featured":"featured", "core_metadata":"metadata", "core_language":"language", "core_images":"images", "core_urls":"link", "core_version":"version", "core_ordering":"ordering", "core_metakey":"metakey", "core_metadesc":"metadesc", "core_catid":"catid", "core_xreference":"xreference", "asset_id":"null"}, "special":{"numarticles":"numarticles","cache_time":"cache_time","rtl":"rtl"}}', 'NewsfeedsHelperRoute::getNewsfeedRoute', '{"formFile":"administrator\\/components\\/com_newsfeeds\\/models\\/forms\\/newsfeed.xml","hideFields":["asset_id","checked_out","checked_out_time","version"],"ignoreChanges":["modified_by", "modified", "checked_out", "checked_out_time", "version", "hits"],"convertToInt":["publish_up", "publish_down", "featured", "ordering"],"displayLookup":[{"sourceColumn":"catid","targetTable":"#__categories","targetColumn":"id","displayColumn":"title"},{"sourceColumn":"created_by","targetTable":"#__users","targetColumn":"id","displayColumn":"name"},{"sourceColumn":"access","targetTable":"#__viewlevels","targetColumn":"id","displayColumn":"title"},{"sourceColumn":"modified_by","targetTable":"#__users","targetColumn":"id","displayColumn":"name"} ]}'),
(5, 'User', 'com_users.user', '{"special":{"dbtable":"#__users","key":"id","type":"User","prefix":"JTable","config":"array()"},"common":{"dbtable":"#__ucm_content","key":"ucm_id","type":"Corecontent","prefix":"JTable","config":"array()"}}', '', '{"common":{"core_content_item_id":"id","core_title":"name","core_state":"null","core_alias":"username","core_created_time":"registerdate","core_modified_time":"lastvisitDate","core_body":"null", "core_hits":"null","core_publish_up":"null","core_publish_down":"null","access":"null", "core_params":"params", "core_featured":"null", "core_metadata":"null", "core_language":"null", "core_images":"null", "core_urls":"null", "core_version":"null", "core_ordering":"null", "core_metakey":"null", "core_metadesc":"null", "core_catid":"null", "core_xreference":"null", "asset_id":"null"}, "special":{}}', 'UsersHelperRoute::getUserRoute', ''),
(6, 'Article Category', 'com_content.category', '{"special":{"dbtable":"#__categories","key":"id","type":"Category","prefix":"JTable","config":"array()"},"common":{"dbtable":"#__ucm_content","key":"ucm_id","type":"Corecontent","prefix":"JTable","config":"array()"}}', '', '{"common":{"core_content_item_id":"id","core_title":"title","core_state":"published","core_alias":"alias","core_created_time":"created_time","core_modified_time":"modified_time","core_body":"description", "core_hits":"hits","core_publish_up":"null","core_publish_down":"null","core_access":"access", "core_params":"params", "core_featured":"null", "core_metadata":"metadata", "core_language":"language", "core_images":"null", "core_urls":"null", "core_version":"version", "core_ordering":"null", "core_metakey":"metakey", "core_metadesc":"metadesc", "core_catid":"parent_id", "core_xreference":"null", "asset_id":"asset_id"}, "special":{"parent_id":"parent_id","lft":"lft","rgt":"rgt","level":"level","path":"path","extension":"extension","note":"note"}}', 'ContentHelperRoute::getCategoryRoute', '{"formFile":"administrator\\/components\\/com_categories\\/models\\/forms\\/category.xml", "hideFields":["asset_id","checked_out","checked_out_time","version","lft","rgt","level","path","extension"], "ignoreChanges":["modified_user_id", "modified_time", "checked_out", "checked_out_time", "version", "hits", "path"],"convertToInt":["publish_up", "publish_down"], "displayLookup":[{"sourceColumn":"created_user_id","targetTable":"#__users","targetColumn":"id","displayColumn":"name"},{"sourceColumn":"access","targetTable":"#__viewlevels","targetColumn":"id","displayColumn":"title"},{"sourceColumn":"modified_user_id","targetTable":"#__users","targetColumn":"id","displayColumn":"name"},{"sourceColumn":"parent_id","targetTable":"#__categories","targetColumn":"id","displayColumn":"title"}]}'),
(7, 'Contact Category', 'com_contact.category', '{"special":{"dbtable":"#__categories","key":"id","type":"Category","prefix":"JTable","config":"array()"},"common":{"dbtable":"#__ucm_content","key":"ucm_id","type":"Corecontent","prefix":"JTable","config":"array()"}}', '', '{"common":{"core_content_item_id":"id","core_title":"title","core_state":"published","core_alias":"alias","core_created_time":"created_time","core_modified_time":"modified_time","core_body":"description", "core_hits":"hits","core_publish_up":"null","core_publish_down":"null","core_access":"access", "core_params":"params", "core_featured":"null", "core_metadata":"metadata", "core_language":"language", "core_images":"null", "core_urls":"null", "core_version":"version", "core_ordering":"null", "core_metakey":"metakey", "core_metadesc":"metadesc", "core_catid":"parent_id", "core_xreference":"null", "asset_id":"asset_id"}, "special":{"parent_id":"parent_id","lft":"lft","rgt":"rgt","level":"level","path":"path","extension":"extension","note":"note"}}', 'ContactHelperRoute::getCategoryRoute', '{"formFile":"administrator\\/components\\/com_categories\\/models\\/forms\\/category.xml", "hideFields":["asset_id","checked_out","checked_out_time","version","lft","rgt","level","path","extension"], "ignoreChanges":["modified_user_id", "modified_time", "checked_out", "checked_out_time", "version", "hits", "path"],"convertToInt":["publish_up", "publish_down"], "displayLookup":[{"sourceColumn":"created_user_id","targetTable":"#__users","targetColumn":"id","displayColumn":"name"},{"sourceColumn":"access","targetTable":"#__viewlevels","targetColumn":"id","displayColumn":"title"},{"sourceColumn":"modified_user_id","targetTable":"#__users","targetColumn":"id","displayColumn":"name"},{"sourceColumn":"parent_id","targetTable":"#__categories","targetColumn":"id","displayColumn":"title"}]}'),
(8, 'Newsfeeds Category', 'com_newsfeeds.category', '{"special":{"dbtable":"#__categories","key":"id","type":"Category","prefix":"JTable","config":"array()"},"common":{"dbtable":"#__ucm_content","key":"ucm_id","type":"Corecontent","prefix":"JTable","config":"array()"}}', '', '{"common":{"core_content_item_id":"id","core_title":"title","core_state":"published","core_alias":"alias","core_created_time":"created_time","core_modified_time":"modified_time","core_body":"description", "core_hits":"hits","core_publish_up":"null","core_publish_down":"null","core_access":"access", "core_params":"params", "core_featured":"null", "core_metadata":"metadata", "core_language":"language", "core_images":"null", "core_urls":"null", "core_version":"version", "core_ordering":"null", "core_metakey":"metakey", "core_metadesc":"metadesc", "core_catid":"parent_id", "core_xreference":"null", "asset_id":"asset_id"}, "special":{"parent_id":"parent_id","lft":"lft","rgt":"rgt","level":"level","path":"path","extension":"extension","note":"note"}}', 'NewsfeedsHelperRoute::getCategoryRoute', '{"formFile":"administrator\\/components\\/com_categories\\/models\\/forms\\/category.xml", "hideFields":["asset_id","checked_out","checked_out_time","version","lft","rgt","level","path","extension"], "ignoreChanges":["modified_user_id", "modified_time", "checked_out", "checked_out_time", "version", "hits", "path"],"convertToInt":["publish_up", "publish_down"], "displayLookup":[{"sourceColumn":"created_user_id","targetTable":"#__users","targetColumn":"id","displayColumn":"name"},{"sourceColumn":"access","targetTable":"#__viewlevels","targetColumn":"id","displayColumn":"title"},{"sourceColumn":"modified_user_id","targetTable":"#__users","targetColumn":"id","displayColumn":"name"},{"sourceColumn":"parent_id","targetTable":"#__categories","targetColumn":"id","displayColumn":"title"}]}'),
(9, 'Weblinks Category', 'com_weblinks.category', '{"special":{"dbtable":"#__categories","key":"id","type":"Category","prefix":"JTable","config":"array()"},"common":{"dbtable":"#__ucm_content","key":"ucm_id","type":"Corecontent","prefix":"JTable","config":"array()"}}', '', '{"common":{"core_content_item_id":"id","core_title":"title","core_state":"published","core_alias":"alias","core_created_time":"created_time","core_modified_time":"modified_time","core_body":"description", "core_hits":"hits","core_publish_up":"null","core_publish_down":"null","core_access":"access", "core_params":"params", "core_featured":"null", "core_metadata":"metadata", "core_language":"language", "core_images":"null", "core_urls":"null", "core_version":"version", "core_ordering":"null", "core_metakey":"metakey", "core_metadesc":"metadesc", "core_catid":"parent_id", "core_xreference":"null", "asset_id":"asset_id"}, "special":{"parent_id":"parent_id","lft":"lft","rgt":"rgt","level":"level","path":"path","extension":"extension","note":"note"}}', 'WeblinksHelperRoute::getCategoryRoute', '{"formFile":"administrator\\/components\\/com_categories\\/models\\/forms\\/category.xml", "hideFields":["asset_id","checked_out","checked_out_time","version","lft","rgt","level","path","extension"], "ignoreChanges":["modified_user_id", "modified_time", "checked_out", "checked_out_time", "version", "hits", "path"],"convertToInt":["publish_up", "publish_down"], "displayLookup":[{"sourceColumn":"created_user_id","targetTable":"#__users","targetColumn":"id","displayColumn":"name"},{"sourceColumn":"access","targetTable":"#__viewlevels","targetColumn":"id","displayColumn":"title"},{"sourceColumn":"modified_user_id","targetTable":"#__users","targetColumn":"id","displayColumn":"name"},{"sourceColumn":"parent_id","targetTable":"#__categories","targetColumn":"id","displayColumn":"title"}]}'),
(10, 'Tag', 'com_tags.tag', '{"special":{"dbtable":"#__tags","key":"tag_id","type":"Tag","prefix":"TagsTable","config":"array()"},"common":{"dbtable":"#__ucm_content","key":"ucm_id","type":"Corecontent","prefix":"JTable","config":"array()"}}', '', '{"common":{"core_content_item_id":"id","core_title":"title","core_state":"published","core_alias":"alias","core_created_time":"created_time","core_modified_time":"modified_time","core_body":"description", "core_hits":"hits","core_publish_up":"null","core_publish_down":"null","core_access":"access", "core_params":"params", "core_featured":"featured", "core_metadata":"metadata", "core_language":"language", "core_images":"images", "core_urls":"urls", "core_version":"version", "core_ordering":"null", "core_metakey":"metakey", "core_metadesc":"metadesc", "core_catid":"null", "core_xreference":"null", "asset_id":"null"}, "special":{"parent_id":"parent_id","lft":"lft","rgt":"rgt","level":"level","path":"path"}}', 'TagsHelperRoute::getTagRoute', '{"formFile":"administrator\\/components\\/com_tags\\/models\\/forms\\/tag.xml", "hideFields":["checked_out","checked_out_time","version", "lft", "rgt", "level", "path", "urls", "publish_up", "publish_down"],"ignoreChanges":["modified_user_id", "modified_time", "checked_out", "checked_out_time", "version", "hits", "path"],"convertToInt":["publish_up", "publish_down"], "displayLookup":[{"sourceColumn":"created_user_id","targetTable":"#__users","targetColumn":"id","displayColumn":"name"}, {"sourceColumn":"access","targetTable":"#__viewlevels","targetColumn":"id","displayColumn":"title"}, {"sourceColumn":"modified_user_id","targetTable":"#__users","targetColumn":"id","displayColumn":"name"}]}'),
(11, 'Banner', 'com_banners.banner', '{"special":{"dbtable":"#__banners","key":"id","type":"Banner","prefix":"BannersTable","config":"array()"},"common":{"dbtable":"#__ucm_content","key":"ucm_id","type":"Corecontent","prefix":"JTable","config":"array()"}}', '', '{"common":{"core_content_item_id":"id","core_title":"name","core_state":"published","core_alias":"alias","core_created_time":"created","core_modified_time":"modified","core_body":"description", "core_hits":"null","core_publish_up":"publish_up","core_publish_down":"publish_down","core_access":"access", "core_params":"params", "core_featured":"null", "core_metadata":"metadata", "core_language":"language", "core_images":"images", "core_urls":"link", "core_version":"version", "core_ordering":"ordering", "core_metakey":"metakey", "core_metadesc":"metadesc", "core_catid":"catid", "core_xreference":"null", "asset_id":"null"}, "special":{"imptotal":"imptotal", "impmade":"impmade", "clicks":"clicks", "clickurl":"clickurl", "custombannercode":"custombannercode", "cid":"cid", "purchase_type":"purchase_type", "track_impressions":"track_impressions", "track_clicks":"track_clicks"}}', '', '{"formFile":"administrator\\/components\\/com_banners\\/models\\/forms\\/banner.xml", "hideFields":["checked_out","checked_out_time","version", "reset"],"ignoreChanges":["modified_by", "modified", "checked_out", "checked_out_time", "version", "imptotal", "impmade", "reset"], "convertToInt":["publish_up", "publish_down", "ordering"], "displayLookup":[{"sourceColumn":"catid","targetTable":"#__categories","targetColumn":"id","displayColumn":"title"}, {"sourceColumn":"cid","targetTable":"#__banner_clients","targetColumn":"id","displayColumn":"name"}, {"sourceColumn":"created_by","targetTable":"#__users","targetColumn":"id","displayColumn":"name"},{"sourceColumn":"modified_by","targetTable":"#__users","targetColumn":"id","displayColumn":"name"} ]}'),
(12, 'Banners Category', 'com_banners.category', '{"special":{"dbtable":"#__categories","key":"id","type":"Category","prefix":"JTable","config":"array()"},"common":{"dbtable":"#__ucm_content","key":"ucm_id","type":"Corecontent","prefix":"JTable","config":"array()"}}', '', '{"common":{"core_content_item_id":"id","core_title":"title","core_state":"published","core_alias":"alias","core_created_time":"created_time","core_modified_time":"modified_time","core_body":"description", "core_hits":"hits","core_publish_up":"null","core_publish_down":"null","core_access":"access", "core_params":"params", "core_featured":"null", "core_metadata":"metadata", "core_language":"language", "core_images":"null", "core_urls":"null", "core_version":"version", "core_ordering":"null", "core_metakey":"metakey", "core_metadesc":"metadesc", "core_catid":"parent_id", "core_xreference":"null", "asset_id":"asset_id"}, "special": {"parent_id":"parent_id","lft":"lft","rgt":"rgt","level":"level","path":"path","extension":"extension","note":"note"}}', '', '{"formFile":"administrator\\/components\\/com_categories\\/models\\/forms\\/category.xml", "hideFields":["asset_id","checked_out","checked_out_time","version","lft","rgt","level","path","extension"], "ignoreChanges":["modified_user_id", "modified_time", "checked_out", "checked_out_time", "version", "hits", "path"], "convertToInt":["publish_up", "publish_down"], "displayLookup":[{"sourceColumn":"created_user_id","targetTable":"#__users","targetColumn":"id","displayColumn":"name"},{"sourceColumn":"access","targetTable":"#__viewlevels","targetColumn":"id","displayColumn":"title"},{"sourceColumn":"modified_user_id","targetTable":"#__users","targetColumn":"id","displayColumn":"name"},{"sourceColumn":"parent_id","targetTable":"#__categories","targetColumn":"id","displayColumn":"title"}]}'),
(13, 'Banner Client', 'com_banners.client', '{"special":{"dbtable":"#__banner_clients","key":"id","type":"Client","prefix":"BannersTable"}}', '', '', '', '{"formFile":"administrator\\/components\\/com_banners\\/models\\/forms\\/client.xml", "hideFields":["checked_out","checked_out_time"], "ignoreChanges":["checked_out", "checked_out_time"], "convertToInt":[], "displayLookup":[]}'),
(14, 'User Notes', 'com_users.note', '{"special":{"dbtable":"#__user_notes","key":"id","type":"Note","prefix":"UsersTable"}}', '', '', '', '{"formFile":"administrator\\/components\\/com_users\\/models\\/forms\\/note.xml", "hideFields":["checked_out","checked_out_time", "publish_up", "publish_down"],"ignoreChanges":["modified_user_id", "modified_time", "checked_out", "checked_out_time"], "convertToInt":["publish_up", "publish_down"],"displayLookup":[{"sourceColumn":"catid","targetTable":"#__categories","targetColumn":"id","displayColumn":"title"}, {"sourceColumn":"created_user_id","targetTable":"#__users","targetColumn":"id","displayColumn":"name"}, {"sourceColumn":"user_id","targetTable":"#__users","targetColumn":"id","displayColumn":"name"}, {"sourceColumn":"modified_user_id","targetTable":"#__users","targetColumn":"id","displayColumn":"name"}]}'),
(15, 'User Notes Category', 'com_users.category', '{"special":{"dbtable":"#__categories","key":"id","type":"Category","prefix":"JTable","config":"array()"},"common":{"dbtable":"#__ucm_content","key":"ucm_id","type":"Corecontent","prefix":"JTable","config":"array()"}}', '', '{"common":{"core_content_item_id":"id","core_title":"title","core_state":"published","core_alias":"alias","core_created_time":"created_time","core_modified_time":"modified_time","core_body":"description", "core_hits":"hits","core_publish_up":"null","core_publish_down":"null","core_access":"access", "core_params":"params", "core_featured":"null", "core_metadata":"metadata", "core_language":"language", "core_images":"null", "core_urls":"null", "core_version":"version", "core_ordering":"null", "core_metakey":"metakey", "core_metadesc":"metadesc", "core_catid":"parent_id", "core_xreference":"null", "asset_id":"asset_id"}, "special":{"parent_id":"parent_id","lft":"lft","rgt":"rgt","level":"level","path":"path","extension":"extension","note":"note"}}', '', '{"formFile":"administrator\\/components\\/com_categories\\/models\\/forms\\/category.xml", "hideFields":["checked_out","checked_out_time","version","lft","rgt","level","path","extension"], "ignoreChanges":["modified_user_id", "modified_time", "checked_out", "checked_out_time", "version", "hits", "path"], "convertToInt":["publish_up", "publish_down"], "displayLookup":[{"sourceColumn":"created_user_id","targetTable":"#__users","targetColumn":"id","displayColumn":"name"}, {"sourceColumn":"access","targetTable":"#__viewlevels","targetColumn":"id","displayColumn":"title"},{"sourceColumn":"modified_user_id","targetTable":"#__users","targetColumn":"id","displayColumn":"name"},{"sourceColumn":"parent_id","targetTable":"#__categories","targetColumn":"id","displayColumn":"title"}]}');

CREATE TABLE IF NOT EXISTS `jos_core_log_searches` (
  `search_term` varchar(128) COLLATE utf8mb4_unicode_ci NOT NULL DEFAULT '',
  `hits` int(10) unsigned NOT NULL DEFAULT '0'
) ENGINE=InnoDB DEFAULT CHARSET=utf8mb4 COLLATE=utf8mb4_unicode_ci;

CREATE TABLE IF NOT EXISTS `jos_extensions` (
  `extension_id` int(11) NOT NULL AUTO_INCREMENT,
  `package_id` int(11) NOT NULL DEFAULT '0' COMMENT 'Parent package ID for extensions installed as a package.',
  `name` varchar(100) COLLATE utf8mb4_unicode_ci NOT NULL,
  `type` varchar(20) COLLATE utf8mb4_unicode_ci NOT NULL,
  `element` varchar(100) COLLATE utf8mb4_unicode_ci NOT NULL,
  `folder` varchar(100) COLLATE utf8mb4_unicode_ci NOT NULL,
  `client_id` tinyint(3) NOT NULL,
  `enabled` tinyint(3) NOT NULL DEFAULT '0',
  `access` int(10) unsigned NOT NULL DEFAULT '1',
  `protected` tinyint(3) NOT NULL DEFAULT '0',
  `manifest_cache` mediumtext COLLATE utf8mb4_unicode_ci NOT NULL,
  `params` mediumtext COLLATE utf8mb4_unicode_ci NOT NULL,
  `custom_data` mediumtext COLLATE utf8mb4_unicode_ci NOT NULL,
  `system_data` mediumtext COLLATE utf8mb4_unicode_ci NOT NULL,
  `checked_out` int(10) unsigned NOT NULL DEFAULT '0',
  `checked_out_time` datetime NOT NULL DEFAULT '0000-00-00 00:00:00',
  `ordering` int(11) DEFAULT '0',
  `state` int(11) DEFAULT '0',
  PRIMARY KEY (`extension_id`),
  KEY `element_clientid` (`element`,`client_id`),
  KEY `element_folder_clientid` (`element`,`folder`,`client_id`),
  KEY `extension` (`type`,`element`,`folder`,`client_id`)
) ENGINE=InnoDB  DEFAULT CHARSET=utf8mb4 COLLATE=utf8mb4_unicode_ci AUTO_INCREMENT=10164 ;


INSERT INTO `jos_extensions` (`extension_id`, `package_id`, `name`, `type`, `element`, `folder`, `client_id`, `enabled`, `access`, `protected`, `manifest_cache`, `params`, `custom_data`, `system_data`, `checked_out`, `checked_out_time`, `ordering`, `state`) VALUES
(407, 0, 'plg_content_pagebreak', 'plugin', 'pagebreak', 'content', 0, 1, 1, 0, '{"name":"plg_content_pagebreak","type":"plugin","creationDate":"November 2005","author":"Joomla! Project","copyright":"Copyright (C) 2005 - 2019 Open Source Matters. All rights reserved.","authorEmail":"admin@joomla.org","authorUrl":"www.joomla.org","version":"3.0.0","description":"PLG_CONTENT_PAGEBREAK_XML_DESCRIPTION","group":"","filename":"pagebreak"}', '{"title":"1","multipage_toc":"1","showall":"1"}', '', '', 0, '0000-00-00 00:00:00', 9, 0),
(408, 0, 'plg_content_pagenavigation', 'plugin', 'pagenavigation', 'content', 0, 1, 1, 0, '{"name":"plg_content_pagenavigation","type":"plugin","creationDate":"January 2006","author":"Joomla! Project","copyright":"Copyright (C) 2005 - 2019 Open Source Matters. All rights reserved.","authorEmail":"admin@joomla.org","authorUrl":"www.joomla.org","version":"3.0.0","description":"PLG_PAGENAVIGATION_XML_DESCRIPTION","group":"","filename":"pagenavigation"}', '{"position":"1"}', '', '', 0, '0000-00-00 00:00:00', 10, 0),
(409, 0, 'plg_content_vote', 'plugin', 'vote', 'content', 0, 1, 1, 0, '{"name":"plg_content_vote","type":"plugin","creationDate":"November 2005","author":"Joomla! Project","copyright":"Copyright (C) 2005 - 2019 Open Source Matters. All rights reserved.","authorEmail":"admin@joomla.org","authorUrl":"www.joomla.org","version":"3.0.0","description":"PLG_VOTE_XML_DESCRIPTION","group":"","filename":"vote"}', '', '', '', 0, '0000-00-00 00:00:00', 11, 0),
(410, 0, 'plg_editors_codemirror', 'plugin', 'codemirror', 'editors', 0, 1, 1, 1, '{"name":"plg_editors_codemirror","type":"plugin","creationDate":"28 March 2011","author":"Marijn Haverbeke","copyright":"Copyright (C) 2014 - 2017 by Marijn Haverbeke <marijnh@gmail.com> and others","authorEmail":"marijnh@gmail.com","authorUrl":"http:\\/\\/codemirror.net\\/","version":"5.40.0","description":"PLG_CODEMIRROR_XML_DESCRIPTION","group":"","filename":"codemirror"}', '{"lineNumbers":"1","lineWrapping":"1","matchTags":"1","matchBrackets":"1","marker-gutter":"1","autoCloseTags":"1","autoCloseBrackets":"1","autoFocus":"1","theme":"default","tabmode":"indent"}', '', '', 0, '0000-00-00 00:00:00', 1, 0),
(411, 0, 'plg_editors_none', 'plugin', 'none', 'editors', 0, 1, 1, 1, '{"name":"plg_editors_none","type":"plugin","creationDate":"September 2005","author":"Joomla! Project","copyright":"Copyright (C) 2005 - 2019 Open Source Matters. All rights reserved.","authorEmail":"admin@joomla.org","authorUrl":"www.joomla.org","version":"3.0.0","description":"PLG_NONE_XML_DESCRIPTION","group":"","filename":"none"}', '', '', '', 0, '0000-00-00 00:00:00', 2, 0),
(412, 0, 'plg_editors_tinymce', 'plugin', 'tinymce', 'editors', 0, 1, 1, 0, '{"name":"plg_editors_tinymce","type":"plugin","creationDate":"2005-2018","author":"Ephox Corporation","copyright":"Ephox Corporation","authorEmail":"N\\/A","authorUrl":"http:\\/\\/www.tinymce.com","version":"4.5.9","description":"PLG_TINY_XML_DESCRIPTION","group":"","filename":"tinymce"}', '{"mode":"1","skin":"0","mobile":"0","entity_encoding":"raw","lang_mode":"1","text_direction":"ltr","content_css":"1","content_css_custom":"","relative_urls":"1","newlines":"0","invalid_elements":"script,applet,iframe","extended_elements":"","html_height":"550","html_width":"750","resizing":"1","element_path":"1","fonts":"1","paste":"1","searchreplace":"1","insertdate":"1","colors":"1","table":"1","smilies":"1","hr":"1","link":"1","media":"1","print":"1","directionality":"1","fullscreen":"1","alignment":"1","visualchars":"1","visualblocks":"1","nonbreaking":"1","template":"1","blockquote":"1","wordcount":"1","advlist":"1","autosave":"1","contextmenu":"1","inlinepopups":"1","custom_plugin":"","custom_button":""}', '', '', 0, '0000-00-00 00:00:00', 3, 0),
(413, 0, 'plg_editors-xtd_article', 'plugin', 'article', 'editors-xtd', 0, 1, 1, 1, '{"name":"plg_editors-xtd_article","type":"plugin","creationDate":"October 2009","author":"Joomla! Project","copyright":"Copyright (C) 2005 - 2019 Open Source Matters. All rights reserved.","authorEmail":"admin@joomla.org","authorUrl":"www.joomla.org","version":"3.0.0","description":"PLG_ARTICLE_XML_DESCRIPTION","group":"","filename":"article"}', '', '', '', 0, '0000-00-00 00:00:00', 1, 0),
(414, 0, 'plg_editors-xtd_image', 'plugin', 'image', 'editors-xtd', 0, 1, 1, 0, '{"name":"plg_editors-xtd_image","type":"plugin","creationDate":"August 2004","author":"Joomla! Project","copyright":"Copyright (C) 2005 - 2019 Open Source Matters. All rights reserved.","authorEmail":"admin@joomla.org","authorUrl":"www.joomla.org","version":"3.0.0","description":"PLG_IMAGE_XML_DESCRIPTION","group":"","filename":"image"}', '', '', '', 0, '0000-00-00 00:00:00', 2, 0),
(415, 0, 'plg_editors-xtd_pagebreak', 'plugin', 'pagebreak', 'editors-xtd', 0, 1, 1, 0, '{"name":"plg_editors-xtd_pagebreak","type":"plugin","creationDate":"August 2004","author":"Joomla! Project","copyright":"Copyright (C) 2005 - 2019 Open Source Matters. All rights reserved.","authorEmail":"admin@joomla.org","authorUrl":"www.joomla.org","version":"3.0.0","description":"PLG_EDITORSXTD_PAGEBREAK_XML_DESCRIPTION","group":"","filename":"pagebreak"}', '', '', '', 0, '0000-00-00 00:00:00', 3, 0),
(416, 0, 'plg_editors-xtd_readmore', 'plugin', 'readmore', 'editors-xtd', 0, 1, 1, 0, '{"name":"plg_editors-xtd_readmore","type":"plugin","creationDate":"March 2006","author":"Joomla! Project","copyright":"Copyright (C) 2005 - 2019 Open Source Matters. All rights reserved.","authorEmail":"admin@joomla.org","authorUrl":"www.joomla.org","version":"3.0.0","description":"PLG_READMORE_XML_DESCRIPTION","group":"","filename":"readmore"}', '', '', '', 0, '0000-00-00 00:00:00', 4, 0),
(417, 0, 'plg_search_categories', 'plugin', 'categories', 'search', 0, 1, 1, 0, '{"name":"plg_search_categories","type":"plugin","creationDate":"November 2005","author":"Joomla! Project","copyright":"Copyright (C) 2005 - 2019 Open Source Matters. All rights reserved.","authorEmail":"admin@joomla.org","authorUrl":"www.joomla.org","version":"3.0.0","description":"PLG_SEARCH_CATEGORIES_XML_DESCRIPTION","group":"","filename":"categories"}', '{"search_limit":"50","search_content":"1","search_archived":"1"}', '', '', 0, '0000-00-00 00:00:00', 0, 0),
(418, 0, 'plg_search_contacts', 'plugin', 'contacts', 'search', 0, 1, 1, 0, '{"name":"plg_search_contacts","type":"plugin","creationDate":"November 2005","author":"Joomla! Project","copyright":"Copyright (C) 2005 - 2019 Open Source Matters. All rights reserved.","authorEmail":"admin@joomla.org","authorUrl":"www.joomla.org","version":"3.0.0","description":"PLG_SEARCH_CONTACTS_XML_DESCRIPTION","group":"","filename":"contacts"}', '{"search_limit":"50","search_content":"1","search_archived":"1"}', '', '', 0, '0000-00-00 00:00:00', 0, 0),
(419, 0, 'plg_search_content', 'plugin', 'content', 'search', 0, 1, 1, 0, '{"name":"plg_search_content","type":"plugin","creationDate":"November 2005","author":"Joomla! Project","copyright":"Copyright (C) 2005 - 2019 Open Source Matters. All rights reserved.","authorEmail":"admin@joomla.org","authorUrl":"www.joomla.org","version":"3.0.0","description":"PLG_SEARCH_CONTENT_XML_DESCRIPTION","group":"","filename":"content"}', '{"search_limit":"50","search_content":"1","search_archived":"1"}', '', '', 0, '0000-00-00 00:00:00', 0, 0),
(420, 0, 'plg_search_newsfeeds', 'plugin', 'newsfeeds', 'search', 0, 1, 1, 0, '{"name":"plg_search_newsfeeds","type":"plugin","creationDate":"November 2005","author":"Joomla! Project","copyright":"Copyright (C) 2005 - 2019 Open Source Matters. All rights reserved.","authorEmail":"admin@joomla.org","authorUrl":"www.joomla.org","version":"3.0.0","description":"PLG_SEARCH_NEWSFEEDS_XML_DESCRIPTION","group":"","filename":"newsfeeds"}', '{"search_limit":"50","search_content":"1","search_archived":"1"}', '', '', 0, '0000-00-00 00:00:00', 0, 0),
(421, 0, 'plg_search_weblinks', 'plugin', 'weblinks', 'search', 0, 1, 1, 0, '{"name":"plg_search_weblinks","type":"plugin","creationDate":"November 2005","author":"Joomla! Project","copyright":"Copyright (C) 2005 - 2014 Open Source Matters. All rights reserved.","authorEmail":"admin@joomla.org","authorUrl":"www.joomla.org","version":"3.0.0","description":"PLG_SEARCH_WEBLINKS_XML_DESCRIPTION","group":""}', '{"search_limit":"50","search_content":"1","search_archived":"1"}', '', '', 0, '0000-00-00 00:00:00', 0, 0),
(422, 0, 'plg_system_languagefilter', 'plugin', 'languagefilter', 'system', 0, 0, 1, 1, '{"name":"plg_system_languagefilter","type":"plugin","creationDate":"July 2010","author":"Joomla! Project","copyright":"Copyright (C) 2005 - 2019 Open Source Matters. All rights reserved.","authorEmail":"admin@joomla.org","authorUrl":"www.joomla.org","version":"3.0.0","description":"PLG_SYSTEM_LANGUAGEFILTER_XML_DESCRIPTION","group":"","filename":"languagefilter"}', '', '', '', 0, '0000-00-00 00:00:00', 10, 0),
(423, 0, 'plg_system_p3p', 'plugin', 'p3p', 'system', 0, 1, 1, 0, '{"name":"plg_system_p3p","type":"plugin","creationDate":"September 2010","author":"Joomla! Project","copyright":"Copyright (C) 2005 - 2019 Open Source Matters. All rights reserved.","authorEmail":"admin@joomla.org","authorUrl":"www.joomla.org","version":"3.0.0","description":"PLG_P3P_XML_DESCRIPTION","group":"","filename":"p3p"}', '{"headers":"NOI ADM DEV PSAi COM NAV OUR OTRo STP IND DEM"}', '', '', 0, '0000-00-00 00:00:00', 11, 0),
(424, 0, 'plg_system_cache', 'plugin', 'cache', 'system', 0, 0, 1, 1, '{"name":"plg_system_cache","type":"plugin","creationDate":"February 2007","author":"Joomla! Project","copyright":"Copyright (C) 2005 - 2019 Open Source Matters. All rights reserved.","authorEmail":"admin@joomla.org","authorUrl":"www.joomla.org","version":"3.0.0","description":"PLG_CACHE_XML_DESCRIPTION","group":"","filename":"cache"}', '{"browsercache":"0","cachetime":"15"}', '', '', 0, '0000-00-00 00:00:00', 21, 0),
(425, 0, 'plg_system_debug', 'plugin', 'debug', 'system', 0, 1, 1, 0, '{"name":"plg_system_debug","type":"plugin","creationDate":"December 2006","author":"Joomla! Project","copyright":"Copyright (C) 2005 - 2019 Open Source Matters. All rights reserved.","authorEmail":"admin@joomla.org","authorUrl":"www.joomla.org","version":"3.0.0","description":"PLG_DEBUG_XML_DESCRIPTION","group":"","filename":"debug"}', '{"profile":"1","queries":"1","memory":"1","language_files":"1","language_strings":"1","strip-first":"1","strip-prefix":"","strip-suffix":""}', '', '', 0, '0000-00-00 00:00:00', 13, 0),
(426, 0, 'plg_system_log', 'plugin', 'log', 'system', 0, 1, 1, 1, '{"name":"plg_system_log","type":"plugin","creationDate":"April 2007","author":"Joomla! Project","copyright":"Copyright (C) 2005 - 2019 Open Source Matters. All rights reserved.","authorEmail":"admin@joomla.org","authorUrl":"www.joomla.org","version":"3.0.0","description":"PLG_LOG_XML_DESCRIPTION","group":"","filename":"log"}', '', '', '', 0, '0000-00-00 00:00:00', 14, 0),
(427, 0, 'plg_system_redirect', 'plugin', 'redirect', 'system', 0, 0, 1, 1, '{"name":"plg_system_redirect","type":"plugin","creationDate":"April 2009","author":"Joomla! Project","copyright":"Copyright (C) 2005 - 2019 Open Source Matters. All rights reserved.","authorEmail":"admin@joomla.org","authorUrl":"www.joomla.org","version":"3.0.0","description":"PLG_SYSTEM_REDIRECT_XML_DESCRIPTION","group":"","filename":"redirect"}', '', '', '', 0, '0000-00-00 00:00:00', 15, 0),
(428, 0, 'plg_system_remember', 'plugin', 'remember', 'system', 0, 1, 1, 1, '{"name":"plg_system_remember","type":"plugin","creationDate":"April 2007","author":"Joomla! Project","copyright":"Copyright (C) 2005 - 2019 Open Source Matters. All rights reserved.","authorEmail":"admin@joomla.org","authorUrl":"www.joomla.org","version":"3.0.0","description":"PLG_REMEMBER_XML_DESCRIPTION","group":"","filename":"remember"}', '', '', '', 0, '0000-00-00 00:00:00', 17, 0),
(429, 0, 'plg_system_sef', 'plugin', 'sef', 'system', 0, 1, 1, 0, '{"name":"plg_system_sef","type":"plugin","creationDate":"December 2007","author":"Joomla! Project","copyright":"Copyright (C) 2005 - 2019 Open Source Matters. All rights reserved.","authorEmail":"admin@joomla.org","authorUrl":"www.joomla.org","version":"3.0.0","description":"PLG_SEF_XML_DESCRIPTION","group":"","filename":"sef"}', '', '', '', 0, '0000-00-00 00:00:00', 18, 0),
(430, 0, 'plg_system_logout', 'plugin', 'logout', 'system', 0, 1, 1, 1, '{"name":"plg_system_logout","type":"plugin","creationDate":"April 2009","author":"Joomla! Project","copyright":"Copyright (C) 2005 - 2019 Open Source Matters. All rights reserved.","authorEmail":"admin@joomla.org","authorUrl":"www.joomla.org","version":"3.0.0","description":"PLG_SYSTEM_LOGOUT_XML_DESCRIPTION","group":"","filename":"logout"}', '', '', '', 0, '0000-00-00 00:00:00', 12, 0),
(431, 0, 'plg_user_contactcreator', 'plugin', 'contactcreator', 'user', 0, 0, 1, 0, '{"name":"plg_user_contactcreator","type":"plugin","creationDate":"August 2009","author":"Joomla! Project","copyright":"(C) 2005 - 2019 Open Source Matters. All rights reserved.","authorEmail":"admin@joomla.org","authorUrl":"www.joomla.org","version":"3.0.0","description":"PLG_CONTACTCREATOR_XML_DESCRIPTION","group":"","filename":"contactcreator"}', '{"autowebpage":"","category":"34","autopublish":"0"}', '', '', 0, '0000-00-00 00:00:00', 1, 0),
(432, 0, 'plg_user_joomla', 'plugin', 'joomla', 'user', 0, 1, 1, 0, '{"name":"plg_user_joomla","type":"plugin","creationDate":"December 2006","author":"Joomla! Project","copyright":"(C) 2005 - 2019 Open Source Matters. All rights reserved.","authorEmail":"admin@joomla.org","authorUrl":"www.joomla.org","version":"3.0.0","description":"PLG_USER_JOOMLA_XML_DESCRIPTION","group":"","filename":"joomla"}', '{"strong_passwords":"1","autoregister":"1"}', '', '', 0, '0000-00-00 00:00:00', 2, 0),
(433, 0, 'plg_user_profile', 'plugin', 'profile', 'user', 0, 1, 1, 0, '{"name":"plg_user_profile","type":"plugin","creationDate":"January 2008","author":"Joomla! Project","copyright":"(C) 2005 - 2019 Open Source Matters. All rights reserved.","authorEmail":"admin@joomla.org","authorUrl":"www.joomla.org","version":"3.0.0","description":"PLG_USER_PROFILE_XML_DESCRIPTION","group":"","filename":"profile"}', '{"register-require_address1":"1","register-require_address2":"1","register-require_city":"1","register-require_region":"1","register-require_country":"1","register-require_postal_code":"1","register-require_phone":"1","register-require_website":"1","register-require_favoritebook":"1","register-require_aboutme":"1","register-require_tos":"1","register-require_dob":"1","profile-require_address1":"1","profile-require_address2":"1","profile-require_city":"1","profile-require_region":"1","profile-require_country":"1","profile-require_postal_code":"1","profile-require_phone":"1","profile-require_website":"1","profile-require_favoritebook":"1","profile-require_aboutme":"1","profile-require_tos":"1","profile-require_dob":"1"}', '', '', 0, '0000-00-00 00:00:00', 0, 0),
(434, 0, 'plg_extension_joomla', 'plugin', 'joomla', 'extension', 0, 1, 1, 1, '{"name":"plg_extension_joomla","type":"plugin","creationDate":"May 2010","author":"Joomla! Project","copyright":"Copyright (C) 2005 - 2019 Open Source Matters. All rights reserved.","authorEmail":"admin@joomla.org","authorUrl":"www.joomla.org","version":"3.0.0","description":"PLG_EXTENSION_JOOMLA_XML_DESCRIPTION","group":"","filename":"joomla"}', '', '', '', 0, '0000-00-00 00:00:00', 1, 0),
(435, 0, 'plg_content_joomla', 'plugin', 'joomla', 'content', 0, 1, 1, 0, '{"name":"plg_content_joomla","type":"plugin","creationDate":"November 2010","author":"Joomla! Project","copyright":"Copyright (C) 2005 - 2019 Open Source Matters. All rights reserved.","authorEmail":"admin@joomla.org","authorUrl":"www.joomla.org","version":"3.0.0","description":"PLG_CONTENT_JOOMLA_XML_DESCRIPTION","group":"","filename":"joomla"}', '', '', '', 0, '0000-00-00 00:00:00', 6, 0),
(436, 0, 'plg_system_languagecode', 'plugin', 'languagecode', 'system', 0, 0, 1, 0, '{"name":"plg_system_languagecode","type":"plugin","creationDate":"November 2011","author":"Joomla! Project","copyright":"Copyright (C) 2005 - 2019 Open Source Matters. All rights reserved.","authorEmail":"admin@joomla.org","authorUrl":"www.joomla.org","version":"3.0.0","description":"PLG_SYSTEM_LANGUAGECODE_XML_DESCRIPTION","group":"","filename":"languagecode"}', '', '', '', 0, '0000-00-00 00:00:00', 20, 0),
(437, 0, 'plg_quickicon_joomlaupdate', 'plugin', 'joomlaupdate', 'quickicon', 0, 1, 1, 1, '{"name":"plg_quickicon_joomlaupdate","type":"plugin","creationDate":"August 2011","author":"Joomla! Project","copyright":"Copyright (C) 2005 - 2019 Open Source Matters. All rights reserved.","authorEmail":"admin@joomla.org","authorUrl":"www.joomla.org","version":"3.0.0","description":"PLG_QUICKICON_JOOMLAUPDATE_XML_DESCRIPTION","group":"","filename":"joomlaupdate"}', '', '', '', 0, '0000-00-00 00:00:00', 0, 0),
(438, 0, 'plg_quickicon_extensionupdate', 'plugin', 'extensionupdate', 'quickicon', 0, 1, 1, 1, '{"name":"plg_quickicon_extensionupdate","type":"plugin","creationDate":"August 2011","author":"Joomla! Project","copyright":"Copyright (C) 2005 - 2019 Open Source Matters. All rights reserved.","authorEmail":"admin@joomla.org","authorUrl":"www.joomla.org","version":"3.0.0","description":"PLG_QUICKICON_EXTENSIONUPDATE_XML_DESCRIPTION","group":"","filename":"extensionupdate"}', '', '', '', 0, '0000-00-00 00:00:00', 0, 0),
(439, 0, 'plg_captcha_recaptcha', 'plugin', 'recaptcha', 'captcha', 0, 0, 1, 0, '{"name":"plg_captcha_recaptcha","type":"plugin","creationDate":"December 2011","author":"Joomla! Project","copyright":"Copyright (C) 2005 - 2019 Open Source Matters. All rights reserved.","authorEmail":"admin@joomla.org","authorUrl":"www.joomla.org","version":"3.4.0","description":"PLG_CAPTCHA_RECAPTCHA_XML_DESCRIPTION","group":"","filename":"recaptcha"}', '{"version":"1.0","public_key":" ","private_key":" ","theme":"clean","theme2":"light","size":"normal"}', '', '', 0, '0000-00-00 00:00:00', 0, 0),
(440, 0, 'plg_system_highlight', 'plugin', 'highlight', 'system', 0, 1, 1, 0, '{"name":"plg_system_highlight","type":"plugin","creationDate":"August 2011","author":"Joomla! Project","copyright":"(C) 2005 - 2019 Open Source Matters. All rights reserved.","authorEmail":"admin@joomla.org","authorUrl":"www.joomla.org","version":"3.0.0","description":"PLG_SYSTEM_HIGHLIGHT_XML_DESCRIPTION","group":"","filename":"highlight"}', '', '', '', 0, '0000-00-00 00:00:00', 16, 0),
(441, 0, 'plg_content_finder', 'plugin', 'finder', 'content', 0, 1, 1, 0, '{"name":"plg_content_finder","type":"plugin","creationDate":"December 2011","author":"Joomla! Project","copyright":"Copyright (C) 2005 - 2019 Open Source Matters. All rights reserved.","authorEmail":"admin@joomla.org","authorUrl":"www.joomla.org","version":"3.0.0","description":"PLG_CONTENT_FINDER_XML_DESCRIPTION","group":"","filename":"finder"}', '', '', '', 0, '0000-00-00 00:00:00', 5, 0),
(442, 0, 'plg_finder_categories', 'plugin', 'categories', 'finder', 0, 1, 1, 0, '{"name":"plg_finder_categories","type":"plugin","creationDate":"August 2011","author":"Joomla! Project","copyright":"(C) 2005 - 2019 Open Source Matters. All rights reserved.","authorEmail":"admin@joomla.org","authorUrl":"www.joomla.org","version":"3.0.0","description":"PLG_FINDER_CATEGORIES_XML_DESCRIPTION","group":"","filename":"categories"}', '', '', '', 0, '0000-00-00 00:00:00', 1, 0),
(443, 0, 'plg_finder_contacts', 'plugin', 'contacts', 'finder', 0, 1, 1, 0, '{"name":"plg_finder_contacts","type":"plugin","creationDate":"August 2011","author":"Joomla! Project","copyright":"(C) 2005 - 2019 Open Source Matters. All rights reserved.","authorEmail":"admin@joomla.org","authorUrl":"www.joomla.org","version":"3.0.0","description":"PLG_FINDER_CONTACTS_XML_DESCRIPTION","group":"","filename":"contacts"}', '', '', '', 0, '0000-00-00 00:00:00', 2, 0),
(444, 0, 'plg_finder_content', 'plugin', 'content', 'finder', 0, 1, 1, 0, '{"name":"plg_finder_content","type":"plugin","creationDate":"August 2011","author":"Joomla! Project","copyright":"(C) 2005 - 2019 Open Source Matters. All rights reserved.","authorEmail":"admin@joomla.org","authorUrl":"www.joomla.org","version":"3.0.0","description":"PLG_FINDER_CONTENT_XML_DESCRIPTION","group":"","filename":"content"}', '', '', '', 0, '0000-00-00 00:00:00', 3, 0),
(445, 0, 'plg_finder_newsfeeds', 'plugin', 'newsfeeds', 'finder', 0, 1, 1, 0, '{"name":"plg_finder_newsfeeds","type":"plugin","creationDate":"August 2011","author":"Joomla! Project","copyright":"(C) 2005 - 2019 Open Source Matters. All rights reserved.","authorEmail":"admin@joomla.org","authorUrl":"www.joomla.org","version":"3.0.0","description":"PLG_FINDER_NEWSFEEDS_XML_DESCRIPTION","group":"","filename":"newsfeeds"}', '', '', '', 0, '0000-00-00 00:00:00', 4, 0),
(446, 0, 'plg_finder_weblinks', 'plugin', 'weblinks', 'finder', 0, 1, 1, 0, '{"name":"plg_finder_weblinks","type":"plugin","creationDate":"August 2011","author":"Joomla! Project","copyright":"(C) 2005 - 2014 Open Source Matters. All rights reserved.","authorEmail":"admin@joomla.org","authorUrl":"www.joomla.org","version":"3.0.0","description":"PLG_FINDER_WEBLINKS_XML_DESCRIPTION","group":""}', '', '', '', 0, '0000-00-00 00:00:00', 5, 0),
(447, 0, 'plg_finder_tags', 'plugin', 'tags', 'finder', 0, 1, 1, 0, '{"name":"plg_finder_tags","type":"plugin","creationDate":"February 2013","author":"Joomla! Project","copyright":"(C) 2005 - 2019 Open Source Matters. All rights reserved.","authorEmail":"admin@joomla.org","authorUrl":"www.joomla.org","version":"3.0.0","description":"PLG_FINDER_TAGS_XML_DESCRIPTION","group":"","filename":"tags"}', '', '', '', 0, '0000-00-00 00:00:00', 0, 0),
(448, 0, 'plg_twofactorauth_totp', 'plugin', 'totp', 'twofactorauth', 0, 0, 1, 0, '{"name":"plg_twofactorauth_totp","type":"plugin","creationDate":"August 2013","author":"Joomla! Project","copyright":"Copyright (C) 2005 - 2019 Open Source Matters. All rights reserved.","authorEmail":"admin@joomla.org","authorUrl":"www.joomla.org","version":"3.2.0","description":"PLG_TWOFACTORAUTH_TOTP_XML_DESCRIPTION","group":"","filename":"totp"}', '{"section":"3"}', '', '', 0, '0000-00-00 00:00:00', 0, 0),
(449, 0, 'plg_authentication_cookie', 'plugin', 'cookie', 'authentication', 0, 1, 1, 0, '{"name":"plg_authentication_cookie","type":"plugin","creationDate":"July 2013","author":"Joomla! Project","copyright":"Copyright (C) 2005 - 2019 Open Source Matters. All rights reserved.","authorEmail":"admin@joomla.org","authorUrl":"www.joomla.org","version":"3.0.0","description":"PLG_AUTH_COOKIE_XML_DESCRIPTION","group":"","filename":"cookie"}', '', '', '', 0, '0000-00-00 00:00:00', 0, 0),
(450, 0, 'plg_twofactorauth_yubikey', 'plugin', 'yubikey', 'twofactorauth', 0, 0, 1, 0, '{"name":"plg_twofactorauth_yubikey","type":"plugin","creationDate":"September 2013","author":"Joomla! Project","copyright":"Copyright (C) 2005 - 2019 Open Source Matters. All rights reserved.","authorEmail":"admin@joomla.org","authorUrl":"www.joomla.org","version":"3.2.0","description":"PLG_TWOFACTORAUTH_YUBIKEY_XML_DESCRIPTION","group":"","filename":"yubikey"}', '{"section":"3"}', '', '', 0, '0000-00-00 00:00:00', 0, 0),
(451, 0, 'plg_search_tags', 'plugin', 'tags', 'search', 0, 0, 1, 0, '{"name":"plg_search_tags","type":"plugin","creationDate":"March 2014","author":"Joomla! Project","copyright":"Copyright (C) 2005 - 2019 Open Source Matters. All rights reserved.","authorEmail":"admin@joomla.org","authorUrl":"www.joomla.org","version":"3.0.0","description":"PLG_SEARCH_TAGS_XML_DESCRIPTION","group":"","filename":"tags"}', '{"search_limit":"50","show_tagged_items":"1"}', '', '', 0, '0000-00-00 00:00:00', 0, 0),
(458, 0, 'plg_quickicon_phpversioncheck', 'plugin', 'phpversioncheck', 'quickicon', 0, 1, 1, 1, '{"name":"plg_quickicon_phpversioncheck","type":"plugin","creationDate":"August 2016","author":"Joomla! Project","copyright":"Copyright (C) 2005 - 2019 Open Source Matters. All rights reserved.","authorEmail":"admin@joomla.org","authorUrl":"www.joomla.org","version":"3.7.0","description":"PLG_QUICKICON_PHPVERSIONCHECK_XML_DESCRIPTION","group":"","filename":"phpversioncheck"}', '', '', '', 0, '0000-00-00 00:00:00', 0, 0),
(459, 0, 'plg_editors-xtd_menu', 'plugin', 'menu', 'editors-xtd', 0, 1, 1, 0, '{"name":"plg_editors-xtd_menu","type":"plugin","creationDate":"August 2016","author":"Joomla! Project","copyright":"Copyright (C) 2005 - 2019 Open Source Matters. All rights reserved.","authorEmail":"admin@joomla.org","authorUrl":"www.joomla.org","version":"3.7.0","description":"PLG_EDITORS-XTD_MENU_XML_DESCRIPTION","group":"","filename":"menu"}', '', '', '', 0, '0000-00-00 00:00:00', 0, 0),
(460, 0, 'plg_editors-xtd_contact', 'plugin', 'contact', 'editors-xtd', 0, 1, 1, 0, '{"name":"plg_editors-xtd_contact","type":"plugin","creationDate":"October 2016","author":"Joomla! Project","copyright":"Copyright (C) 2005 - 2019 Open Source Matters. All rights reserved.","authorEmail":"admin@joomla.org","authorUrl":"www.joomla.org","version":"3.7.0","description":"PLG_EDITORS-XTD_CONTACT_XML_DESCRIPTION","group":"","filename":"contact"}', '', '', '', 0, '0000-00-00 00:00:00', 0, 0),
(461, 0, 'plg_system_fields', 'plugin', 'fields', 'system', 0, 1, 1, 0, '{"name":"plg_system_fields","type":"plugin","creationDate":"March 2016","author":"Joomla! Project","copyright":"Copyright (C) 2005 - 2019 Open Source Matters. All rights reserved.","authorEmail":"admin@joomla.org","authorUrl":"www.joomla.org","version":"3.7.0","description":"PLG_SYSTEM_FIELDS_XML_DESCRIPTION","group":"","filename":"fields"}', '', '', '', 0, '0000-00-00 00:00:00', 0, 0),
(462, 0, 'plg_fields_calendar', 'plugin', 'calendar', 'fields', 0, 1, 1, 0, '{"name":"plg_fields_calendar","type":"plugin","creationDate":"March 2016","author":"Joomla! Project","copyright":"Copyright (C) 2005 - 2019 Open Source Matters. All rights reserved.","authorEmail":"admin@joomla.org","authorUrl":"www.joomla.org","version":"3.7.0","description":"PLG_FIELDS_CALENDAR_XML_DESCRIPTION","group":"","filename":"calendar"}', '', '', '', 0, '0000-00-00 00:00:00', 0, 0),
(463, 0, 'plg_fields_checkboxes', 'plugin', 'checkboxes', 'fields', 0, 1, 1, 0, '{"name":"plg_fields_checkboxes","type":"plugin","creationDate":"March 2016","author":"Joomla! Project","copyright":"Copyright (C) 2005 - 2019 Open Source Matters. All rights reserved.","authorEmail":"admin@joomla.org","authorUrl":"www.joomla.org","version":"3.7.0","description":"PLG_FIELDS_CHECKBOXES_XML_DESCRIPTION","group":"","filename":"checkboxes"}', '', '', '', 0, '0000-00-00 00:00:00', 0, 0),
(464, 0, 'plg_fields_color', 'plugin', 'color', 'fields', 0, 1, 1, 0, '{"name":"plg_fields_color","type":"plugin","creationDate":"March 2016","author":"Joomla! Project","copyright":"Copyright (C) 2005 - 2019 Open Source Matters. All rights reserved.","authorEmail":"admin@joomla.org","authorUrl":"www.joomla.org","version":"3.7.0","description":"PLG_FIELDS_COLOR_XML_DESCRIPTION","group":"","filename":"color"}', '', '', '', 0, '0000-00-00 00:00:00', 0, 0),
(465, 0, 'plg_fields_editor', 'plugin', 'editor', 'fields', 0, 1, 1, 0, '{"name":"plg_fields_editor","type":"plugin","creationDate":"March 2016","author":"Joomla! Project","copyright":"Copyright (C) 2005 - 2019 Open Source Matters. All rights reserved.","authorEmail":"admin@joomla.org","authorUrl":"www.joomla.org","version":"3.7.0","description":"PLG_FIELDS_EDITOR_XML_DESCRIPTION","group":"","filename":"editor"}', '', '', '', 0, '0000-00-00 00:00:00', 0, 0),
(466, 0, 'plg_fields_imagelist', 'plugin', 'imagelist', 'fields', 0, 1, 1, 0, '{"name":"plg_fields_imagelist","type":"plugin","creationDate":"March 2016","author":"Joomla! Project","copyright":"Copyright (C) 2005 - 2019 Open Source Matters. All rights reserved.","authorEmail":"admin@joomla.org","authorUrl":"www.joomla.org","version":"3.7.0","description":"PLG_FIELDS_IMAGELIST_XML_DESCRIPTION","group":"","filename":"imagelist"}', '', '', '', 0, '0000-00-00 00:00:00', 0, 0),
(467, 0, 'plg_fields_integer', 'plugin', 'integer', 'fields', 0, 1, 1, 0, '{"name":"plg_fields_integer","type":"plugin","creationDate":"March 2016","author":"Joomla! Project","copyright":"Copyright (C) 2005 - 2019 Open Source Matters. All rights reserved.","authorEmail":"admin@joomla.org","authorUrl":"www.joomla.org","version":"3.7.0","description":"PLG_FIELDS_INTEGER_XML_DESCRIPTION","group":"","filename":"integer"}', '{"multiple":"0","first":"1","last":"100","step":"1"}', '', '', 0, '0000-00-00 00:00:00', 0, 0),
(468, 0, 'plg_fields_list', 'plugin', 'list', 'fields', 0, 1, 1, 0, '{"name":"plg_fields_list","type":"plugin","creationDate":"March 2016","author":"Joomla! Project","copyright":"Copyright (C) 2005 - 2019 Open Source Matters. All rights reserved.","authorEmail":"admin@joomla.org","authorUrl":"www.joomla.org","version":"3.7.0","description":"PLG_FIELDS_LIST_XML_DESCRIPTION","group":"","filename":"list"}', '', '', '', 0, '0000-00-00 00:00:00', 0, 0),
(469, 0, 'plg_fields_media', 'plugin', 'media', 'fields', 0, 1, 1, 0, '{"name":"plg_fields_media","type":"plugin","creationDate":"March 2016","author":"Joomla! Project","copyright":"Copyright (C) 2005 - 2019 Open Source Matters. All rights reserved.","authorEmail":"admin@joomla.org","authorUrl":"www.joomla.org","version":"3.7.0","description":"PLG_FIELDS_MEDIA_XML_DESCRIPTION","group":"","filename":"media"}', '', '', '', 0, '0000-00-00 00:00:00', 0, 0),
(470, 0, 'plg_fields_radio', 'plugin', 'radio', 'fields', 0, 1, 1, 0, '{"name":"plg_fields_radio","type":"plugin","creationDate":"March 2016","author":"Joomla! Project","copyright":"Copyright (C) 2005 - 2019 Open Source Matters. All rights reserved.","authorEmail":"admin@joomla.org","authorUrl":"www.joomla.org","version":"3.7.0","description":"PLG_FIELDS_RADIO_XML_DESCRIPTION","group":"","filename":"radio"}', '', '', '', 0, '0000-00-00 00:00:00', 0, 0),
(471, 0, 'plg_fields_sql', 'plugin', 'sql', 'fields', 0, 1, 1, 0, '{"name":"plg_fields_sql","type":"plugin","creationDate":"March 2016","author":"Joomla! Project","copyright":"Copyright (C) 2005 - 2019 Open Source Matters. All rights reserved.","authorEmail":"admin@joomla.org","authorUrl":"www.joomla.org","version":"3.7.0","description":"PLG_FIELDS_SQL_XML_DESCRIPTION","group":"","filename":"sql"}', '', '', '', 0, '0000-00-00 00:00:00', 0, 0),
(472, 0, 'plg_fields_text', 'plugin', 'text', 'fields', 0, 1, 1, 0, '{"name":"plg_fields_text","type":"plugin","creationDate":"March 2016","author":"Joomla! Project","copyright":"Copyright (C) 2005 - 2019 Open Source Matters. All rights reserved.","authorEmail":"admin@joomla.org","authorUrl":"www.joomla.org","version":"3.7.0","description":"PLG_FIELDS_TEXT_XML_DESCRIPTION","group":"","filename":"text"}', '', '', '', 0, '0000-00-00 00:00:00', 0, 0),
(473, 0, 'plg_fields_textarea', 'plugin', 'textarea', 'fields', 0, 1, 1, 0, '{"name":"plg_fields_textarea","type":"plugin","creationDate":"March 2016","author":"Joomla! Project","copyright":"Copyright (C) 2005 - 2019 Open Source Matters. All rights reserved.","authorEmail":"admin@joomla.org","authorUrl":"www.joomla.org","version":"3.7.0","description":"PLG_FIELDS_TEXTAREA_XML_DESCRIPTION","group":"","filename":"textarea"}', '', '', '', 0, '0000-00-00 00:00:00', 0, 0),
(474, 0, 'plg_fields_url', 'plugin', 'url', 'fields', 0, 1, 1, 0, '{"name":"plg_fields_url","type":"plugin","creationDate":"March 2016","author":"Joomla! Project","copyright":"Copyright (C) 2005 - 2019 Open Source Matters. All rights reserved.","authorEmail":"admin@joomla.org","authorUrl":"www.joomla.org","version":"3.7.0","description":"PLG_FIELDS_URL_XML_DESCRIPTION","group":"","filename":"url"}', '', '', '', 0, '0000-00-00 00:00:00', 0, 0),
(475, 0, 'plg_fields_user', 'plugin', 'user', 'fields', 0, 1, 1, 0, '{"name":"plg_fields_user","type":"plugin","creationDate":"March 2016","author":"Joomla! Project","copyright":"Copyright (C) 2005 - 2019 Open Source Matters. All rights reserved.","authorEmail":"admin@joomla.org","authorUrl":"www.joomla.org","version":"3.7.0","description":"PLG_FIELDS_USER_XML_DESCRIPTION","group":"","filename":"user"}', '', '', '', 0, '0000-00-00 00:00:00', 0, 0),
(476, 0, 'plg_fields_usergrouplist', 'plugin', 'usergrouplist', 'fields', 0, 1, 1, 0, '{"name":"plg_fields_usergrouplist","type":"plugin","creationDate":"March 2016","author":"Joomla! Project","copyright":"Copyright (C) 2005 - 2019 Open Source Matters. All rights reserved.","authorEmail":"admin@joomla.org","authorUrl":"www.joomla.org","version":"3.7.0","description":"PLG_FIELDS_USERGROUPLIST_XML_DESCRIPTION","group":"","filename":"usergrouplist"}', '', '', '', 0, '0000-00-00 00:00:00', 0, 0),
(477, 0, 'plg_content_fields', 'plugin', 'fields', 'content', 0, 1, 1, 0, '{"name":"plg_content_fields","type":"plugin","creationDate":"February 2017","author":"Joomla! Project","copyright":"Copyright (C) 2005 - 2019 Open Source Matters. All rights reserved.","authorEmail":"admin@joomla.org","authorUrl":"www.joomla.org","version":"3.7.0","description":"PLG_CONTENT_FIELDS_XML_DESCRIPTION","group":"","filename":"fields"}', '', '', '', 0, '0000-00-00 00:00:00', 0, 0),
(478, 0, 'plg_editors-xtd_fields', 'plugin', 'fields', 'editors-xtd', 0, 1, 1, 0, '{"name":"plg_editors-xtd_fields","type":"plugin","creationDate":"February 2017","author":"Joomla! Project","copyright":"Copyright (C) 2005 - 2019 Open Source Matters. All rights reserved.","authorEmail":"admin@joomla.org","authorUrl":"www.joomla.org","version":"3.7.0","description":"PLG_EDITORS-XTD_FIELDS_XML_DESCRIPTION","group":"","filename":"fields"}', '', '', '', 0, '0000-00-00 00:00:00', 0, 0),
(479, 0, 'plg_sampledata_blog', 'plugin', 'blog', 'sampledata', 0, 0, 1, 0, '{"name":"plg_sampledata_blog","type":"plugin","creationDate":"July 2017","author":"Joomla! Project","copyright":"Copyright (C) 2005 - 2019 Open Source Matters. All rights reserved.","authorEmail":"admin@joomla.org","authorUrl":"www.joomla.org","version":"3.8.0","description":"PLG_SAMPLEDATA_BLOG_XML_DESCRIPTION","group":"","filename":"blog"}', '', '', '', 0, '0000-00-00 00:00:00', 0, 0),
(480, 0, 'plg_system_sessiongc', 'plugin', 'sessiongc', 'system', 0, 1, 1, 0, '{"name":"plg_system_sessiongc","type":"plugin","creationDate":"February 2018","author":"Joomla! Project","copyright":"Copyright (C) 2005 - 2019 Open Source Matters. All rights reserved.","authorEmail":"admin@joomla.org","authorUrl":"www.joomla.org","version":"3.8.6","description":"PLG_SYSTEM_SESSIONGC_XML_DESCRIPTION","group":"","filename":"sessiongc"}', '', '', '', 0, '0000-00-00 00:00:00', 0, 0),
(481, 0, 'plg_fields_repeatable', 'plugin', 'repeatable', 'fields', 0, 1, 1, 0, '{"name":"plg_fields_repeatable","type":"plugin","creationDate":"April 2018","author":"Joomla! Project","copyright":"Copyright (C) 2005 - 2019 Open Source Matters. All rights reserved.","authorEmail":"admin@joomla.org","authorUrl":"www.joomla.org","version":"3.9.0","description":"PLG_FIELDS_REPEATABLE_XML_DESCRIPTION","group":"","filename":"repeatable"}', '', '', '', 0, '0000-00-00 00:00:00', 0, 0),
(482, 0, 'plg_content_confirmconsent', 'plugin', 'confirmconsent', 'content', 0, 0, 1, 0, '{"name":"plg_content_confirmconsent","type":"plugin","creationDate":"May 2018","author":"Joomla! Project","copyright":"Copyright (C) 2005 - 2019 Open Source Matters. All rights reserved.","authorEmail":"admin@joomla.org","authorUrl":"www.joomla.org","version":"3.9.0","description":"PLG_CONTENT_CONFIRMCONSENT_XML_DESCRIPTION","group":"","filename":"confirmconsent"}', '{}', '', '', 0, '0000-00-00 00:00:00', 0, 0),
(483, 0, 'PLG_SYSTEM_ACTIONLOGS', 'plugin', 'actionlogs', 'system', 0, 0, 1, 0, '{"name":"PLG_SYSTEM_ACTIONLOGS","type":"plugin","creationDate":"May 2018","author":"Joomla! Project","copyright":"Copyright (C) 2005 - 2019 Open Source Matters. All rights reserved.","authorEmail":"admin@joomla.org","authorUrl":"www.joomla.org","version":"3.9.0","description":"PLG_SYSTEM_ACTIONLOGS_XML_DESCRIPTION","group":"","filename":"actionlogs"}', '{}', '', '', 0, '0000-00-00 00:00:00', 0, 0),
(484, 0, 'PLG_ACTIONLOG_JOOMLA', 'plugin', 'joomla', 'actionlog', 0, 1, 1, 0, '{"name":"PLG_ACTIONLOG_JOOMLA","type":"plugin","creationDate":"May 2018","author":"Joomla! Project","copyright":"Copyright (C) 2005 - 2019 Open Source Matters. All rights reserved.","authorEmail":"admin@joomla.org","authorUrl":"www.joomla.org","version":"3.9.0","description":"PLG_ACTIONLOG_JOOMLA_XML_DESCRIPTION","group":"","filename":"joomla"}', '{}', '', '', 0, '0000-00-00 00:00:00', 0, 0),
(485, 0, 'plg_system_privacyconsent', 'plugin', 'privacyconsent', 'system', 0, 0, 1, 0, '{"name":"plg_system_privacyconsent","type":"plugin","creationDate":"April 2018","author":"Joomla! Project","copyright":"(C) 2005 - 2019 Open Source Matters. All rights reserved.","authorEmail":"admin@joomla.org","authorUrl":"www.joomla.org","version":"3.9.0","description":"PLG_SYSTEM_PRIVACYCONSENT_XML_DESCRIPTION","group":"","filename":"privacyconsent"}', '{}', '', '', 0, '0000-00-00 00:00:00', 0, 0),
(486, 0, 'plg_system_logrotation', 'plugin', 'logrotation', 'system', 0, 1, 1, 0, '{"name":"plg_system_logrotation","type":"plugin","creationDate":"May 2018","author":"Joomla! Project","copyright":"Copyright (C) 2005 - 2019 Open Source Matters. All rights reserved.","authorEmail":"admin@joomla.org","authorUrl":"www.joomla.org","version":"3.9.0","description":"PLG_SYSTEM_LOGROTATION_XML_DESCRIPTION","group":"","filename":"logrotation"}', '{"lastrun":1553777266}', '', '', 0, '0000-00-00 00:00:00', 0, 0),
(487, 0, 'plg_privacy_user', 'plugin', 'user', 'privacy', 0, 1, 1, 0, '{"name":"plg_privacy_user","type":"plugin","creationDate":"May 2018","author":"Joomla! Project","copyright":"(C) 2005 - 2019 Open Source Matters. All rights reserved.","authorEmail":"admin@joomla.org","authorUrl":"www.joomla.org","version":"3.9.0","description":"PLG_PRIVACY_USER_XML_DESCRIPTION","group":"","filename":"user"}', '{}', '', '', 0, '0000-00-00 00:00:00', 0, 0),
(488, 0, 'plg_quickicon_privacycheck', 'plugin', 'privacycheck', 'quickicon', 0, 1, 1, 0, '{"name":"plg_quickicon_privacycheck","type":"plugin","creationDate":"June 2018","author":"Joomla! Project","copyright":"Copyright (C) 2005 - 2019 Open Source Matters. All rights reserved.","authorEmail":"admin@joomla.org","authorUrl":"www.joomla.org","version":"3.9.0","description":"PLG_QUICKICON_PRIVACYCHECK_XML_DESCRIPTION","group":"","filename":"privacycheck"}', '{}', '', '', 0, '0000-00-00 00:00:00', 0, 0),
(489, 0, 'plg_user_terms', 'plugin', 'terms', 'user', 0, 0, 1, 0, '{"name":"plg_user_terms","type":"plugin","creationDate":"June 2018","author":"Joomla! Project","copyright":"(C) 2005 - 2019 Open Source Matters. All rights reserved.","authorEmail":"admin@joomla.org","authorUrl":"www.joomla.org","version":"3.9.0","description":"PLG_USER_TERMS_XML_DESCRIPTION","group":"","filename":"terms"}', '{}', '', '', 0, '0000-00-00 00:00:00', 0, 0),
(490, 0, 'plg_privacy_contact', 'plugin', 'contact', 'privacy', 0, 1, 1, 0, '{"name":"plg_privacy_contact","type":"plugin","creationDate":"July 2018","author":"Joomla! Project","copyright":"(C) 2005 - 2019 Open Source Matters. All rights reserved.","authorEmail":"admin@joomla.org","authorUrl":"www.joomla.org","version":"3.9.0","description":"PLG_PRIVACY_CONTACT_XML_DESCRIPTION","group":"","filename":"contact"}', '{}', '', '', 0, '0000-00-00 00:00:00', 0, 0),
(491, 0, 'plg_privacy_content', 'plugin', 'content', 'privacy', 0, 1, 1, 0, '{"name":"plg_privacy_content","type":"plugin","creationDate":"July 2018","author":"Joomla! Project","copyright":"(C) 2005 - 2019 Open Source Matters. All rights reserved.","authorEmail":"admin@joomla.org","authorUrl":"www.joomla.org","version":"3.9.0","description":"PLG_PRIVACY_CONTENT_XML_DESCRIPTION","group":"","filename":"content"}', '{}', '', '', 0, '0000-00-00 00:00:00', 0, 0),
(492, 0, 'plg_privacy_message', 'plugin', 'message', 'privacy', 0, 1, 1, 0, '{"name":"plg_privacy_message","type":"plugin","creationDate":"July 2018","author":"Joomla! Project","copyright":"(C) 2005 - 2019 Open Source Matters. All rights reserved.","authorEmail":"admin@joomla.org","authorUrl":"www.joomla.org","version":"3.9.0","description":"PLG_PRIVACY_MESSAGE_XML_DESCRIPTION","group":"","filename":"message"}', '{}', '', '', 0, '0000-00-00 00:00:00', 0, 0),
(493, 0, 'plg_privacy_actionlogs', 'plugin', 'actionlogs', 'privacy', 0, 1, 1, 0, '{"name":"plg_privacy_actionlogs","type":"plugin","creationDate":"July 2018","author":"Joomla! Project","copyright":"(C) 2005 - 2019 Open Source Matters. All rights reserved.","authorEmail":"admin@joomla.org","authorUrl":"www.joomla.org","version":"3.9.0","description":"PLG_PRIVACY_ACTIONLOGS_XML_DESCRIPTION","group":"","filename":"actionlogs"}', '{}', '', '', 0, '0000-00-00 00:00:00', 0, 0),
(494, 0, 'plg_captcha_recaptcha_invisible', 'plugin', 'recaptcha_invisible', 'captcha', 0, 0, 1, 0, '{"name":"plg_captcha_recaptcha_invisible","type":"plugin","creationDate":"November 2017","author":"Joomla! Project","copyright":"Copyright (C) 2005 - 2019 Open Source Matters. All rights reserved.","authorEmail":"admin@joomla.org","authorUrl":"www.joomla.org","version":"3.8","description":"PLG_CAPTCHA_RECAPTCHA_INVISIBLE_XML_DESCRIPTION","group":"","filename":"recaptcha_invisible"}', '{"public_key":"","private_key":"","theme":"clean"}', '', '', 0, '0000-00-00 00:00:00', 0, 0),
(495, 0, 'plg_privacy_consents', 'plugin', 'consents', 'privacy', 0, 1, 1, 0, '{"name":"plg_privacy_consents","type":"plugin","creationDate":"July 2018","author":"Joomla! Project","copyright":"(C) 2005 - 2019 Open Source Matters. All rights reserved.","authorEmail":"admin@joomla.org","authorUrl":"www.joomla.org","version":"3.9.0","description":"PLG_PRIVACY_CONSENTS_XML_DESCRIPTION","group":"","filename":"consents"}', '{}', '', '', 0, '0000-00-00 00:00:00', 0, 0),
(503, 0, 'beez3', 'template', 'beez3', '', 0, 1, 1, 0, '{"name":"beez3","type":"template","creationDate":"25 November 2009","author":"Angie Radtke","copyright":"Copyright (C) 2005 - 2019 Open Source Matters, Inc. All rights reserved.","authorEmail":"a.radtke@derauftritt.de","authorUrl":"http:\\/\\/www.der-auftritt.de","version":"3.1.0","description":"TPL_BEEZ3_XML_DESCRIPTION","group":"","filename":"templateDetails"}', '{"wrapperSmall":"53","wrapperLarge":"72","sitetitle":"","sitedescription":"","navposition":"center","templatecolor":"nature"}', '', '', 0, '0000-00-00 00:00:00', 0, 0),
(504, 0, 'hathor', 'template', 'hathor', '', 1, 1, 1, 0, '{"name":"hathor","type":"template","creationDate":"May 2010","author":"Andrea Tarr","copyright":"Copyright (C) 2005 - 2019 Open Source Matters, Inc. All rights reserved.","authorEmail":"admin@joomla.org","authorUrl":"","version":"3.0.0","description":"TPL_HATHOR_XML_DESCRIPTION","group":"","filename":"templateDetails"}', '{"showSiteName":"0","colourChoice":"0","boldText":"0"}', '', '', 0, '0000-00-00 00:00:00', 0, 0),
(506, 0, 'protostar', 'template', 'protostar', '', 0, 1, 1, 0, '{"name":"protostar","type":"template","creationDate":"4\\/30\\/2012","author":"Kyle Ledbetter","copyright":"Copyright (C) 2005 - 2019 Open Source Matters, Inc. All rights reserved.","authorEmail":"admin@joomla.org","authorUrl":"","version":"1.0","description":"TPL_PROTOSTAR_XML_DESCRIPTION","group":"","filename":"templateDetails"}', '{"templateColor":"","logoFile":"","googleFont":"1","googleFontName":"Open+Sans","fluidContainer":"0"}', '', '', 0, '0000-00-00 00:00:00', 0, 0),
(507, 0, 'isis', 'template', 'isis', '', 1, 1, 1, 0, '{"name":"isis","type":"template","creationDate":"3\\/30\\/2012","author":"Kyle Ledbetter","copyright":"Copyright (C) 2005 - 2019 Open Source Matters, Inc. All rights reserved.","authorEmail":"admin@joomla.org","authorUrl":"","version":"1.0","description":"TPL_ISIS_XML_DESCRIPTION","group":"","filename":"templateDetails"}', '{"templateColor":"","logoFile":""}', '', '', 0, '0000-00-00 00:00:00', 0, 0),
(600, 0, 'English (en-GB)', 'language', 'en-GB', '', 0, 1, 1, 1, '{"name":"English (en-GB)","type":"language","creationDate":"March 2019","author":"Joomla! Project","copyright":"Copyright (C) 2005 - 2019 Open Source Matters. All rights reserved.","authorEmail":"admin@joomla.org","authorUrl":"www.joomla.org","version":"3.9.4","description":"en-GB site language","group":""}', '', '', '', 0, '0000-00-00 00:00:00', 0, 0),
(601, 0, 'English (en-GB)', 'language', 'en-GB', '', 1, 1, 1, 1, '{"name":"English (en-GB)","type":"language","creationDate":"March 2019","author":"Joomla! Project","copyright":"Copyright (C) 2005 - 2019 Open Source Matters. All rights reserved.","authorEmail":"admin@joomla.org","authorUrl":"www.joomla.org","version":"3.9.4","description":"en-GB administrator language","group":""}', '', '', '', 0, '0000-00-00 00:00:00', 0, 0),
(700, 0, 'files_joomla', 'file', 'joomla', '', 0, 1, 1, 1, '{"name":"files_joomla","type":"file","creationDate":"March 2019","author":"Joomla! Project","copyright":"(C) 2005 - 2019 Open Source Matters. All rights reserved","authorEmail":"admin@joomla.org","authorUrl":"www.joomla.org","version":"3.9.4","description":"FILES_JOOMLA_XML_DESCRIPTION","group":""}', '', '', '', 0, '0000-00-00 00:00:00', 0, 0),
(10006, 0, 'mod_articles_single', 'module', 'mod_articles_single', '', 0, 1, 0, 0, '{"name":"mod_articles_single","type":"module","creationDate":"Unknown","author":"Unknown","copyright":"","authorEmail":"","authorUrl":"","version":"1.2.2","description":"MOD_ARTICLES_SINGLE_XML_DESCRIPTION","group":""}', '{"item_heading":"h4","item_title":"0","published_on":"0","show_intro_image":"1","readmore":"0","mod_button":"0","custom_link_title":"","custom_link_route":"0","custom_link_url":"http:\\/\\/","cache":"1","cache_time":"900","cachemode":"itemid"}', '', '', 0, '0000-00-00 00:00:00', 0, 0),
(10007, 0, 'mod_articles_news_adv', 'module', 'mod_articles_news_adv', '', 0, 1, 0, 0, '{"name":"mod_articles_news_adv","type":"module","creationDate":"April 2013","author":"Joomla! Project","copyright":"Copyright (c) 2012-2014 by TemplateMonster - www.templatemonster.com","authorEmail":"","authorUrl":"www.templatemonster.com","version":"1.5.5","description":"MOD_ARTICLES_NEWS_ADV_XML_DESCRIPTION","group":""}', '{"catid":"","show_child_category_articles":"0","levels":"1","count":"5","columns":"1","ordering":"a.publish_up","article_ordering_direction":"DESC","mod_button":"0","custom_link_title":"","custom_link_route":"0","custom_link_url":"http:\\/\\/","item_title":"0","item_heading":"h4","show_introtext":"1","introtext_limit":"0","show_tags":"0","published":"0","createdby":"0","intro_image":"0","intro_image_align":"none","image":"0","readmore":"0","masonry":"0","cache":"1","cache_time":"900","cachemode":"itemid"}', '', '', 0, '0000-00-00 00:00:00', 0, 0),
(10011, 0, 'mod_tm_templates', 'module', 'mod_tm_templates', '', 1, 1, 2, 0, '{"name":"mod_tm_templates","type":"module","creationDate":"July 2004","author":"Joomla! Project","copyright":"Copyright (C) 2005 - 2013 Open Source Matters. All rights reserved.","authorEmail":"admin@joomla.org","authorUrl":"www.joomla.org","version":"1.0.0","description":"MOD_TM_TEMPLATES_XML_DESCRIPTION","group":""}', '{"cache":"1","cache_time":"900"}', '', '', 0, '0000-00-00 00:00:00', 0, 0);



CREATE TABLE IF NOT EXISTS `jos_fields` (
  `id` int(10) unsigned NOT NULL AUTO_INCREMENT,
  `asset_id` int(10) unsigned NOT NULL DEFAULT '0',
  `context` varchar(255) COLLATE utf8mb4_unicode_ci NOT NULL DEFAULT '',
  `group_id` int(10) unsigned NOT NULL DEFAULT '0',
  `title` varchar(255) COLLATE utf8mb4_unicode_ci NOT NULL DEFAULT '',
  `name` varchar(255) COLLATE utf8mb4_unicode_ci NOT NULL DEFAULT '',
  `label` varchar(255) COLLATE utf8mb4_unicode_ci NOT NULL DEFAULT '',
  `default_value` text COLLATE utf8mb4_unicode_ci NOT NULL,
  `type` varchar(255) COLLATE utf8mb4_unicode_ci NOT NULL DEFAULT 'text',
  `note` varchar(255) COLLATE utf8mb4_unicode_ci NOT NULL DEFAULT '',
  `description` text COLLATE utf8mb4_unicode_ci NOT NULL,
  `state` tinyint(1) NOT NULL DEFAULT '0',
  `required` tinyint(1) NOT NULL DEFAULT '0',
  `checked_out` int(11) NOT NULL DEFAULT '0',
  `checked_out_time` datetime NOT NULL DEFAULT '0000-00-00 00:00:00',
  `ordering` int(11) NOT NULL DEFAULT '0',
  `params` text COLLATE utf8mb4_unicode_ci NOT NULL,
  `fieldparams` text COLLATE utf8mb4_unicode_ci NOT NULL,
  `language` char(7) COLLATE utf8mb4_unicode_ci NOT NULL DEFAULT '',
  `created_time` datetime NOT NULL DEFAULT '0000-00-00 00:00:00',
  `created_user_id` int(10) unsigned NOT NULL DEFAULT '0',
  `modified_time` datetime NOT NULL DEFAULT '0000-00-00 00:00:00',
  `modified_by` int(10) unsigned NOT NULL DEFAULT '0',
  `access` int(11) NOT NULL DEFAULT '1',
  PRIMARY KEY (`id`),
  KEY `idx_checkout` (`checked_out`),
  KEY `idx_state` (`state`),
  KEY `idx_created_user_id` (`created_user_id`),
  KEY `idx_access` (`access`),
  KEY `idx_context` (`context`(191)),
  KEY `idx_language` (`language`)
) ENGINE=InnoDB DEFAULT CHARSET=utf8mb4 COLLATE=utf8mb4_unicode_ci AUTO_INCREMENT=1 ;

CREATE TABLE IF NOT EXISTS `jos_fields_categories` (
  `field_id` int(11) NOT NULL DEFAULT '0',
  `category_id` int(11) NOT NULL DEFAULT '0',
  PRIMARY KEY (`field_id`,`category_id`)
) ENGINE=InnoDB DEFAULT CHARSET=utf8mb4 COLLATE=utf8mb4_unicode_ci;

CREATE TABLE IF NOT EXISTS `jos_fields_groups` (
  `id` int(10) unsigned NOT NULL AUTO_INCREMENT,
  `asset_id` int(10) unsigned NOT NULL DEFAULT '0',
  `context` varchar(255) COLLATE utf8mb4_unicode_ci NOT NULL DEFAULT '',
  `title` varchar(255) COLLATE utf8mb4_unicode_ci NOT NULL DEFAULT '',
  `note` varchar(255) COLLATE utf8mb4_unicode_ci NOT NULL DEFAULT '',
  `description` text COLLATE utf8mb4_unicode_ci NOT NULL,
  `state` tinyint(1) NOT NULL DEFAULT '0',
  `checked_out` int(11) NOT NULL DEFAULT '0',
  `checked_out_time` datetime NOT NULL DEFAULT '0000-00-00 00:00:00',
  `ordering` int(11) NOT NULL DEFAULT '0',
  `params` text COLLATE utf8mb4_unicode_ci NOT NULL,
  `language` char(7) COLLATE utf8mb4_unicode_ci NOT NULL DEFAULT '',
  `created` datetime NOT NULL DEFAULT '0000-00-00 00:00:00',
  `created_by` int(10) unsigned NOT NULL DEFAULT '0',
  `modified` datetime NOT NULL DEFAULT '0000-00-00 00:00:00',
  `modified_by` int(10) unsigned NOT NULL DEFAULT '0',
  `access` int(11) NOT NULL DEFAULT '1',
  PRIMARY KEY (`id`),
  KEY `idx_checkout` (`checked_out`),
  KEY `idx_state` (`state`),
  KEY `idx_created_by` (`created_by`),
  KEY `idx_access` (`access`),
  KEY `idx_context` (`context`(191)),
  KEY `idx_language` (`language`)
) ENGINE=InnoDB DEFAULT CHARSET=utf8mb4 COLLATE=utf8mb4_unicode_ci AUTO_INCREMENT=1 ;

CREATE TABLE IF NOT EXISTS `jos_fields_values` (
  `field_id` int(10) unsigned NOT NULL,
  `item_id` varchar(255) COLLATE utf8mb4_unicode_ci NOT NULL COMMENT 'Allow references to items which have strings as ids, eg. none db systems.',
  `value` text COLLATE utf8mb4_unicode_ci NOT NULL,
  KEY `idx_field_id` (`field_id`),
  KEY `idx_item_id` (`item_id`(191))
) ENGINE=InnoDB DEFAULT CHARSET=utf8mb4 COLLATE=utf8mb4_unicode_ci;

CREATE TABLE IF NOT EXISTS `jos_joomgallery` (
  `id` int(11) NOT NULL AUTO_INCREMENT,
  `asset_id` int(10) NOT NULL DEFAULT '0',
  `catid` int(11) NOT NULL DEFAULT '0',
  `imgtitle` text NOT NULL,
  `alias` varchar(255) NOT NULL DEFAULT '',
  `imgauthor` varchar(50) DEFAULT NULL,
  `imgtext` text NOT NULL,
  `imgdate` datetime NOT NULL,
  `hits` int(11) NOT NULL DEFAULT '0',
  `downloads` int(11) NOT NULL DEFAULT '0',
  `imgvotes` int(11) NOT NULL DEFAULT '0',
  `imgvotesum` int(11) NOT NULL DEFAULT '0',
  `access` tinyint(3) NOT NULL DEFAULT '0',
  `published` tinyint(1) NOT NULL DEFAULT '0',
  `hidden` tinyint(1) NOT NULL DEFAULT '0',
  `featured` tinyint(1) NOT NULL,
  `imgfilename` varchar(255) NOT NULL,
  `imgthumbname` varchar(255) NOT NULL,
  `checked_out` int(11) NOT NULL DEFAULT '0',
  `owner` int(11) unsigned NOT NULL DEFAULT '0',
  `approved` tinyint(1) NOT NULL DEFAULT '0',
  `useruploaded` tinyint(1) NOT NULL DEFAULT '0',
  `ordering` int(11) NOT NULL DEFAULT '0',
  `params` text NOT NULL,
  `metakey` text NOT NULL,
  `metadesc` text NOT NULL,
  PRIMARY KEY (`id`),
  KEY `idx_catid` (`catid`),
  KEY `idx_owner` (`owner`)
) ENGINE=InnoDB  DEFAULT CHARSET=utf8 AUTO_INCREMENT=216 ;

INSERT INTO `jos_joomgallery` (`id`, `asset_id`, `catid`, `imgtitle`, `alias`, `imgauthor`, `imgtext`, `imgdate`, `hits`, `downloads`, `imgvotes`, `imgvotesum`, `access`, `published`, `hidden`, `featured`, `imgfilename`, `imgthumbname`, `checked_out`, `owner`, `approved`, `useruploaded`, `ordering`, `params`, `metakey`, `metadesc`) VALUES
(180, 635, 9, 'gallery-image1', 'gallery-image1-180', '', '', '2016-09-10 11:39:41', 0, 0, 0, 0, 1, 1, 0, 0, 'gallery-image1_20160910_1412166015.jpg', 'gallery-image1_20160910_1412166015.jpg', 0, 0, 1, 0, 1, '', '', ''),
(181, 636, 9, 'gallery-image2', 'gallery-image2-181', '', '', '2016-09-10 11:39:42', 0, 0, 0, 0, 1, 1, 0, 0, 'gallery-image2_20160910_1460550998.jpg', 'gallery-image2_20160910_1460550998.jpg', 0, 0, 1, 0, 2, '', '', ''),
(182, 637, 9, 'gallery-image3', 'gallery-image3-182', '', '', '2016-09-10 11:39:43', 0, 0, 0, 0, 1, 1, 0, 0, 'gallery-image3_20160910_1841047942.jpg', 'gallery-image3_20160910_1841047942.jpg', 0, 0, 1, 0, 3, '', '', ''),
(183, 638, 9, 'gallery-image4', 'gallery-image4-183', '', '', '2016-09-10 11:39:44', 0, 0, 0, 0, 1, 1, 0, 0, 'gallery-image4_20160910_1736778152.jpg', 'gallery-image4_20160910_1736778152.jpg', 0, 0, 1, 0, 4, '', '', ''),
(184, 639, 9, 'gallery-image5', 'gallery-image5-184', '', '', '2016-09-10 11:39:45', 0, 0, 0, 0, 1, 1, 0, 0, 'gallery-image5_20160910_2075970967.jpg', 'gallery-image5_20160910_2075970967.jpg', 0, 0, 1, 0, 5, '', '', ''),
(185, 640, 9, 'gallery-image6', 'gallery-image6-185', '', '', '2016-09-10 11:39:46', 0, 0, 0, 0, 1, 1, 0, 0, 'gallery-image6_20160910_1338318163.jpg', 'gallery-image6_20160910_1338318163.jpg', 0, 0, 1, 0, 6, '', '', ''),
(186, 641, 10, 'gallery-image7', 'gallery-image7-186', '', '', '2016-09-10 11:39:51', 0, 0, 0, 0, 1, 1, 0, 0, 'gallery-image7_20160910_1762666836.jpg', 'gallery-image7_20160910_1762666836.jpg', 0, 0, 1, 0, 1, '', '', ''),
(187, 642, 10, 'gallery-image8', 'gallery-image8-187', '', '', '2016-09-10 11:39:52', 0, 0, 0, 0, 1, 1, 0, 0, 'gallery-image8_20160910_1580794659.jpg', 'gallery-image8_20160910_1580794659.jpg', 0, 0, 1, 0, 2, '', '', ''),
(188, 643, 10, 'gallery-image9', 'gallery-image9-188', '', '', '2016-09-10 11:39:53', 0, 0, 0, 0, 1, 1, 0, 0, 'gallery-image9_20160910_1743919503.jpg', 'gallery-image9_20160910_1743919503.jpg', 0, 0, 1, 0, 3, '', '', ''),
(189, 644, 10, 'gallery-image10', 'gallery-image10-189', '', '', '2016-09-10 11:39:54', 0, 0, 0, 0, 1, 1, 0, 0, 'gallery-image10_20160910_2089907610.jpg', 'gallery-image10_20160910_2089907610.jpg', 0, 0, 1, 0, 4, '', '', ''),
(190, 645, 10, 'gallery-image11', 'gallery-image11-190', '', '', '2016-09-10 11:39:55', 0, 0, 0, 0, 1, 1, 0, 0, 'gallery-image11_20160910_1189986388.jpg', 'gallery-image11_20160910_1189986388.jpg', 0, 0, 1, 0, 5, '', '', ''),
(191, 646, 10, 'gallery-image12', 'gallery-image12-191', '', '', '2016-09-10 11:39:55', 0, 0, 0, 0, 1, 1, 0, 0, 'gallery-image12_20160910_1949771630.jpg', 'gallery-image12_20160910_1949771630.jpg', 0, 0, 1, 0, 6, '', '', ''),
(192, 647, 11, 'gallery-image13', 'gallery-image13-192', '', '', '2016-09-10 11:40:00', 0, 0, 0, 0, 1, 1, 0, 0, 'gallery-image13_20160910_1908799666.jpg', 'gallery-image13_20160910_1908799666.jpg', 0, 0, 1, 0, 1, '', '', ''),
(193, 648, 11, 'gallery-image14', 'gallery-image14-193', '', '', '2016-09-10 11:40:01', 0, 0, 0, 0, 1, 1, 0, 0, 'gallery-image14_20160910_2056983391.jpg', 'gallery-image14_20160910_2056983391.jpg', 0, 0, 1, 0, 2, '', '', ''),
(194, 649, 11, 'gallery-image15', 'gallery-image15-194', '', '', '2016-09-10 11:40:02', 0, 0, 0, 0, 1, 1, 0, 0, 'gallery-image15_20160910_1124374135.jpg', 'gallery-image15_20160910_1124374135.jpg', 0, 0, 1, 0, 3, '', '', ''),
(195, 650, 11, 'gallery-image16', 'gallery-image16-195', '', '', '2016-09-10 11:40:04', 0, 0, 0, 0, 1, 1, 0, 0, 'gallery-image16_20160910_1511442922.jpg', 'gallery-image16_20160910_1511442922.jpg', 0, 0, 1, 0, 4, '', '', ''),
(196, 651, 11, 'gallery-image17', 'gallery-image17-196', '', '', '2016-09-10 11:40:04', 0, 0, 0, 0, 1, 1, 0, 0, 'gallery-image17_20160910_1675963155.jpg', 'gallery-image17_20160910_1675963155.jpg', 0, 0, 1, 0, 5, '', '', ''),
(197, 652, 11, 'gallery-image18', 'gallery-image18-197', '', '', '2016-09-10 11:40:05', 0, 0, 0, 0, 1, 1, 0, 0, 'gallery-image18_20160910_1040097239.jpg', 'gallery-image18_20160910_1040097239.jpg', 0, 0, 1, 0, 6, '', '', ''),
(198, 653, 12, 'gallery-image19', 'gallery-image19-198', '', '', '2016-09-10 11:40:10', 0, 0, 0, 0, 1, 1, 0, 0, 'gallery-image19_20160910_1362612819.jpg', 'gallery-image19_20160910_1362612819.jpg', 0, 0, 1, 0, 1, '', '', ''),
(199, 654, 12, 'gallery-image20', 'gallery-image20-199', '', '', '2016-09-10 11:40:11', 0, 0, 0, 0, 1, 1, 0, 0, 'gallery-image20_20160910_1350128947.jpg', 'gallery-image20_20160910_1350128947.jpg', 0, 0, 1, 0, 2, '', '', ''),
(200, 655, 12, 'gallery-image21', 'gallery-image21-200', '', '', '2016-09-10 11:40:12', 0, 0, 0, 0, 1, 1, 0, 0, 'gallery-image21_20160910_2000316743.jpg', 'gallery-image21_20160910_2000316743.jpg', 0, 0, 1, 0, 3, '', '', ''),
(201, 656, 12, 'gallery-image22', 'gallery-image22-201', '', '', '2016-09-10 11:40:13', 0, 0, 0, 0, 1, 1, 0, 0, 'gallery-image22_20160910_1589848637.jpg', 'gallery-image22_20160910_1589848637.jpg', 0, 0, 1, 0, 4, '', '', ''),
(202, 657, 12, 'gallery-image23', 'gallery-image23-202', '', '', '2016-09-10 11:40:14', 0, 0, 0, 0, 1, 1, 0, 0, 'gallery-image23_20160910_1107482619.jpg', 'gallery-image23_20160910_1107482619.jpg', 0, 0, 1, 0, 5, '', '', ''),
(203, 658, 12, 'gallery-image24', 'gallery-image24-203', '', '', '2016-09-10 11:40:15', 0, 0, 0, 0, 1, 1, 0, 0, 'gallery-image24_20160910_2099392332.jpg', 'gallery-image24_20160910_2099392332.jpg', 0, 0, 1, 0, 6, '', '', ''),
(204, 659, 13, 'gallery-image25', 'gallery-image25-204', '', '', '2016-09-10 11:40:21', 0, 0, 0, 0, 1, 1, 0, 0, 'gallery-image25_20160910_1063265071.jpg', 'gallery-image25_20160910_1063265071.jpg', 0, 0, 1, 0, 1, '', '', ''),
(205, 660, 13, 'gallery-image26', 'gallery-image26-205', '', '', '2016-09-10 11:40:23', 0, 0, 0, 0, 1, 1, 0, 0, 'gallery-image26_20160910_1167268580.jpg', 'gallery-image26_20160910_1167268580.jpg', 0, 0, 1, 0, 2, '', '', ''),
(206, 661, 13, 'gallery-image27', 'gallery-image27-206', '', '', '2016-09-10 11:40:24', 0, 0, 0, 0, 1, 1, 0, 0, 'gallery-image27_20160910_1901020332.jpg', 'gallery-image27_20160910_1901020332.jpg', 0, 0, 1, 0, 3, '', '', ''),
(207, 662, 13, 'gallery-image28', 'gallery-image28-207', '', '', '2016-09-10 11:40:25', 0, 0, 0, 0, 1, 1, 0, 0, 'gallery-image28_20160910_1151917855.jpg', 'gallery-image28_20160910_1151917855.jpg', 0, 0, 1, 0, 4, '', '', ''),
(208, 663, 13, 'gallery-image29', 'gallery-image29-208', '', '', '2016-09-10 11:40:26', 0, 0, 0, 0, 1, 1, 0, 0, 'gallery-image29_20160910_1437012639.jpg', 'gallery-image29_20160910_1437012639.jpg', 0, 0, 1, 0, 5, '', '', ''),
(209, 664, 13, 'gallery-image30', 'gallery-image30-209', '', '', '2016-09-10 11:40:26', 0, 0, 0, 0, 1, 1, 0, 0, 'gallery-image30_20160910_1111315435.jpg', 'gallery-image30_20160910_1111315435.jpg', 0, 0, 1, 0, 6, '', '', ''),
(210, 665, 14, 'gallery-image31', 'gallery-image31-210', '', '', '2016-09-10 11:40:32', 0, 0, 0, 0, 1, 1, 0, 0, 'gallery-image31_20160910_1608162681.jpg', 'gallery-image31_20160910_1608162681.jpg', 0, 0, 1, 0, 1, '', '', ''),
(211, 666, 14, 'gallery-image32', 'gallery-image32-211', '', '', '2016-09-10 11:40:33', 0, 0, 0, 0, 1, 1, 0, 0, 'gallery-image32_20160910_1847372156.jpg', 'gallery-image32_20160910_1847372156.jpg', 0, 0, 1, 0, 2, '', '', ''),
(212, 667, 14, 'gallery-image33', 'gallery-image33-212', '', '', '2016-09-10 11:40:34', 0, 0, 0, 0, 1, 1, 0, 0, 'gallery-image33_20160910_1985005333.jpg', 'gallery-image33_20160910_1985005333.jpg', 0, 0, 1, 0, 3, '', '', ''),
(213, 668, 14, 'gallery-image34', 'gallery-image34-213', '', '', '2016-09-10 11:40:35', 0, 0, 0, 0, 1, 1, 0, 0, 'gallery-image34_20160910_1263814566.jpg', 'gallery-image34_20160910_1263814566.jpg', 0, 0, 1, 0, 4, '', '', ''),
(214, 669, 14, 'gallery-image35', 'gallery-image35-214', '', '', '2016-09-10 11:40:35', 0, 0, 0, 0, 1, 1, 0, 0, 'gallery-image35_20160910_1224964265.jpg', 'gallery-image35_20160910_1224964265.jpg', 0, 0, 1, 0, 5, '', '', ''),
(215, 670, 14, 'gallery-image36', 'gallery-image36-215', '', '', '2016-09-10 11:40:37', 0, 0, 0, 0, 1, 1, 0, 0, 'gallery-image36_20160910_1985368095.jpg', 'gallery-image36_20160910_1985368095.jpg', 0, 0, 1, 0, 6, '', '', '');

CREATE TABLE IF NOT EXISTS `jos_joomgallery_category_details` (
  `id` int(11) NOT NULL,
  `details_key` varchar(255) NOT NULL,
  `details_value` text NOT NULL,
  `ordering` int(11) NOT NULL,
  PRIMARY KEY (`id`,`details_key`)
) ENGINE=InnoDB DEFAULT CHARSET=utf8;

CREATE TABLE IF NOT EXISTS `jos_joomgallery_comments` (
  `cmtid` int(11) NOT NULL AUTO_INCREMENT,
  `cmtpic` int(11) NOT NULL DEFAULT '0',
  `cmtip` varchar(15) NOT NULL DEFAULT '',
  `userid` int(11) unsigned NOT NULL DEFAULT '0',
  `cmtname` varchar(50) NOT NULL DEFAULT '',
  `cmttext` text NOT NULL,
  `cmtdate` datetime NOT NULL,
  `published` tinyint(1) NOT NULL DEFAULT '0',
  `approved` tinyint(1) NOT NULL DEFAULT '1',
  PRIMARY KEY (`cmtid`),
  KEY `idx_cmtpic` (`cmtpic`)
) ENGINE=InnoDB DEFAULT CHARSET=utf8 AUTO_INCREMENT=1 ;

CREATE TABLE IF NOT EXISTS `jos_joomgallery_config` (
  `id` int(1) NOT NULL AUTO_INCREMENT,
  `group_id` int(11) NOT NULL,
  `ordering` int(11) NOT NULL,
  `jg_pathimages` varchar(100) NOT NULL,
  `jg_pathoriginalimages` varchar(100) NOT NULL,
  `jg_paththumbs` varchar(100) NOT NULL,
  `jg_pathftpupload` varchar(100) NOT NULL,
  `jg_pathtemp` varchar(100) NOT NULL,
  `jg_wmpath` varchar(100) NOT NULL,
  `jg_wmfile` varchar(50) NOT NULL,
  `jg_use_real_paths` int(1) NOT NULL,
  `jg_checkupdate` int(1) NOT NULL,
  `jg_filenamewithjs` int(1) NOT NULL,
  `jg_filenamereplace` text NOT NULL,
  `jg_thumbcreation` varchar(5) NOT NULL,
  `jg_fastgd2thumbcreation` int(1) NOT NULL,
  `jg_impath` varchar(50) NOT NULL,
  `jg_resizetomaxwidth` int(1) NOT NULL,
  `jg_maxwidth` int(5) NOT NULL,
  `jg_picturequality` int(3) NOT NULL,
  `jg_useforresizedirection` int(1) NOT NULL,
  `jg_cropposition` int(1) NOT NULL,
  `jg_thumbwidth` int(5) NOT NULL,
  `jg_thumbheight` int(5) NOT NULL,
  `jg_thumbquality` int(3) NOT NULL,
  `jg_uploadorder` int(1) NOT NULL,
  `jg_useorigfilename` int(1) NOT NULL,
  `jg_filenamenumber` int(1) NOT NULL,
  `jg_delete_original` int(1) NOT NULL,
  `jg_msg_upload_type` int(1) NOT NULL,
  `jg_msg_upload_recipients` text NOT NULL,
  `jg_msg_download_type` int(1) NOT NULL,
  `jg_msg_download_recipients` text NOT NULL,
  `jg_msg_zipdownload` int(1) NOT NULL,
  `jg_msg_comment_type` int(1) NOT NULL,
  `jg_msg_comment_recipients` text NOT NULL,
  `jg_msg_comment_toowner` int(1) NOT NULL,
  `jg_msg_nametag_type` int(1) NOT NULL,
  `jg_msg_nametag_recipients` text NOT NULL,
  `jg_msg_nametag_totaggeduser` int(1) NOT NULL,
  `jg_msg_nametag_toowner` int(1) NOT NULL,
  `jg_msg_report_type` int(1) NOT NULL,
  `jg_msg_report_recipients` text NOT NULL,
  `jg_msg_report_toowner` int(1) NOT NULL,
  `jg_msg_rejectimg_type` int(1) NOT NULL,
  `jg_msg_global_from` int(1) NOT NULL,
  `jg_realname` int(1) NOT NULL,
  `jg_contentpluginsenabled` int(1) NOT NULL,
  `jg_itemid` varchar(10) NOT NULL,
  `jg_ajaxcategoryselection` int(1) NOT NULL,
  `jg_disableunrequiredchecks` int(1) NOT NULL,
  `jg_use_listbox_max_user_count` int(1) NOT NULL,
  `jg_userspace` int(1) NOT NULL,
  `jg_useruploaddefaultcat` int(1) NOT NULL,
  `jg_approve` int(1) NOT NULL,
  `jg_unregistered_permissions` int(1) NOT NULL,
  `jg_maxusercat` int(5) NOT NULL,
  `jg_maxuserimage` int(9) NOT NULL,
  `jg_maxuserimage_timespan` int(9) NOT NULL,
  `jg_maxfilesize` int(9) NOT NULL,
  `jg_usercatacc` int(1) NOT NULL,
  `jg_usercatthumbalign` int(1) NOT NULL,
  `jg_useruploadsingle` int(1) NOT NULL,
  `jg_maxuploadfields` int(3) NOT NULL,
  `jg_useruploadajax` int(1) NOT NULL,
  `jg_useruploadbatch` int(1) NOT NULL,
  `jg_useruploadjava` int(1) NOT NULL,
  `jg_useruseorigfilename` int(1) NOT NULL,
  `jg_useruploadnumber` int(1) NOT NULL,
  `jg_special_gif_upload` int(1) NOT NULL,
  `jg_delete_original_user` int(1) NOT NULL,
  `jg_newpiccopyright` int(1) NOT NULL,
  `jg_newpicnote` int(1) NOT NULL,
  `jg_redirect_after_upload` int(1) NOT NULL,
  `jg_edit_metadata` int(1) NOT NULL,
  `jg_download` int(1) NOT NULL,
  `jg_download_unreg` int(1) NOT NULL,
  `jg_download_hint` int(1) NOT NULL,
  `jg_downloadfile` int(1) NOT NULL,
  `jg_downloadwithwatermark` int(1) NOT NULL,
  `jg_showrating` int(1) NOT NULL,
  `jg_maxvoting` int(1) NOT NULL,
  `jg_ratingcalctype` int(1) NOT NULL,
  `jg_ratingdisplaytype` int(1) NOT NULL,
  `jg_ajaxrating` int(1) NOT NULL,
  `jg_votingonlyonce` int(1) NOT NULL,
  `jg_votingonlyreg` int(1) NOT NULL,
  `jg_showcomment` int(1) NOT NULL,
  `jg_anoncomment` int(1) NOT NULL,
  `jg_namedanoncomment` int(1) NOT NULL,
  `jg_anonapprovecom` int(1) NOT NULL,
  `jg_approvecom` int(1) NOT NULL,
  `jg_bbcodesupport` int(1) NOT NULL,
  `jg_smiliesupport` int(1) NOT NULL,
  `jg_anismilie` int(1) NOT NULL,
  `jg_smiliescolor` varchar(10) NOT NULL,
  `jg_report_images` int(1) NOT NULL,
  `jg_report_unreg` int(1) NOT NULL,
  `jg_report_hint` int(1) NOT NULL,
  `jg_alternative_layout` varchar(255) NOT NULL,
  `jg_anchors` int(1) NOT NULL,
  `jg_tooltips` int(1) NOT NULL,
  `jg_dyncrop` int(1) NOT NULL,
  `jg_dyncropposition` int(1) NOT NULL,
  `jg_dyncropwidth` int(5) NOT NULL,
  `jg_dyncropheight` int(5) NOT NULL,
  `jg_dyncropbgcol` varchar(12) NOT NULL,
  `jg_hideemptycats` int(1) NOT NULL,
  `jg_skipcatview` int(1) NOT NULL,
  `jg_imgalign` int(3) NOT NULL,
  `jg_showrestrictedcats` int(1) NOT NULL,
  `jg_showrestrictedhint` int(1) NOT NULL,
  `jg_firstorder` varchar(20) NOT NULL,
  `jg_secondorder` varchar(20) NOT NULL,
  `jg_thirdorder` varchar(20) NOT NULL,
  `jg_pagetitle_cat` text NOT NULL,
  `jg_pagetitle_detail` text NOT NULL,
  `jg_showgalleryhead` int(1) NOT NULL,
  `jg_showpathway` int(1) NOT NULL,
  `jg_completebreadcrumbs` int(1) NOT NULL,
  `jg_search` int(1) NOT NULL,
  `jg_searchcols` int(1) NOT NULL,
  `jg_searchthumbalign` int(1) NOT NULL,
  `jg_searchtextalign` int(1) NOT NULL,
  `jg_showsearchdownload` int(1) NOT NULL,
  `jg_showsearchfavourite` int(1) NOT NULL,
  `jg_search_report_images` int(1) NOT NULL,
  `jg_showsearcheditorlinks` int(1) NOT NULL,
  `jg_showallpics` int(1) NOT NULL,
  `jg_showallhits` int(1) NOT NULL,
  `jg_showbacklink` int(1) NOT NULL,
  `jg_suppresscredits` int(1) NOT NULL,
  `jg_showuserpanel` int(1) NOT NULL,
  `jg_showuserpanel_hint` int(1) NOT NULL,
  `jg_showuserpanel_unreg` int(1) NOT NULL,
  `jg_showallpicstoadmin` int(1) NOT NULL,
  `jg_showminithumbs` int(1) NOT NULL,
  `jg_openjs_padding` int(3) NOT NULL,
  `jg_openjs_background` varchar(12) NOT NULL,
  `jg_dhtml_border` varchar(12) NOT NULL,
  `jg_show_title_in_popup` int(1) NOT NULL,
  `jg_show_description_in_popup` int(1) NOT NULL,
  `jg_lightbox_speed` int(3) NOT NULL,
  `jg_lightbox_slide_all` int(1) NOT NULL,
  `jg_resize_js_image` int(1) NOT NULL,
  `jg_disable_rightclick_original` int(1) NOT NULL,
  `jg_showgallerysubhead` int(1) NOT NULL,
  `jg_showallcathead` int(1) NOT NULL,
  `jg_colcat` int(1) NOT NULL,
  `jg_catperpage` int(1) NOT NULL,
  `jg_ordercatbyalpha` int(1) NOT NULL,
  `jg_showgallerypagenav` int(1) NOT NULL,
  `jg_showcatcount` int(1) NOT NULL,
  `jg_showcatthumb` int(1) NOT NULL,
  `jg_showrandomcatthumb` int(1) NOT NULL,
  `jg_ctalign` int(1) NOT NULL,
  `jg_showtotalcatimages` int(1) NOT NULL,
  `jg_showtotalcathits` int(1) NOT NULL,
  `jg_showcatasnew` int(1) NOT NULL,
  `jg_catdaysnew` int(3) NOT NULL,
  `jg_showdescriptioningalleryview` int(1) NOT NULL,
  `jg_uploadicongallery` int(1) NOT NULL,
  `jg_showsubsingalleryview` int(1) NOT NULL,
  `jg_category_rss` int(9) NOT NULL,
  `jg_category_rss_icon` varchar(10) NOT NULL,
  `jg_uploadiconcategory` int(1) NOT NULL,
  `jg_showcathead` int(1) NOT NULL,
  `jg_usercatorder` int(1) NOT NULL,
  `jg_usercatorderlist` varchar(50) NOT NULL,
  `jg_showcatdescriptionincat` int(1) NOT NULL,
  `jg_showpagenav` int(1) NOT NULL,
  `jg_showpiccount` int(1) NOT NULL,
  `jg_perpage` int(3) NOT NULL,
  `jg_catthumbalign` int(1) NOT NULL,
  `jg_colnumb` int(3) NOT NULL,
  `jg_detailpic_open` varchar(50) NOT NULL,
  `jg_lightboxbigpic` int(1) NOT NULL,
  `jg_showtitle` int(1) NOT NULL,
  `jg_showpicasnew` int(1) NOT NULL,
  `jg_daysnew` int(3) NOT NULL,
  `jg_showhits` int(1) NOT NULL,
  `jg_showdownloads` int(1) NOT NULL,
  `jg_showauthor` int(1) NOT NULL,
  `jg_showowner` int(1) NOT NULL,
  `jg_showcatcom` int(1) NOT NULL,
  `jg_showcatrate` int(1) NOT NULL,
  `jg_showcatdescription` int(1) NOT NULL,
  `jg_showcategorydownload` int(1) NOT NULL,
  `jg_showcategoryfavourite` int(1) NOT NULL,
  `jg_category_report_images` int(1) NOT NULL,
  `jg_showcategoryeditorlinks` int(1) NOT NULL,
  `jg_showsubcathead` int(1) NOT NULL,
  `jg_showsubcatcount` int(1) NOT NULL,
  `jg_colsubcat` int(3) NOT NULL,
  `jg_subperpage` int(3) NOT NULL,
  `jg_showpagenavsubs` int(1) NOT NULL,
  `jg_subcatthumbalign` int(1) NOT NULL,
  `jg_showsubthumbs` int(1) NOT NULL,
  `jg_showrandomsubthumb` int(1) NOT NULL,
  `jg_showdescriptionincategoryview` int(1) NOT NULL,
  `jg_ordersubcatbyalpha` int(1) NOT NULL,
  `jg_showtotalsubcatimages` int(1) NOT NULL,
  `jg_showtotalsubcathits` int(1) NOT NULL,
  `jg_uploadiconsubcat` int(1) NOT NULL,
  `jg_showdetailpage` int(1) NOT NULL,
  `jg_disabledetailpage` int(1) NOT NULL,
  `jg_showdetailnumberofpics` int(1) NOT NULL,
  `jg_cursor_navigation` int(1) NOT NULL,
  `jg_disable_rightclick_detail` int(1) NOT NULL,
  `jg_detail_report_images` int(1) NOT NULL,
  `jg_showdetaileditorlinks` int(1) NOT NULL,
  `jg_showdetailtitle` int(1) NOT NULL,
  `jg_showdetail` int(1) NOT NULL,
  `jg_showdetailaccordion` int(1) NOT NULL,
  `jg_accordionduration` int(3) NOT NULL,
  `jg_accordiondisplay` int(3) NOT NULL,
  `jg_accordionopacity` int(1) NOT NULL,
  `jg_accordionalwayshide` int(1) NOT NULL,
  `jg_accordioninitialeffect` int(1) NOT NULL,
  `jg_showdetaildescription` int(1) NOT NULL,
  `jg_showdetaildatum` int(1) NOT NULL,
  `jg_showdetailhits` int(1) NOT NULL,
  `jg_showdetaildownloads` int(1) NOT NULL,
  `jg_showdetailrating` int(1) NOT NULL,
  `jg_showdetailfilesize` int(1) NOT NULL,
  `jg_showdetailauthor` int(1) NOT NULL,
  `jg_showoriginalfilesize` int(1) NOT NULL,
  `jg_showdetaildownload` int(1) NOT NULL,
  `jg_watermark` int(1) NOT NULL,
  `jg_watermarkpos` int(1) NOT NULL,
  `jg_watermarkzoom` int(1) NOT NULL,
  `jg_watermarksize` int(1) NOT NULL,
  `jg_bigpic` int(1) NOT NULL,
  `jg_bigpic_unreg` int(1) NOT NULL,
  `jg_bigpic_open` varchar(50) NOT NULL,
  `jg_bbcodelink` int(1) NOT NULL,
  `jg_showcommentsunreg` int(1) NOT NULL,
  `jg_showcommentsarea` int(1) NOT NULL,
  `jg_send2friend` int(1) NOT NULL,
  `jg_minis` int(1) NOT NULL,
  `jg_motionminis` int(1) NOT NULL,
  `jg_motionminiWidth` int(3) NOT NULL,
  `jg_motionminiHeight` int(3) NOT NULL,
  `jg_motionminiLimit` int(2) NOT NULL DEFAULT '0',
  `jg_miniWidth` int(3) NOT NULL,
  `jg_miniHeight` int(3) NOT NULL,
  `jg_minisprop` int(1) NOT NULL,
  `jg_nameshields` int(1) NOT NULL,
  `jg_nameshields_others` int(1) NOT NULL,
  `jg_nameshields_unreg` int(1) NOT NULL,
  `jg_show_nameshields_unreg` int(1) NOT NULL,
  `jg_nameshields_height` int(3) NOT NULL,
  `jg_nameshields_width` int(3) NOT NULL,
  `jg_slideshow` int(1) NOT NULL,
  `jg_slideshow_timer` int(3) NOT NULL,
  `jg_slideshow_transition` int(1) NOT NULL,
  `jg_slideshow_transtime` int(3) NOT NULL,
  `jg_slideshow_maxdimauto` int(1) NOT NULL,
  `jg_slideshow_width` int(3) NOT NULL,
  `jg_slideshow_heigth` int(3) NOT NULL,
  `jg_slideshow_infopane` int(1) NOT NULL,
  `jg_slideshow_carousel` int(1) NOT NULL,
  `jg_slideshow_arrows` int(1) NOT NULL,
  `jg_slideshow_repeat` int(1) NOT NULL,
  `jg_showexifdata` int(1) NOT NULL,
  `jg_showgeotagging` int(1) NOT NULL,
  `jg_geotaggingkey` text NOT NULL,
  `jg_subifdtags` text NOT NULL,
  `jg_ifdotags` text NOT NULL,
  `jg_gpstags` text NOT NULL,
  `jg_showiptcdata` int(1) NOT NULL,
  `jg_iptctags` text NOT NULL,
  `jg_showtoplist` int(1) NOT NULL,
  `jg_toplist` int(3) NOT NULL,
  `jg_topthumbalign` int(1) NOT NULL,
  `jg_toptextalign` int(1) NOT NULL,
  `jg_toplistcols` int(3) NOT NULL,
  `jg_whereshowtoplist` int(1) NOT NULL,
  `jg_showrate` int(1) NOT NULL,
  `jg_showlatest` int(1) NOT NULL,
  `jg_showcom` int(1) NOT NULL,
  `jg_showthiscomment` int(1) NOT NULL,
  `jg_showmostviewed` int(1) NOT NULL,
  `jg_showtoplistdownload` int(1) NOT NULL,
  `jg_showtoplistfavourite` int(1) NOT NULL,
  `jg_toplist_report_images` int(1) NOT NULL,
  `jg_showtoplisteditorlinks` int(1) NOT NULL,
  `jg_favourites` int(1) NOT NULL,
  `jg_favouritesshownotauth` int(1) NOT NULL,
  `jg_maxfavourites` int(5) NOT NULL,
  `jg_zipdownload` int(1) NOT NULL,
  `jg_usefavouritesforpubliczip` int(1) NOT NULL,
  `jg_usefavouritesforzip` int(1) NOT NULL,
  `jg_allimagesofcategory` int(1) NOT NULL,
  `jg_showfavouritesdownload` int(1) NOT NULL,
  `jg_showfavouriteseditorlinks` int(1) NOT NULL,
  PRIMARY KEY (`id`)
) ENGINE=InnoDB  DEFAULT CHARSET=utf8 AUTO_INCREMENT=2 ;

INSERT INTO `jos_joomgallery_config` (`id`, `group_id`, `ordering`, `jg_pathimages`, `jg_pathoriginalimages`, `jg_paththumbs`, `jg_pathftpupload`, `jg_pathtemp`, `jg_wmpath`, `jg_wmfile`, `jg_use_real_paths`, `jg_checkupdate`, `jg_filenamewithjs`, `jg_filenamereplace`, `jg_thumbcreation`, `jg_fastgd2thumbcreation`, `jg_impath`, `jg_resizetomaxwidth`, `jg_maxwidth`, `jg_picturequality`, `jg_useforresizedirection`, `jg_cropposition`, `jg_thumbwidth`, `jg_thumbheight`, `jg_thumbquality`, `jg_uploadorder`, `jg_useorigfilename`, `jg_filenamenumber`, `jg_delete_original`, `jg_msg_upload_type`, `jg_msg_upload_recipients`, `jg_msg_download_type`, `jg_msg_download_recipients`, `jg_msg_zipdownload`, `jg_msg_comment_type`, `jg_msg_comment_recipients`, `jg_msg_comment_toowner`, `jg_msg_nametag_type`, `jg_msg_nametag_recipients`, `jg_msg_nametag_totaggeduser`, `jg_msg_nametag_toowner`, `jg_msg_report_type`, `jg_msg_report_recipients`, `jg_msg_report_toowner`, `jg_msg_rejectimg_type`, `jg_msg_global_from`, `jg_realname`, `jg_contentpluginsenabled`, `jg_itemid`, `jg_ajaxcategoryselection`, `jg_disableunrequiredchecks`, `jg_use_listbox_max_user_count`, `jg_userspace`, `jg_useruploaddefaultcat`, `jg_approve`, `jg_unregistered_permissions`, `jg_maxusercat`, `jg_maxuserimage`, `jg_maxuserimage_timespan`, `jg_maxfilesize`, `jg_usercatacc`, `jg_usercatthumbalign`, `jg_useruploadsingle`, `jg_maxuploadfields`, `jg_useruploadajax`, `jg_useruploadbatch`, `jg_useruploadjava`, `jg_useruseorigfilename`, `jg_useruploadnumber`, `jg_special_gif_upload`, `jg_delete_original_user`, `jg_newpiccopyright`, `jg_newpicnote`, `jg_redirect_after_upload`, `jg_edit_metadata`, `jg_download`, `jg_download_unreg`, `jg_download_hint`, `jg_downloadfile`, `jg_downloadwithwatermark`, `jg_showrating`, `jg_maxvoting`, `jg_ratingcalctype`, `jg_ratingdisplaytype`, `jg_ajaxrating`, `jg_votingonlyonce`, `jg_votingonlyreg`, `jg_showcomment`, `jg_anoncomment`, `jg_namedanoncomment`, `jg_anonapprovecom`, `jg_approvecom`, `jg_bbcodesupport`, `jg_smiliesupport`, `jg_anismilie`, `jg_smiliescolor`, `jg_report_images`, `jg_report_unreg`, `jg_report_hint`, `jg_alternative_layout`, `jg_anchors`, `jg_tooltips`, `jg_dyncrop`, `jg_dyncropposition`, `jg_dyncropwidth`, `jg_dyncropheight`, `jg_dyncropbgcol`, `jg_hideemptycats`, `jg_skipcatview`, `jg_imgalign`, `jg_showrestrictedcats`, `jg_showrestrictedhint`, `jg_firstorder`, `jg_secondorder`, `jg_thirdorder`, `jg_pagetitle_cat`, `jg_pagetitle_detail`, `jg_showgalleryhead`, `jg_showpathway`, `jg_completebreadcrumbs`, `jg_search`, `jg_searchcols`, `jg_searchthumbalign`, `jg_searchtextalign`, `jg_showsearchdownload`, `jg_showsearchfavourite`, `jg_search_report_images`, `jg_showsearcheditorlinks`, `jg_showallpics`, `jg_showallhits`, `jg_showbacklink`, `jg_suppresscredits`, `jg_showuserpanel`, `jg_showuserpanel_hint`, `jg_showuserpanel_unreg`, `jg_showallpicstoadmin`, `jg_showminithumbs`, `jg_openjs_padding`, `jg_openjs_background`, `jg_dhtml_border`, `jg_show_title_in_popup`, `jg_show_description_in_popup`, `jg_lightbox_speed`, `jg_lightbox_slide_all`, `jg_resize_js_image`, `jg_disable_rightclick_original`, `jg_showgallerysubhead`, `jg_showallcathead`, `jg_colcat`, `jg_catperpage`, `jg_ordercatbyalpha`, `jg_showgallerypagenav`, `jg_showcatcount`, `jg_showcatthumb`, `jg_showrandomcatthumb`, `jg_ctalign`, `jg_showtotalcatimages`, `jg_showtotalcathits`, `jg_showcatasnew`, `jg_catdaysnew`, `jg_showdescriptioningalleryview`, `jg_uploadicongallery`, `jg_showsubsingalleryview`, `jg_category_rss`, `jg_category_rss_icon`, `jg_uploadiconcategory`, `jg_showcathead`, `jg_usercatorder`, `jg_usercatorderlist`, `jg_showcatdescriptionincat`, `jg_showpagenav`, `jg_showpiccount`, `jg_perpage`, `jg_catthumbalign`, `jg_colnumb`, `jg_detailpic_open`, `jg_lightboxbigpic`, `jg_showtitle`, `jg_showpicasnew`, `jg_daysnew`, `jg_showhits`, `jg_showdownloads`, `jg_showauthor`, `jg_showowner`, `jg_showcatcom`, `jg_showcatrate`, `jg_showcatdescription`, `jg_showcategorydownload`, `jg_showcategoryfavourite`, `jg_category_report_images`, `jg_showcategoryeditorlinks`, `jg_showsubcathead`, `jg_showsubcatcount`, `jg_colsubcat`, `jg_subperpage`, `jg_showpagenavsubs`, `jg_subcatthumbalign`, `jg_showsubthumbs`, `jg_showrandomsubthumb`, `jg_showdescriptionincategoryview`, `jg_ordersubcatbyalpha`, `jg_showtotalsubcatimages`, `jg_showtotalsubcathits`, `jg_uploadiconsubcat`, `jg_showdetailpage`, `jg_disabledetailpage`, `jg_showdetailnumberofpics`, `jg_cursor_navigation`, `jg_disable_rightclick_detail`, `jg_detail_report_images`, `jg_showdetaileditorlinks`, `jg_showdetailtitle`, `jg_showdetail`, `jg_showdetailaccordion`, `jg_accordionduration`, `jg_accordiondisplay`, `jg_accordionopacity`, `jg_accordionalwayshide`, `jg_accordioninitialeffect`, `jg_showdetaildescription`, `jg_showdetaildatum`, `jg_showdetailhits`, `jg_showdetaildownloads`, `jg_showdetailrating`, `jg_showdetailfilesize`, `jg_showdetailauthor`, `jg_showoriginalfilesize`, `jg_showdetaildownload`, `jg_watermark`, `jg_watermarkpos`, `jg_watermarkzoom`, `jg_watermarksize`, `jg_bigpic`, `jg_bigpic_unreg`, `jg_bigpic_open`, `jg_bbcodelink`, `jg_showcommentsunreg`, `jg_showcommentsarea`, `jg_send2friend`, `jg_minis`, `jg_motionminis`, `jg_motionminiWidth`, `jg_motionminiHeight`, `jg_motionminiLimit`, `jg_miniWidth`, `jg_miniHeight`, `jg_minisprop`, `jg_nameshields`, `jg_nameshields_others`, `jg_nameshields_unreg`, `jg_show_nameshields_unreg`, `jg_nameshields_height`, `jg_nameshields_width`, `jg_slideshow`, `jg_slideshow_timer`, `jg_slideshow_transition`, `jg_slideshow_transtime`, `jg_slideshow_maxdimauto`, `jg_slideshow_width`, `jg_slideshow_heigth`, `jg_slideshow_infopane`, `jg_slideshow_carousel`, `jg_slideshow_arrows`, `jg_slideshow_repeat`, `jg_showexifdata`, `jg_showgeotagging`, `jg_geotaggingkey`, `jg_subifdtags`, `jg_ifdotags`, `jg_gpstags`, `jg_showiptcdata`, `jg_iptctags`, `jg_showtoplist`, `jg_toplist`, `jg_topthumbalign`, `jg_toptextalign`, `jg_toplistcols`, `jg_whereshowtoplist`, `jg_showrate`, `jg_showlatest`, `jg_showcom`, `jg_showthiscomment`, `jg_showmostviewed`, `jg_showtoplistdownload`, `jg_showtoplistfavourite`, `jg_toplist_report_images`, `jg_showtoplisteditorlinks`, `jg_favourites`, `jg_favouritesshownotauth`, `jg_maxfavourites`, `jg_zipdownload`, `jg_usefavouritesforpubliczip`, `jg_usefavouritesforzip`, `jg_allimagesofcategory`, `jg_showfavouritesdownload`, `jg_showfavouriteseditorlinks`) VALUES
(1, 1, 1, 'images/joomgallery/details/', 'images/joomgallery/originals/', 'images/joomgallery/thumbnails/', 'administrator/components/com_joomgallery/temp/ftp_upload/', 'administrator/components/com_joomgallery/temp/', 'media/joomgallery/images/', 'watermark.png', 1, 1, 1, 'Š|S,Œ|O,Ž|Z,š|s,œ|oe,ž|z,Ÿ|Y,¥|Y,µ|u,À|A,Á|A,Â|A,Ã|A,Ä|AE,Å|A,Æ|A,Ç|C,È|E,É|E,Ê|E,Ë|E,Ì|I,Í|I,Î|I,Ï|I,Ð|D,Ñ|N,Ò|O,Ó|O,Ô|O,Õ|O,Ö|OE,Ø|O,Ù|U,Ú|U,Û|U,Ü|UE,Ý|Y,à|a,á|a,â|a,ã|a,ä|ae,å|a,æ|a,ç|c,è|e,é|e,ê|e,ë|e,ì|i,í|i,î|i,ï|i,ð|o,ñ|n,ò|o,ó|o,ô|o,õ|o,ö|oe,ø|o,ù|u,ú|u,û|u,ü|ue,ý|y,ÿ|y,ß|ss,ă|a,ş|s,ţ|t,ț|t,Ț|T,Ș|S,ș|s,Ş|S', 'gd2', 1, '', 1, 1900, 100, 2, 2, 768, 540, 100, 2, 1, 1, 0, 2, '-1', 2, '-1', 0, 2, '-1', 0, 2, '-1', 1, 0, 2, '-1', 0, 1, 0, 0, 1, '', 0, 0, 25, 0, 0, 0, 0, 10, 500, 0, 2000000, 1, 1, 1, 3, 1, 1, 1, 0, 1, 1, 2, 1, 1, 1, 0, 0, 1, 1, 2, 1, 0, 5, 0, 0, 0, 1, 0, 1, 1, 1, 1, 1, 0, 0, 0, 'grey', 0, 1, 1, '_:default', 0, 0, 0, 2, 100, 100, '#ffffff', 0, 0, 0, 1, 0, 'ordering ASC', 'imgdate DESC', 'imgtitle DESC', '#page_title - [! COM_JOOMGALLERY_COMMON_CATEGORY!]: #cat', '#page_title - [! COM_JOOMGALLERY_COMMON_CATEGORY!]: #cat - [! COM_JOOMGALLERY_COMMON_IMAGE!]:  #img', 1, 0, 1, 0, 1, 1, 1, 0, 0, 0, 0, 0, 0, 0, 0, 0, 0, 0, 0, 0, 0, '#000000', '#808080', 1, 1, 5, 1, 1, 1, 1, 0, 3, 9, 0, 1, 0, 1, 3, 3, 0, 0, 0, 7, 0, 0, 0, 10, '0', 0, 0, 0, 'date', 0, 3, 0, 9, 3, 3, 'fancyBox', 0, 0, 0, 10, 0, 0, 0, 0, 0, 0, 0, 0, 0, 0, 0, 0, 0, 3, 9, 1, 3, 2, 3, 0, 0, 0, 0, 0, 1, 0, 0, 0, 0, 0, 0, 1, 1, 0, 300, 1, 0, 0, 1, 1, 0, 0, 0, 0, 0, 0, 0, 0, 0, 9, 0, 15, 0, 0, '6', 0, 0, 1, 0, 0, 2, 400, 50, 0, 28, 28, 2, 0, 1, 1, 0, 10, 6, 0, 6000, 0, 2000, 0, 640, 480, 0, 0, 0, 0, 0, 0, '', '', '', '', 0, '', 0, 12, 1, 1, 1, 0, 1, 1, 1, 1, 1, 0, 0, 0, 0, 0, 0, 0, 0, 0, 0, 0, 0, 0);

CREATE TABLE IF NOT EXISTS `jos_joomgallery_countstop` (
  `cspicid` int(11) NOT NULL DEFAULT '0',
  `csip` varchar(20) NOT NULL,
  `cssessionid` varchar(200) DEFAULT NULL,
  `cstime` datetime DEFAULT NULL,
  KEY `idx_cspicid` (`cspicid`)
) ENGINE=InnoDB DEFAULT CHARSET=utf8;

INSERT INTO `jos_joomgallery_countstop` (`cspicid`, `csip`, `cssessionid`, `cstime`) VALUES
(19, '192.168.9.155', 'FvkFR9dfmI2gBXdIHcHtHWgxBunEqQ3T', '2016-06-23 16:27:11');

CREATE TABLE IF NOT EXISTS `jos_joomgallery_image_details` (
  `id` int(11) NOT NULL,
  `details_key` varchar(255) NOT NULL,
  `details_value` text NOT NULL,
  `ordering` int(11) NOT NULL,
  PRIMARY KEY (`id`,`details_key`)
) ENGINE=InnoDB DEFAULT CHARSET=utf8;

CREATE TABLE IF NOT EXISTS `jos_joomgallery_maintenance` (
  `id` int(11) NOT NULL AUTO_INCREMENT,
  `refid` int(11) NOT NULL,
  `catid` int(11) NOT NULL,
  `owner` int(11) NOT NULL,
  `title` text NOT NULL,
  `thumb` varchar(255) NOT NULL,
  `img` varchar(255) NOT NULL,
  `orig` varchar(255) NOT NULL,
  `thumborphan` int(11) NOT NULL,
  `imgorphan` int(11) NOT NULL,
  `origorphan` int(11) NOT NULL,
  `type` tinyint(1) NOT NULL,
  PRIMARY KEY (`id`)
) ENGINE=InnoDB DEFAULT CHARSET=utf8 AUTO_INCREMENT=1 ;

CREATE TABLE IF NOT EXISTS `jos_joomgallery_nameshields` (
  `nid` int(11) NOT NULL AUTO_INCREMENT,
  `npicid` int(11) NOT NULL DEFAULT '0',
  `nuserid` int(11) unsigned NOT NULL DEFAULT '0',
  `nxvalue` int(11) NOT NULL DEFAULT '0',
  `nyvalue` int(11) NOT NULL DEFAULT '0',
  `by` int(11) NOT NULL DEFAULT '0',
  `nuserip` varchar(15) NOT NULL DEFAULT '0',
  `ndate` datetime NOT NULL,
  `nzindex` int(11) NOT NULL DEFAULT '0',
  PRIMARY KEY (`nid`),
  KEY `idx_picid` (`npicid`)
) ENGINE=InnoDB DEFAULT CHARSET=utf8 AUTO_INCREMENT=1 ;

CREATE TABLE IF NOT EXISTS `jos_joomgallery_orphans` (
  `id` int(11) NOT NULL AUTO_INCREMENT,
  `fullpath` varchar(255) NOT NULL,
  `type` varchar(7) NOT NULL,
  `refid` int(11) NOT NULL,
  `title` text NOT NULL,
  PRIMARY KEY (`id`),
  KEY `fullpath` (`fullpath`)
) ENGINE=InnoDB DEFAULT CHARSET=utf8 AUTO_INCREMENT=1 ;

CREATE TABLE IF NOT EXISTS `jos_joomgallery_users` (
  `uid` int(11) NOT NULL AUTO_INCREMENT,
  `uuserid` int(11) NOT NULL DEFAULT '0',
  `piclist` text,
  `layout` int(1) NOT NULL,
  `time` datetime NOT NULL,
  `zipname` varchar(70) NOT NULL,
  PRIMARY KEY (`uid`),
  KEY `idx_uid` (`uuserid`)
) ENGINE=InnoDB DEFAULT CHARSET=utf8 AUTO_INCREMENT=1 ;

CREATE TABLE IF NOT EXISTS `jos_joomgallery_votes` (
  `voteid` int(11) NOT NULL AUTO_INCREMENT,
  `picid` int(11) NOT NULL DEFAULT '0',
  `userid` int(11) unsigned NOT NULL DEFAULT '0',
  `userip` varchar(15) NOT NULL DEFAULT '0',
  `datevoted` datetime NOT NULL,
  `vote` int(11) NOT NULL DEFAULT '0',
  PRIMARY KEY (`voteid`),
  KEY `idx_picid` (`picid`)
) ENGINE=InnoDB DEFAULT CHARSET=utf8 AUTO_INCREMENT=1 ;

CREATE TABLE IF NOT EXISTS `jos_komento_acl` (
  `id` bigint(20) unsigned NOT NULL AUTO_INCREMENT,
  `cid` varchar(255) NOT NULL,
  `component` varchar(255) NOT NULL,
  `type` varchar(255) NOT NULL,
  `rules` text NOT NULL,
  PRIMARY KEY (`id`),
  KEY `komento_acl_content_type` (`type`)
) ENGINE=InnoDB  DEFAULT CHARSET=utf8 AUTO_INCREMENT=10 ;

INSERT INTO `jos_komento_acl` (`id`, `cid`, `component`, `type`, `rules`) VALUES
(1, '1', 'com_content', 'usergroup', '{"read_comment":true,"read_stickies":true,"read_lovies":true,"add_comment":true,"like_comment":false,"report_comment":false,"share_comment":true,"reply_comment":false,"upload_attachment":false,"download_attachment":true,"edit_own_comment":false,"delete_own_comment":false,"delete_own_attachment":false,"author_edit_comment":false,"author_delete_comment":false,"author_publish_comment":false,"author_unpublish_comment":false,"author_stick_comment":false,"author_delete_attachment":false,"edit_all_comment":false,"delete_all_comment":false,"publish_all_comment":false,"unpublish_all_comment":false,"stick_all_comment":false,"delete_all_attachment":false,"read_others_comment":true}'),
(2, '9', 'com_content', 'usergroup', '{"read_comment":true,"read_stickies":true,"read_lovies":true,"add_comment":true,"like_comment":false,"report_comment":false,"share_comment":true,"reply_comment":false,"upload_attachment":false,"download_attachment":true,"edit_own_comment":false,"delete_own_comment":false,"delete_own_attachment":false,"author_edit_comment":false,"author_delete_comment":false,"author_publish_comment":false,"author_unpublish_comment":false,"author_stick_comment":false,"author_delete_attachment":false,"edit_all_comment":false,"delete_all_comment":false,"publish_all_comment":false,"unpublish_all_comment":false,"stick_all_comment":false,"delete_all_attachment":false,"read_others_comment":true}'),
(3, '2', 'com_content', 'usergroup', '{"read_comment":true,"read_stickies":true,"read_lovies":true,"add_comment":true,"like_comment":true,"report_comment":true,"share_comment":true,"reply_comment":true,"upload_attachment":true,"download_attachment":true,"edit_own_comment":false,"delete_own_comment":false,"delete_own_attachment":false,"author_edit_comment":false,"author_delete_comment":false,"author_publish_comment":false,"author_unpublish_comment":false,"author_stick_comment":false,"author_delete_attachment":false,"edit_all_comment":false,"delete_all_comment":false,"publish_all_comment":false,"unpublish_all_comment":false,"stick_all_comment":false,"delete_all_attachment":false,"read_others_comment":true}'),
(4, '6', 'com_content', 'usergroup', '{"read_comment":true,"read_stickies":true,"read_lovies":true,"add_comment":true,"like_comment":true,"report_comment":true,"share_comment":true,"reply_comment":true,"upload_attachment":true,"download_attachment":true,"edit_own_comment":true,"delete_own_comment":true,"delete_own_attachment":true,"author_edit_comment":false,"author_delete_comment":false,"author_publish_comment":false,"author_unpublish_comment":false,"author_stick_comment":false,"author_delete_attachment":false,"edit_all_comment":false,"delete_all_comment":false,"publish_all_comment":false,"unpublish_all_comment":false,"stick_all_comment":false,"delete_all_attachment":false,"read_others_comment":true}'),
(5, '7', 'com_content', 'usergroup', '{"read_comment":true,"read_stickies":true,"read_lovies":true,"add_comment":true,"like_comment":true,"report_comment":true,"share_comment":true,"reply_comment":true,"upload_attachment":true,"download_attachment":true,"edit_own_comment":true,"delete_own_comment":true,"delete_own_attachment":true,"author_edit_comment":false,"author_delete_comment":false,"author_publish_comment":false,"author_unpublish_comment":false,"author_stick_comment":false,"author_delete_attachment":false,"edit_all_comment":true,"delete_all_comment":true,"publish_all_comment":true,"unpublish_all_comment":true,"stick_all_comment":true,"delete_all_attachment":true,"read_others_comment":true}'),
(6, '3', 'com_content', 'usergroup', '{"read_comment":true,"read_stickies":true,"read_lovies":true,"add_comment":true,"like_comment":true,"report_comment":true,"share_comment":true,"reply_comment":true,"upload_attachment":true,"download_attachment":true,"edit_own_comment":true,"delete_own_comment":false,"delete_own_attachment":false,"author_edit_comment":true,"author_delete_comment":true,"author_publish_comment":true,"author_unpublish_comment":true,"author_stick_comment":true,"author_delete_attachment":true,"edit_all_comment":false,"delete_all_comment":false,"publish_all_comment":false,"unpublish_all_comment":false,"stick_all_comment":false,"delete_all_attachment":false,"read_others_comment":true}'),
(7, '4', 'com_content', 'usergroup', '{"read_comment":true,"read_stickies":true,"read_lovies":true,"add_comment":true,"like_comment":true,"report_comment":true,"share_comment":true,"reply_comment":true,"upload_attachment":true,"download_attachment":true,"edit_own_comment":true,"delete_own_comment":false,"delete_own_attachment":false,"author_edit_comment":true,"author_delete_comment":true,"author_publish_comment":true,"author_unpublish_comment":true,"author_stick_comment":true,"author_delete_attachment":true,"edit_all_comment":false,"delete_all_comment":false,"publish_all_comment":false,"unpublish_all_comment":false,"stick_all_comment":false,"delete_all_attachment":false,"read_others_comment":true}'),
(8, '5', 'com_content', 'usergroup', '{"read_comment":true,"read_stickies":true,"read_lovies":true,"add_comment":true,"like_comment":true,"report_comment":true,"share_comment":true,"reply_comment":true,"upload_attachment":true,"download_attachment":true,"edit_own_comment":true,"delete_own_comment":false,"delete_own_attachment":false,"author_edit_comment":true,"author_delete_comment":true,"author_publish_comment":true,"author_unpublish_comment":true,"author_stick_comment":true,"author_delete_attachment":true,"edit_all_comment":false,"delete_all_comment":false,"publish_all_comment":true,"unpublish_all_comment":true,"stick_all_comment":true,"delete_all_attachment":false,"read_others_comment":true}'),
(9, '8', 'com_content', 'usergroup', '{"read_comment":true,"read_stickies":true,"read_lovies":true,"add_comment":true,"like_comment":true,"report_comment":true,"share_comment":true,"reply_comment":true,"upload_attachment":true,"download_attachment":true,"edit_own_comment":true,"delete_own_comment":true,"delete_own_attachment":true,"author_edit_comment":true,"author_delete_comment":true,"author_publish_comment":true,"author_unpublish_comment":true,"author_stick_comment":true,"author_delete_attachment":true,"edit_all_comment":true,"delete_all_comment":true,"publish_all_comment":true,"unpublish_all_comment":true,"stick_all_comment":true,"delete_all_attachment":true,"read_others_comment":true}');

CREATE TABLE IF NOT EXISTS `jos_komento_actions` (
  `id` bigint(20) unsigned NOT NULL AUTO_INCREMENT,
  `type` varchar(20) NOT NULL,
  `comment_id` bigint(20) unsigned NOT NULL,
  `action_by` bigint(20) unsigned NOT NULL DEFAULT '0',
  `actioned` datetime NOT NULL DEFAULT '0000-00-00 00:00:00',
  PRIMARY KEY (`id`),
  KEY `komento_actions` (`type`,`comment_id`,`action_by`),
  KEY `komento_actions_comment_id` (`comment_id`)
) ENGINE=InnoDB DEFAULT CHARSET=utf8 AUTO_INCREMENT=1 ;

CREATE TABLE IF NOT EXISTS `jos_komento_activities` (
  `id` bigint(20) NOT NULL AUTO_INCREMENT,
  `type` varchar(20) NOT NULL,
  `comment_id` bigint(20) NOT NULL,
  `uid` bigint(20) NOT NULL,
  `created` datetime NOT NULL DEFAULT '0000-00-00 00:00:00',
  `published` tinyint(1) NOT NULL,
  PRIMARY KEY (`id`)
) ENGINE=InnoDB  DEFAULT CHARSET=utf8 AUTO_INCREMENT=24 ;

INSERT INTO `jos_komento_activities` (`id`, `type`, `comment_id`, `uid`, `created`, `published`) VALUES
(2, 'comment', 30, 0, '2016-05-06 14:28:30', 1),
(3, 'comment', 29, 0, '2016-05-06 14:28:30', 1),
(4, 'comment', 50, 0, '2016-05-06 14:28:41', 1),
(5, 'comment', 49, 0, '2016-05-06 14:28:41', 1),
(6, 'comment', 48, 0, '2016-05-06 14:28:41', 1),
(7, 'comment', 47, 0, '2016-05-06 14:28:41', 1),
(8, 'comment', 46, 0, '2016-05-06 14:28:41', 1),
(9, 'comment', 45, 0, '2016-05-06 14:28:41', 1),
(10, 'comment', 44, 0, '2016-05-06 14:28:41', 1),
(11, 'comment', 43, 0, '2016-05-06 14:28:41', 1),
(12, 'comment', 42, 0, '2016-05-06 14:28:41', 1),
(13, 'comment', 41, 0, '2016-05-06 14:28:41', 1),
(14, 'comment', 40, 0, '2016-05-06 14:28:41', 1),
(15, 'comment', 39, 0, '2016-05-06 14:28:41', 1),
(16, 'comment', 38, 0, '2016-05-06 14:28:41', 1),
(17, 'comment', 37, 0, '2016-05-06 14:28:41', 1),
(18, 'comment', 36, 0, '2016-05-06 14:28:41', 1),
(19, 'comment', 35, 0, '2016-05-06 14:28:41', 1),
(20, 'comment', 34, 0, '2016-05-06 14:28:41', 1),
(21, 'comment', 33, 0, '2016-05-06 14:28:41', 1),
(22, 'comment', 32, 0, '2016-05-06 14:28:41', 1),
(23, 'comment', 31, 0, '2016-05-06 14:28:41', 1);

CREATE TABLE IF NOT EXISTS `jos_komento_captcha` (
  `id` int(11) NOT NULL AUTO_INCREMENT,
  `response` varchar(5) NOT NULL,
  `created` datetime NOT NULL,
  PRIMARY KEY (`id`)
) ENGINE=InnoDB DEFAULT CHARSET=utf8 AUTO_INCREMENT=1 ;

CREATE TABLE IF NOT EXISTS `jos_komento_comments` (
  `id` bigint(20) unsigned NOT NULL AUTO_INCREMENT,
  `component` varchar(255) NOT NULL,
  `cid` bigint(20) unsigned NOT NULL,
  `comment` text,
  `name` varchar(255) NOT NULL,
  `title` varchar(255) NOT NULL,
  `email` varchar(255) DEFAULT '',
  `url` varchar(255) DEFAULT '',
  `ip` varchar(255) DEFAULT '',
  `created_by` bigint(20) unsigned DEFAULT '0',
  `created` datetime NOT NULL DEFAULT '0000-00-00 00:00:00',
  `modified_by` bigint(20) unsigned DEFAULT '0',
  `modified` datetime DEFAULT '0000-00-00 00:00:00',
  `deleted_by` bigint(20) unsigned DEFAULT '0',
  `deleted` datetime DEFAULT '0000-00-00 00:00:00',
  `flag` tinyint(1) DEFAULT '0',
  `published` tinyint(1) unsigned NOT NULL DEFAULT '0',
  `publish_up` datetime DEFAULT '0000-00-00 00:00:00',
  `publish_down` datetime DEFAULT '0000-00-00 00:00:00',
  `sticked` tinyint(1) unsigned NOT NULL DEFAULT '0',
  `sent` tinyint(1) DEFAULT '0',
  `parent_id` int(11) unsigned DEFAULT '0',
  `lft` int(11) unsigned NOT NULL DEFAULT '0',
  `rgt` int(11) unsigned NOT NULL DEFAULT '0',
  `depth` int(11) unsigned NOT NULL DEFAULT '0',
  `latitude` varchar(255) DEFAULT NULL,
  `longitude` varchar(255) DEFAULT NULL,
  `address` text,
  `params` text,
  `ratings` int(11) unsigned DEFAULT '0',
  PRIMARY KEY (`id`),
  KEY `komento_threaded` (`component`,`cid`,`published`,`lft`,`rgt`),
  KEY `komento_threaded_reverse` (`component`,`cid`,`published`,`rgt`),
  KEY `komento_module_comments` (`component`,`cid`,`published`,`created`),
  KEY `komento_backend` (`parent_id`,`created`)
) ENGINE=InnoDB  DEFAULT CHARSET=utf8 AUTO_INCREMENT=51 ;

INSERT INTO `jos_komento_comments` (`id`, `component`, `cid`, `comment`, `name`, `title`, `email`, `url`, `ip`, `created_by`, `created`, `modified_by`, `modified`, `deleted_by`, `deleted`, `flag`, `published`, `publish_up`, `publish_down`, `sticked`, `sent`, `parent_id`, `lft`, `rgt`, `depth`, `latitude`, `longitude`, `address`, `params`, `ratings`) VALUES
(1, 'com_content', 118, 'The author did a great job with all these research work. Really valuable information, thank you!', 'James Bernard', '', 'james_bernard@gmail.com', '', '127.0.0.1', 0, '2014-05-03 09:58:29', 846, '2015-10-15 12:20:08', 0, '0000-00-00 00:00:00', 0, 0, '2015-02-25 13:41:36', '2016-04-01 05:36:34', 0, 0, 0, 1, 4, 0, '', '', '', '{}', 0),
(2, 'com_content', 118, 'Completely agree with the author. Modern businessmen should involve young people, introduce brands to them, socialize… Looks like a fresh product market!', 'Bill Brown', '', 'bill_brown@gmail.com', '', '127.0.0.1', 0, '2014-05-03 09:59:15', 846, '2015-10-15 12:20:34', 0, '0000-00-00 00:00:00', 0, 0, '2014-05-03 09:59:30', '2016-04-01 05:36:27', 0, 0, 0, 5, 8, 0, '', '', '', '{}', 0),
(3, 'com_content', 118, 'That’s awesome! Future belongs to youngsters, so businessmen can’t ignore their needs in any case.', 'Demo User', '', 'demo@demoolink.org', '', '127.0.0.1', 846, '2014-05-03 10:02:21', 846, '2015-10-15 12:20:52', 0, '0000-00-00 00:00:00', 0, 0, '2014-05-03 10:02:21', '2016-04-01 05:36:27', 0, 0, 2, 6, 7, 1, '', '', '', '{}', 0),
(4, 'com_content', 118, 'fdghfsdfg', 'asdasd', '', 'asdas@r.ru', '', '192.168.9.111', 0, '2015-07-03 14:13:52', 0, '0000-00-00 00:00:00', 0, '0000-00-00 00:00:00', 0, 2, '0000-00-00 00:00:00', '0000-00-00 00:00:00', 0, 0, 0, 9, 10, 0, '', '', '', NULL, 0),
(5, 'com_content', 118, 'DSFGJHGDFDGH', 'asdsad', '', 'ssad@r.ru', '', '192.168.9.111', 0, '2015-07-03 14:21:06', 0, '0000-00-00 00:00:00', 0, '0000-00-00 00:00:00', 0, 2, '0000-00-00 00:00:00', '0000-00-00 00:00:00', 0, 0, 0, 11, 12, 0, '', '', '', NULL, 0),
(29, 'com_content', 118, 'I''ve already been to this show several times. Each time the organizers have something to amaze the visitors with - various kinds of vehicles, new concept cars, amazing presentations etc. Last year exhibition was outstanding, and I think this show is definitely worth visiting.', 'Diane Howard', '', 'howard@demolink.org', '', '::1', 0, '2016-05-06 14:12:10', 0, '0000-00-00 00:00:00', 0, '0000-00-00 00:00:00', 0, 1, '2016-05-06 14:28:30', '0000-00-00 00:00:00', 0, 0, 0, 13, 14, 0, '', '', '', '{}', 0),
(30, 'com_content', 118, 'I believe all enthusiasts know about this show. As for me, I was really excited when I visited it in Ontario, Canada, 6 years ago. I hope it has not changed much or at least changed for the better, as it is the only source of getting the latest information about motor industry trends and its fresh news.', 'James Cox', '', 'cox@demolink.org', '', '::1', 0, '2016-05-06 14:12:58', 0, '0000-00-00 00:00:00', 0, '0000-00-00 00:00:00', 0, 1, '2016-05-06 14:28:30', '0000-00-00 00:00:00', 0, 0, 0, 15, 16, 0, '', '', '', '{}', 0),
(31, 'com_content', 119, 'Wow, it''s great news! I am a big fan of everything Fox TV produces, especially of their successful show "Bones" that has already experienced more than 10 years of broadcast. I will certainly invite my friends to this highly anticipated event!', 'Keith Hernandez', '', 'hernandez@demolink.org', '', '::1', 0, '2016-05-06 14:14:11', 0, '0000-00-00 00:00:00', 0, '0000-00-00 00:00:00', 0, 1, '2016-05-06 14:28:41', '0000-00-00 00:00:00', 0, 0, 0, 1, 2, 0, '', '', '', '{}', 0),
(32, 'com_content', 119, 'I heard enough rumors about this event from executive directors and employees of other American TV channels but still couldn''t believe it can be done in such scale. However, I am satisfied that Fox''s board of directors decided to make this venture real, and I hope it will be successful.', 'Fred Martin', '', 'martin@demolink.org', '', '::1', 0, '2016-05-06 14:14:40', 0, '0000-00-00 00:00:00', 0, '0000-00-00 00:00:00', 0, 1, '2016-05-06 14:28:41', '0000-00-00 00:00:00', 0, 0, 0, 3, 4, 0, '', '', '', '{}', 0),
(33, 'com_content', 120, 'The works by Mr. Lewis have always attracted me with their topicality, and his civic stand is the reason why I became a specialist in ecology. I am glad that his ideas will be used to change the situation of environment protection in our world.', 'Nancy Phillips', '', 'phillips@demolink.org', '', '::1', 0, '2016-05-06 14:15:32', 0, '0000-00-00 00:00:00', 0, '0000-00-00 00:00:00', 0, 1, '2016-05-06 14:28:41', '0000-00-00 00:00:00', 0, 0, 0, 1, 2, 0, '', '', '', '{}', 0),
(34, 'com_content', 120, 'I do not support Jerry C. Lewis in everything he does, but his latest ideas and initiatives are really worthy ones. I hope they can be implemented in the world''s governmental acts without any difficulties. The issue of climate regulation and environmental protection is now the most critical one.', 'Russell Hughes', '', 'hughes@demolink.org', '', '::1', 0, '2016-05-06 14:16:22', 0, '0000-00-00 00:00:00', 0, '0000-00-00 00:00:00', 0, 1, '2016-05-06 14:28:41', '0000-00-00 00:00:00', 0, 0, 0, 3, 4, 0, '', '', '', '{}', 0),
(35, 'com_content', 15, 'I haven''t expected science can be beneficial to studying human feelings and emotions. However, the result of the research appeared to be quite predictable. Music is often the only relief for me when I feel depressed or sad. Still, we have to respect the tastes of others as it is a key to our musical satisfaction.', 'Rose Torres', '', 'torres@demolink.org', '', '::1', 0, '2016-05-06 14:19:55', 0, '0000-00-00 00:00:00', 0, '0000-00-00 00:00:00', 0, 1, '2016-05-06 14:28:41', '0000-00-00 00:00:00', 0, 0, 0, 1, 2, 0, '', '', '', '{}', 0),
(36, 'com_content', 15, 'I''m not surprised that scientists have come to such a result. Music has been human''s concomitant since the beginning of our civilization and I think music and humanity are closely connected. However, if you do not enjoy a certain style, it will be hard for you to benefit from music emotionally.', 'Daniel Richards', '', 'richards@demolink.org', '', '::1', 0, '2016-05-06 14:20:19', 0, '0000-00-00 00:00:00', 0, '0000-00-00 00:00:00', 0, 1, '2016-05-06 14:28:41', '0000-00-00 00:00:00', 0, 0, 0, 3, 4, 0, '', '', '', '{}', 0),
(37, 'com_content', 8, 'As a resident of Miami, I''m not very satisfied with the decision of organizers to change the venue. However, it must have really been a forced step. I hope this year fair will be worthy or even better than last year. And I hope Miami Exhibition Center will become available again next year.', 'Jonathan Russell', '', 'russell@demolink.org', '', '::1', 0, '2016-05-06 14:20:57', 0, '0000-00-00 00:00:00', 0, '0000-00-00 00:00:00', 0, 1, '2016-05-06 14:28:41', '0000-00-00 00:00:00', 0, 0, 0, 1, 2, 0, '', '', '', '{}', 0),
(38, 'com_content', 8, 'As for me, the American Tea and Coffee Fair is one of the most original events devoted to two widely spread drinks. If you love tea and enjoy drinking coffee, this fair is number one event for you. You can freely invite your family and friends to visit it and benefit from your free time.', 'Peter Clark', '', 'clark@demolink.org', '', '::1', 0, '2016-05-06 14:21:52', 0, '0000-00-00 00:00:00', 0, '0000-00-00 00:00:00', 0, 1, '2016-05-06 14:28:41', '0000-00-00 00:00:00', 0, 0, 0, 3, 4, 0, '', '', '', '{}', 0),
(39, 'com_content', 14, 'My sister has been talking a lot about Bernard''s pictures and his special approach to every masterpiece he creates. It all sounded so interesting that I could not resist visiting his exhibition in Dallas 3 months ago. What I saw surpassed my expectations. James''s works are really spectacular. If you live in LA, I recommend you to visit the upcoming exhibition in this city.', 'Russell Turner', '', 'turner@demolink.org', '', '::1', 0, '2016-05-06 14:22:25', 0, '0000-00-00 00:00:00', 0, '0000-00-00 00:00:00', 0, 1, '2016-05-06 14:28:41', '0000-00-00 00:00:00', 0, 0, 0, 1, 2, 0, '', '', '', '{}', 0),
(40, 'com_content', 14, 'Great news! I visited the exhibition of Bernard''s Art School in 2010 and it was spectacular. I was completely satisfied with what I saw last month in Miami at his art exhibition. You should definitely visit the upcoming one in LA, you won''t regret!', 'Jim Johnson', '', 'johnson@demolink.org', '', '::1', 0, '2016-05-06 14:22:58', 0, '0000-00-00 00:00:00', 0, '0000-00-00 00:00:00', 0, 1, '2016-05-06 14:28:41', '0000-00-00 00:00:00', 0, 0, 0, 3, 4, 0, '', '', '', '{}', 0),
(41, 'com_content', 12, 'I doubt that simple discussion can change anything in our country, but if you really have an idea to share, this is your chance to shake our government up. It''s quite a good initiative, but to my mind, it will only work when all results of discussion are formed into real suggestions for statesmen.', 'Bonnie Ross', '', 'ross@demolink.org', '', '::1', 0, '2016-05-06 14:23:38', 0, '0000-00-00 00:00:00', 0, '0000-00-00 00:00:00', 0, 1, '2016-05-06 14:28:41', '0000-00-00 00:00:00', 0, 0, 0, 1, 2, 0, '', '', '', '{}', 0),
(42, 'com_content', 12, 'I hope this project will change something in our social and political state because many of our state''s residents are really fed up with the current situation including the world economic crisis, poverty, overpopulation etc.', 'Katherine Cook', '', 'cook@demolink.org', '', '::1', 0, '2016-05-06 14:24:09', 0, '0000-00-00 00:00:00', 0, '0000-00-00 00:00:00', 0, 1, '2016-05-06 14:28:41', '0000-00-00 00:00:00', 0, 0, 0, 3, 4, 0, '', '', '', '{}', 0),
(43, 'com_content', 13, 'I am grateful for the opportunities you provide to everyone who wants to learn basic and advanced defense skills. Every evening I have to make my way through a dangerous area, and your course is a real rescue for me.', 'Jane Ramirez', '', 'ramirez@demolink.org', '', '::1', 0, '2016-05-06 14:24:37', 0, '0000-00-00 00:00:00', 0, '0000-00-00 00:00:00', 0, 1, '2016-05-06 14:28:41', '0000-00-00 00:00:00', 0, 0, 0, 1, 2, 0, '', '', '', '{}', 0),
(44, 'com_content', 13, 'This course includes everything you may need to learn basic self-defense skills. As a professional fighter, I recommend you to check out the video tutorials of Bradley Roberts. He is the acknowledged and licensed professional in self-defense and martial arts. With his guidance, you can benefit from learning how to defend yourself.', 'Wesley Mills', '', 'mills@demolink.org', '', '::1', 0, '2016-05-06 14:25:00', 0, '0000-00-00 00:00:00', 0, '0000-00-00 00:00:00', 0, 1, '2016-05-06 14:28:41', '0000-00-00 00:00:00', 0, 0, 0, 3, 4, 0, '', '', '', '{}', 0),
(45, 'com_content', 9, 'Management is an important element of every company''s work, but cost management is even more important because it gives every businessman an opportunity to control the financial side of his company, and manage its resources effectively.', 'Kelly Murphy', '', 'murphy@demolink.org', '', '::1', 0, '2016-05-06 14:25:39', 0, '0000-00-00 00:00:00', 0, '0000-00-00 00:00:00', 0, 1, '2016-05-06 14:28:41', '0000-00-00 00:00:00', 0, 0, 0, 1, 2, 0, '', '', '', '{}', 0),
(46, 'com_content', 9, 'It''s amazing! These services have really helped my company to manage several important projects and to establish good reputation of my business. And I think if cost management is applied correctly, it can improve the whole financial state of any company.', 'Kate Doyle', '', 'doyle@demolink.org', '', '::1', 0, '2016-05-06 14:26:04', 0, '0000-00-00 00:00:00', 0, '0000-00-00 00:00:00', 0, 1, '2016-05-06 14:28:41', '0000-00-00 00:00:00', 0, 0, 0, 3, 4, 0, '', '', '', '{}', 0),
(47, 'com_content', 10, 'My town has always been deprived of the latest technological achievements of humanity. It''s great news that our government has supported this initiative. I hope we will have high-quality digital television network by next year.', 'Bert McGuire', '', 'mcguire@demolink.org', '', '::1', 0, '2016-05-06 14:26:36', 0, '0000-00-00 00:00:00', 0, '0000-00-00 00:00:00', 0, 1, '2016-05-06 14:28:41', '0000-00-00 00:00:00', 0, 0, 0, 1, 2, 0, '', '', '', '{}', 0),
(48, 'com_content', 10, 'This initiative may seem very risky, but I am very glad that my city is one of the first introduced to the digital broadcasting technologies and entertainment in my country.', 'Brandon Morrison', '', 'morrison@demolink.org', '', '::1', 0, '2016-05-06 14:27:00', 0, '0000-00-00 00:00:00', 0, '0000-00-00 00:00:00', 0, 1, '2016-05-06 14:28:41', '0000-00-00 00:00:00', 0, 0, 0, 3, 4, 0, '', '', '', '{}', 0),
(49, 'com_content', 11, 'My younger sister was not interested in reading books at all until we visited this exhibition. It was an experience full of positive emotions and great impressions. The most important fact is that the event aroused her interest in reading, though I didn''t expect it to happen.', 'Mary Lee', '', 'lee@demolink.org', '', '::1', 0, '2016-05-06 14:27:39', 0, '0000-00-00 00:00:00', 0, '0000-00-00 00:00:00', 0, 1, '2016-05-06 14:28:41', '0000-00-00 00:00:00', 0, 0, 0, 1, 2, 0, '', '', '', '{}', 0),
(50, 'com_content', 11, 'My son had a lot of fun at the exhibition - he took photos of his favorite book heroes, read some short stories by young yet exceptionally talented authors and had a good time at the CBE''s playground. It was a perfect opportunity to spend our free time and learn something new.', 'Michael jenkins', '', 'jenkins@demolink.org', '', '::1', 0, '2016-05-06 14:28:05', 0, '0000-00-00 00:00:00', 0, '0000-00-00 00:00:00', 0, 1, '2016-05-06 14:28:41', '0000-00-00 00:00:00', 0, 0, 0, 3, 4, 0, '', '', '', '{}', 0);

CREATE TABLE IF NOT EXISTS `jos_komento_configs` (
  `component` varchar(255) NOT NULL,
  `params` text NOT NULL
) ENGINE=InnoDB DEFAULT CHARSET=utf8;

INSERT INTO `jos_komento_configs` (`component`, `params`) VALUES
('com_komento_comments_columns', '{"column_comment":"1","column_published":"1","column_sticked":"1","column_link":"1","column_edit":"1","column_component":"1","column_article":"1","column_date":"1","column_author":"1","column_id":"1","column_email":"1","column_homepage":"0","column_ip":"0","column_latitude":"0","column_longitude":"0","column_address":"0"}'),
('com_komento_pending_columns', '{"column_comment":1,"column_published":1,"column_link":1,"column_edit":1,"column_component":1,"column_article":1,"column_date":1,"column_author":1,"column_id":1}'),
('com_komento_reports_columns', '{"column_comment":1,"column_published":1,"column_link":1,"column_edit":1,"column_component":1,"column_article":1,"column_date":1,"column_author":1,"column_id":1}'),
('com_komento', '{"profile_enable":"0","profile_tab_comments":"1","profile_tab_activities":"1","profile_tab_popular":"1","profile_tab_sticked":"1","name_type":"default","layout_avatar_integration":"gravatar","layout_phpbb_path":"","layout_phpbb_url":"","profile_activities_comments":"1","profile_activities_replies":"1","profile_activities_likes":"1"}'),
('com_content', '{"enable_komento":"1","disable_komento_on_tmpl_component":"1","allowed_categories_mode":"1","allowed_categories":["11","12","13","14","15","48","49","50","51","52","53","54"],"enable_orphanitem_convert":"0","orphanitem_ownership":"0","enable_login_form":"0","login_provider":"joomla","enable_moderation":"1","requires_moderation":["1","9","2"],"subscription_auto":"0","subscription_confirmation":"0","pagebreak_load":"last","antispam_akismet":"0","antispam_akismet_key":"","antispam_akismet_trackback":"0","antispam_flood_control":"0","antispam_flood_interval":"10","antispam_min_length_enable":"0","antispam_min_length":"10","antispam_max_length_enable":"0","antispam_max_length":"300","filter_word":"0","filter_word_text":"","blacklist_ip":"","antispam_captcha_enable":"0","antispam_captcha_type":"0","show_captcha":["1"],"antispam_recaptcha_ssl":"0","antispam_recaptcha_public_key":"","antispam_recaptcha_private_key":"","antispam_recaptcha_theme":"clean","antispam_recaptcha_lang":"en","layout_theme":"kuro","enable_responsive":"1","tabbed_comments":"0","max_threaded_level":"5","enable_threaded":"1","thread_indentation":"20","show_sort_buttons":"0","default_sort":"oldest","load_previous":"0","max_comments_per_page":"10","layout_template_override":"1","layout_component_override":"1","layout_inherit_kuro_css":"0","layout_css_admin":"kmt-comment-item-admin","layout_css_registered":"kmt-comment-item-registered","layout_css_author":"kmt-comment-item-author","layout_css_public":"kmt-comment-item-public","name_type":"default","guest_label":"1","auto_hyperlink":"1","links_nofollow":"1","datetime_permalink":"1","date_format":"l, M j Y g:i:sa","max_image_width":"300","max_image_height":"300","allow_video":"1","bbcode_video_width":"350","bbcode_video_height":"350","layout_frontpage_comment":"1","layout_frontpage_readmore":"1","layout_frontpage_readmore_use_joomla":"1","layout_frontpage_hits":"0","layout_frontpage_alignment":"left","enable_lapsed_time":"1","layout_avatar_enable":"1","enable_guest_link":"0","enable_permalink":"0","enable_share":"1","enable_likes":"1","enable_reply":"1","enable_report":"0","enable_location":"0","enable_info":"0","enable_syntax_highlighting":"0","enable_id":"0","enable_reply_reference":"1","enable_rank_bar":"0","enable_live_notification":"1","live_notification_interval":"30","form_position":"0","form_toggle_button":"0","autohide_form_notification":"1","form_show_moderate_message":"1","scroll_to_comment":"1","show_location":"0","enable_bbcode":"0","enable_subscription":"0","tnc_text":"Before submitting the comment, you agree that:\\r\\n\\r\\na. To accept full responsibility for the comment that you submit.\\r\\nb. To use this function only for lawful purposes.\\r\\nc. Not to post defamatory, abusive, offensive, racist, sexist, threatening, vulgar, obscene, hateful or otherwise inappropriate comments, or to post comments which will constitute a criminal offense or give rise to civil liability.\\r\\nd. Not to post or make available any material which is protected by copyright, trade mark or other proprietary right without the express permission of the owner of the copyright, trade mark or any other proprietary right.\\r\\ne. To evaluate for yourself the accuracy of any opinion, advice or other content.","show_name":"1","show_email":"1","show_website":"1","require_name":"1","require_email":"1","require_website":"0","enable_email_regex":"1","email_regex":["%5CS%2B%40%5CS%2B"],"enable_website_regex":"1","website_regex":["%28http%3A%2F%2F%7Cftp%3A%2F%2F%7Cwww%29%5CS%2B"],"layout_avatar_integration":"gravatar","use_komento_profile":"1","easysocial_profile_popbox":"0","gravatar_default_avatar":"mm","layout_phpbb_path":"","layout_phpbb_url":"","bbcode_bold":"1","bbcode_italic":"1","bbcode_underline":"1","bbcode_link":"1","bbcode_picture":"1","bbcode_video":"1","bbcode_bulletlist":"1","bbcode_numericlist":"1","bbcode_bullet":"1","bbcode_quote":"1","bbcode_code":"1","bbcode_clean":"1","bbcode_smile":"1","bbcode_happy":"1","bbcode_surprised":"1","bbcode_tongue":"1","bbcode_unhappy":"1","bbcode_wink":"1","smileycode":[],"smileypath":[],"share_facebook":"1","share_twitter":"1","share_googleplus":"1","share_linkedin":"1","share_tumblr":"1","share_digg":"1","share_delicious":"1","share_reddit":"1","share_stumbleupon":"1","enable_conversation_bar":"0","conversation_bar_max_authors":"10","conversation_bar_include_guest":"0","enable_stickies":"0","max_stickies":"5","enable_lovies":"0","minimum_likes_lovies":"0","max_lovies":"5","syntaxhighlighter_theme":"default","notification_enable":"0","notification_sendmailonpageload":"0","notification_sendmailinhtml":"0","notification_event_new_comment":"0","notification_event_new_reply":"0","notification_event_new_pending":"0","notification_event_reported_comment":"0","notification_to_author":"0","notification_to_subscribers":"0","activities_comment":"1","activities_reply":"1","activities_like":"1","trigger_method":"component","target":"com_content","tnc":"","show_tnc":[],"notification_to_usergroup_comment":[],"notification_to_usergroup_reply":[],"notification_to_usergroup_pending":[],"notification_to_usergroup_reported":[],"notification_es_to_usergroup_comment":[],"notification_es_to_usergroup_reply":[],"notification_es_to_usergroup_like":[]}');

CREATE TABLE IF NOT EXISTS `jos_komento_hashkeys` (
  `id` bigint(11) NOT NULL AUTO_INCREMENT,
  `uid` bigint(11) NOT NULL,
  `type` varchar(255) NOT NULL,
  `state` tinyint(1) NOT NULL DEFAULT '0',
  `key` text NOT NULL,
  PRIMARY KEY (`id`),
  KEY `uid` (`uid`),
  KEY `type` (`type`)
) ENGINE=MyISAM DEFAULT CHARSET=utf8 AUTO_INCREMENT=1 ;

CREATE TABLE IF NOT EXISTS `jos_komento_ipfilter` (
  `id` bigint(20) unsigned NOT NULL AUTO_INCREMENT,
  `component` varchar(255) NOT NULL,
  `ip` varchar(20) NOT NULL,
  `rules` text NOT NULL,
  PRIMARY KEY (`id`),
  KEY `komento_ipfilter` (`component`,`ip`)
) ENGINE=InnoDB DEFAULT CHARSET=utf8 AUTO_INCREMENT=1 ;

CREATE TABLE IF NOT EXISTS `jos_komento_mailq` (
  `id` int(11) NOT NULL AUTO_INCREMENT,
  `mailfrom` varchar(255) DEFAULT NULL,
  `fromname` varchar(255) DEFAULT NULL,
  `recipient` varchar(255) NOT NULL,
  `subject` text NOT NULL,
  `body` text NOT NULL,
  `created` datetime NOT NULL,
  `type` varchar(10) NOT NULL DEFAULT 'text',
  `status` tinyint(1) NOT NULL DEFAULT '0',
  PRIMARY KEY (`id`),
  KEY `komento_mailq_status` (`status`)
) ENGINE=MyISAM DEFAULT CHARSET=utf8 AUTO_INCREMENT=1 ;

CREATE TABLE IF NOT EXISTS `jos_komento_subscription` (
  `id` bigint(20) unsigned NOT NULL AUTO_INCREMENT,
  `type` varchar(20) NOT NULL,
  `component` varchar(255) NOT NULL,
  `cid` bigint(20) unsigned NOT NULL,
  `userid` bigint(20) unsigned NOT NULL DEFAULT '0',
  `fullname` varchar(255) NOT NULL,
  `email` varchar(255) NOT NULL,
  `created` datetime NOT NULL DEFAULT '0000-00-00 00:00:00',
  `published` tinyint(1) NOT NULL DEFAULT '0',
  PRIMARY KEY (`id`),
  KEY `komento_subscription` (`type`,`component`,`cid`)
) ENGINE=InnoDB DEFAULT CHARSET=utf8 AUTO_INCREMENT=1 ;

CREATE TABLE IF NOT EXISTS `jos_komento_uploads` (
  `id` int(11) NOT NULL AUTO_INCREMENT,
  `uid` int(11) DEFAULT NULL,
  `filename` text NOT NULL,
  `hashname` text NOT NULL,
  `path` text,
  `created` datetime NOT NULL,
  `created_by` bigint(20) unsigned DEFAULT '0',
  `published` tinyint(1) NOT NULL,
  `mime` text NOT NULL,
  `size` text NOT NULL,
  PRIMARY KEY (`id`)
) ENGINE=MyISAM DEFAULT CHARSET=utf8 AUTO_INCREMENT=1 ;

CREATE TABLE IF NOT EXISTS `jos_kunena_aliases` (
  `alias` varchar(255) NOT NULL,
  `type` varchar(10) NOT NULL,
  `item` varchar(32) NOT NULL,
  `state` tinyint(4) NOT NULL DEFAULT '0',
  UNIQUE KEY `alias` (`alias`),
  KEY `state` (`state`),
  KEY `item` (`item`),
  KEY `type` (`type`)
) ENGINE=InnoDB DEFAULT CHARSET=utf8;

INSERT INTO `jos_kunena_aliases` (`alias`, `type`, `item`, `state`) VALUES
('announcement', 'view', 'announcement', 1),
('category', 'view', 'category', 1),
('category/create', 'layout', 'category.create', 1),
('category/default', 'layout', 'category.default', 1),
('category/edit', 'layout', 'category.edit', 1),
('category/manage', 'layout', 'category.manage', 1),
('category/moderate', 'layout', 'category.moderate', 1),
('category/user', 'layout', 'category.user', 1),
('common', 'view', 'common', 1),
('create', 'layout', 'category.create', 0),
('credits', 'view', 'credits', 1),
('default', 'layout', 'category.default', 0),
('edit', 'layout', 'category.edit', 0),
('home', 'view', 'home', 1),
('ideal-forum', 'catid', '5', 0),
('kunena-the-communication-platform-for-joomla', 'catid', '4', 0),
('main-forum', 'catid', '1', 1),
('manage', 'layout', 'category.manage', 0),
('misc', 'view', 'misc', 1),
('moderate', 'layout', 'category.moderate', 0),
('more-about-the-kunena', 'catid', '6', 0),
('search', 'view', 'search', 1),
('statistics', 'view', 'statistics', 1),
('suggestion-box', 'catid', '3', 1),
('topic', 'view', 'topic', 1),
('topics', 'view', 'topics', 1),
('user', 'view', 'user', 1),
('welcome-mat', 'catid', '2', 1);

CREATE TABLE IF NOT EXISTS `jos_kunena_announcement` (
  `id` int(3) NOT NULL AUTO_INCREMENT,
  `title` tinytext NOT NULL,
  `created_by` int(11) NOT NULL DEFAULT '0',
  `sdescription` text NOT NULL,
  `description` text NOT NULL,
  `created` datetime NOT NULL DEFAULT '0000-00-00 00:00:00',
  `published` tinyint(1) NOT NULL DEFAULT '0',
  `ordering` tinyint(4) NOT NULL DEFAULT '0',
  `showdate` tinyint(1) NOT NULL DEFAULT '1',
  PRIMARY KEY (`id`)
) ENGINE=InnoDB DEFAULT CHARSET=utf8 AUTO_INCREMENT=1 ;

CREATE TABLE IF NOT EXISTS `jos_kunena_attachments` (
  `id` int(11) NOT NULL AUTO_INCREMENT,
  `mesid` int(11) NOT NULL DEFAULT '0',
  `userid` int(11) NOT NULL DEFAULT '0',
  `protected` tinyint(4) NOT NULL DEFAULT '0',
  `hash` char(32) DEFAULT NULL,
  `size` int(11) DEFAULT NULL,
  `folder` varchar(255) NOT NULL,
  `filetype` varchar(20) NOT NULL,
  `filename` varchar(255) NOT NULL,
  `filename_real` varchar(255) NOT NULL DEFAULT '',
  `caption` varchar(255) NOT NULL DEFAULT '',
  PRIMARY KEY (`id`),
  KEY `mesid` (`mesid`),
  KEY `userid` (`userid`),
  KEY `hash` (`hash`),
  KEY `filename` (`filename`),
  KEY `filename_real` (`filename_real`)
) ENGINE=InnoDB DEFAULT CHARSET=utf8 AUTO_INCREMENT=1 ;

CREATE TABLE IF NOT EXISTS `jos_kunena_categories` (
  `id` int(11) NOT NULL AUTO_INCREMENT,
  `parent_id` int(11) DEFAULT '0',
  `name` tinytext,
  `alias` varchar(255) NOT NULL,
  `icon` varchar(60) DEFAULT NULL,
  `icon_id` tinyint(4) NOT NULL DEFAULT '0',
  `locked` tinyint(4) NOT NULL DEFAULT '0',
  `accesstype` varchar(20) NOT NULL DEFAULT 'joomla.level',
  `access` int(11) NOT NULL DEFAULT '0',
  `pub_access` int(11) NOT NULL DEFAULT '1',
  `pub_recurse` tinyint(4) DEFAULT '1',
  `admin_access` int(11) NOT NULL DEFAULT '0',
  `admin_recurse` tinyint(4) DEFAULT '1',
  `ordering` smallint(6) NOT NULL DEFAULT '0',
  `published` tinyint(4) NOT NULL DEFAULT '0',
  `channels` text,
  `checked_out` tinyint(4) NOT NULL DEFAULT '0',
  `checked_out_time` datetime NOT NULL DEFAULT '0000-00-00 00:00:00',
  `review` tinyint(4) NOT NULL DEFAULT '0',
  `allow_anonymous` tinyint(4) NOT NULL DEFAULT '0',
  `post_anonymous` tinyint(4) NOT NULL DEFAULT '0',
  `hits` int(11) NOT NULL DEFAULT '0',
  `description` text NOT NULL,
  `headerdesc` text NOT NULL,
  `class_sfx` varchar(20) NOT NULL,
  `allow_polls` tinyint(4) NOT NULL DEFAULT '0',
  `topic_ordering` varchar(16) NOT NULL DEFAULT 'lastpost',
  `iconset` varchar(255) NOT NULL DEFAULT 'default',
  `numTopics` mediumint(8) NOT NULL DEFAULT '0',
  `numPosts` mediumint(8) NOT NULL DEFAULT '0',
  `last_topic_id` int(11) NOT NULL DEFAULT '0',
  `last_post_id` int(11) NOT NULL DEFAULT '0',
  `last_post_time` int(11) NOT NULL DEFAULT '0',
  `params` text NOT NULL,
  PRIMARY KEY (`id`),
  KEY `parent_id` (`parent_id`),
  KEY `category_access` (`accesstype`,`access`),
  KEY `published_pubaccess_id` (`published`,`pub_access`,`id`)
) ENGINE=InnoDB  DEFAULT CHARSET=utf8 AUTO_INCREMENT=7 ;

INSERT INTO `jos_kunena_categories` (`id`, `parent_id`, `name`, `alias`, `icon`, `icon_id`, `locked`, `accesstype`, `access`, `pub_access`, `pub_recurse`, `admin_access`, `admin_recurse`, `ordering`, `published`, `channels`, `checked_out`, `checked_out_time`, `review`, `allow_anonymous`, `post_anonymous`, `hits`, `description`, `headerdesc`, `class_sfx`, `allow_polls`, `topic_ordering`, `iconset`, `numTopics`, `numPosts`, `last_topic_id`, `last_post_id`, `last_post_time`, `params`) VALUES
(1, 0, 'Main Forum', 'main-forum', '', 0, 0, 'joomla.group', 0, 1, 1, 0, 1, 1, 1, NULL, 0, '0000-00-00 00:00:00', 0, 0, 0, 0, 'This is the main forum section. It serves as a container for categories for your topics.', 'The section header is used to display additional information about the categories of topics that it contains.', '', 0, 'lastpost', 'default', 0, 0, 0, 0, 0, ''),
(2, 1, 'Welcome Mat', 'welcome-mat', '', 0, 0, 'joomla.group', 1, 1, 1, 0, 1, 1, 1, NULL, 0, '0000-00-00 00:00:00', 0, 0, 0, 0, 'We encourage new members to introduce themselves here. Get to know one another and share your interests.', 'Welcome to the Kunena forum! Tell us and our members who you are, what you like and why you became a member of this site. We welcome all new members and hope to see you around a lot!', '', 0, 'lastpost', 'default', 1, 1, 1, 1, 1399057228, '{"access_post":["6","2","8"],"access_reply":["6","2","8"]}'),
(3, 1, 'Suggestion Box', 'suggestion-box', '', 0, 0, 'joomla.group', 0, 1, 1, 0, 1, 2, 1, NULL, 0, '0000-00-00 00:00:00', 0, 0, 0, 0, 'Have some feedback and input to share? \n Don''t be shy and drop us a note. We want to hear from you and strive to make our site better and more user friendly for our guests and members a like.', 'This is the optional category header for the Suggestion Box.', '', 1, 'lastpost', 'default', 0, 0, 0, 0, 0, ''),
(4, 0, 'Kunena, the Communication Platform for Joomla', 'kunena-the-communication-platform-for-joomla', '', 0, 0, 'joomla.level', 1, 1, 1, 8, 1, 2, 1, NULL, 0, '0000-00-00 00:00:00', 0, 0, 0, 0, 'Kunena is the ideal forum extension for Joomla. It''s free, fully integrated, and no bridges or hacks are required.', 'Want to know more about the Kunena Project? See how the open source philosophy drives our community, follow our development on GitHub, and how you can participate to make Kunena even better.', '', 0, 'lastpost', 'default', 0, 0, 0, 0, 0, '{}'),
(5, 4, 'Ideal forum', 'ideal-forum', '', 0, 0, 'joomla.level', 1, 1, 1, 8, 1, 1, 1, NULL, 0, '0000-00-00 00:00:00', 0, 0, 0, 0, 'Kunena is the ideal forum extension for Joomla. It''s free, fully integrated, and no bridges or hacks are required.', 'Kunena is the ideal forum extension for Joomla. It''s free, fully integrated, and no bridges or hacks are required.', '', 0, 'lastpost', 'default', 1, 4, 2, 5, 1418121786, '{"access_post":["6","2","8"],"access_reply":["6","2","8"]}'),
(6, 4, 'More about the Kunena', 'more-about-the-kunena', '', 0, 0, 'joomla.level', 1, 1, 1, 8, 1, 2, 1, NULL, 0, '0000-00-00 00:00:00', 0, 0, 0, 0, 'Want to know more about the Kunena Project? See how the open source philosophy drives our community, follow our development on GitHub, and how you can participate to make Kunena even better.', 'Want to know more about the Kunena Project? See how the open source philosophy drives our community, follow our development on GitHub, and how you can participate to make Kunena even better.', '', 0, 'lastpost', 'default', 1, 2, 3, 7, 1418122011, '{"access_post":["6","2","8"],"access_reply":["6","2","8"]}');

CREATE TABLE IF NOT EXISTS `jos_kunena_configuration` (
  `id` int(11) NOT NULL DEFAULT '0',
  `params` text,
  PRIMARY KEY (`id`)
) ENGINE=InnoDB DEFAULT CHARSET=utf8;

INSERT INTO `jos_kunena_configuration` (`id`, `params`) VALUES
(1, '{"board_title":"Kunena","email":"","board_offline":"0","offline_message":"<h2>The Forum is currently offline for maintenance.<\\/h2>\\r\\n<div>Check back soon!<\\/div>","enablerss":"1","threads_per_page":"20","messages_per_page":"6","messages_per_page_search":"15","showhistory":"1","historylimit":"6","shownew":"1","disemoticons":"0","template":"custom","showannouncement":"1","avataroncat":"0","catimagepath":"category_images","showchildcaticon":"1","rtewidth":"450","rteheight":"300","enableforumjump":"1","reportmsg":"1","username":"1","askemail":"0","showemail":"0","showuserstats":"1","showkarma":"1","useredit":"1","useredittime":"0","useredittimegrace":"600","editmarkup":"1","allowsubscriptions":"1","subscriptionschecked":"1","allowfavorites":"1","maxsubject":"50","maxsig":"300","regonly":"0","pubwrite":"0","floodprotection":"0","mailmod":"0","mailadmin":"0","captcha":"0","mailfull":"1","allowavatarupload":"1","allowavatargallery":"1","avatarquality":"75","avatarsize":"2048","imageheight":"800","imagewidth":"800","imagesize":"150","filetypes":"txt,rtf,pdf,zip,tar.gz,tgz,tar.bz2","filesize":"120","showranking":"1","rankimages":"1","userlist_rows":"30","userlist_online":"1","userlist_avatar":"1","userlist_posts":"1","userlist_karma":"1","userlist_email":"0","userlist_joindate":"1","userlist_lastvisitdate":"1","userlist_userhits":"1","latestcategory":"","showstats":"1","showwhoisonline":"1","showgenstats":"1","showpopuserstats":"1","popusercount":"5","showpopsubjectstats":"1","popsubjectcount":"5","showspoilertag":"1","showvideotag":"1","showebaytag":"1","trimlongurls":"1","trimlongurlsfront":"40","trimlongurlsback":"20","autoembedyoutube":"1","autoembedebay":"1","ebaylanguagecode":"en-us","sessiontimeout":"1800","highlightcode":"0","rss_type":"topic","rss_timelimit":"month","rss_limit":"100","rss_included_categories":"","rss_excluded_categories":"","rss_specification":"rss2.0","rss_allow_html":"1","rss_author_format":"name","rss_author_in_title":"1","rss_word_count":"0","rss_old_titles":"1","rss_cache":"900","defaultpage":"recent","default_sort":"asc","sef":"1","showimgforguest":"1","showfileforguest":"1","pollnboptions":"4","pollallowvoteone":"1","pollenabled":"1","poppollscount":"5","showpoppollstats":"1","polltimebtvotes":"00:15:00","pollnbvotesbyuser":"100","pollresultsuserslist":"1","maxpersotext":"50","ordering_system":"mesid","post_dateformat":"ago","post_dateformat_hover":"datetime","hide_ip":"1","imagetypes":"jpg,jpeg,gif,png","checkmimetypes":"1","imagemimetypes":"image\\/jpeg,image\\/jpg,image\\/gif,image\\/png","imagequality":"50","thumbheight":"32","thumbwidth":"32","hideuserprofileinfo":"put_empty","boxghostmessage":"0","userdeletetmessage":"0","latestcategory_in":"1","topicicons":"0","debug":"0","catsautosubscribed":0,"showbannedreason":"0","showthankyou":"1","showpopthankyoustats":"1","popthankscount":"5","mod_see_deleted":"0","bbcode_img_secure":"text","listcat_show_moderators":"1","lightbox":"1","show_list_time":"720","show_session_type":"0","show_session_starttime":"0","userlist_allowed":"0","userlist_count_users":"1","enable_threaded_layouts":"0","category_subscriptions":"post","topic_subscriptions":"every","pubprofile":"1","thankyou_max":"10","email_recipient_count":"0","email_recipient_privacy":"bcc","email_visible_address":"","captcha_post_limit":"0","recaptcha_publickey":"","recaptcha_privatekey":"","recaptcha_theme":"white","keywords":0,"userkeywords":0,"image_upload":"registered","file_upload":"registered","topic_layout":"flat","time_to_create_page":"0","show_imgfiles_manage_profile":"1","hold_newusers_posts":"0","hold_guest_posts":"0","attachment_limit":"8","pickup_category":"0","article_display":"intro","send_emails":"1","stopforumspam_key":"","fallback_english":"1","cache":"1","cache_time":"60","ebay_affiliate_id":"5337089937","iptracking":"1","rss_feedburner_url":"","autolink":"1","access_component":"1","statslink_allowed":"1","superadmin_userlist":"0","legacy_urls":1,"attachment_protection":0,"categoryicons":1,"avatarresizemethod":1,"avatarcrop":0,"user_report":1,"searchtime":365,"teaser":0,"ebay_language":0,"ebay_api_key":"","twitter_consumer_key":"","twitter_consumer_secret":"","allow_change_subject":1,"max_links":6,"userlist_name":"1","usernamechange":"0","version_check":"1","plugins":[]}');

CREATE TABLE IF NOT EXISTS `jos_kunena_keywords` (
  `id` int(11) NOT NULL AUTO_INCREMENT,
  `name` varchar(40) NOT NULL,
  `public_count` int(11) NOT NULL,
  `total_count` int(11) NOT NULL,
  PRIMARY KEY (`id`),
  UNIQUE KEY `name` (`name`),
  KEY `public_count` (`public_count`),
  KEY `total_count` (`total_count`)
) ENGINE=InnoDB DEFAULT CHARSET=utf8 AUTO_INCREMENT=1 ;

CREATE TABLE IF NOT EXISTS `jos_kunena_keywords_map` (
  `keyword_id` int(11) NOT NULL,
  `user_id` int(11) NOT NULL,
  `topic_id` int(11) NOT NULL,
  UNIQUE KEY `keyword_user_topic` (`keyword_id`,`user_id`,`topic_id`),
  KEY `user_id` (`user_id`),
  KEY `topic_user` (`topic_id`,`user_id`)
) ENGINE=InnoDB DEFAULT CHARSET=utf8;

CREATE TABLE IF NOT EXISTS `jos_kunena_messages` (
  `id` int(11) NOT NULL AUTO_INCREMENT,
  `parent` int(11) DEFAULT '0',
  `thread` int(11) DEFAULT '0',
  `catid` int(11) NOT NULL DEFAULT '0',
  `name` tinytext,
  `userid` int(11) NOT NULL DEFAULT '0',
  `email` tinytext,
  `subject` tinytext,
  `time` int(11) NOT NULL DEFAULT '0',
  `ip` varchar(128) DEFAULT NULL,
  `topic_emoticon` int(11) NOT NULL DEFAULT '0',
  `locked` tinyint(4) NOT NULL DEFAULT '0',
  `hold` tinyint(4) NOT NULL DEFAULT '0',
  `ordering` int(11) DEFAULT '0',
  `hits` int(11) DEFAULT '0',
  `moved` tinyint(4) DEFAULT '0',
  `modified_by` int(7) DEFAULT NULL,
  `modified_time` int(11) DEFAULT NULL,
  `modified_reason` tinytext,
  PRIMARY KEY (`id`),
  KEY `thread` (`thread`),
  KEY `ip` (`ip`),
  KEY `userid` (`userid`),
  KEY `time` (`time`),
  KEY `locked` (`locked`),
  KEY `hold_time` (`hold`,`time`),
  KEY `parent_hits` (`parent`,`hits`),
  KEY `catid_parent` (`catid`,`parent`)
) ENGINE=InnoDB  DEFAULT CHARSET=utf8 AUTO_INCREMENT=8 ;

INSERT INTO `jos_kunena_messages` (`id`, `parent`, `thread`, `catid`, `name`, `userid`, `email`, `subject`, `time`, `ip`, `topic_emoticon`, `locked`, `hold`, `ordering`, `hits`, `moved`, `modified_by`, `modified_time`, `modified_reason`) VALUES
(1, 0, 1, 2, '', 317, '', 'Welcome to Kunena!', 1399057228, '127.0.0.1', 0, 0, 0, 0, 0, 0, 846, 1423728734, ''),
(2, 0, 2, 5, 'demo', 846, '', 'Morbi tincidunt sodales neque eu rutrum', 1415103771, '192.168.9.17', 0, 0, 0, 0, 0, 0, 846, 1444812838, ''),
(3, 2, 2, 5, 'demo', 846, '', 'General Template Issues, Questions And Problems', 1415179292, '192.168.9.17', 0, 0, 0, 0, 0, 0, 846, 1444813202, ''),
(4, 2, 2, 5, 'lorem_ipsum', 847, '', 'Personal diary in Kunena Forum', 1418121749, '192.168.9.17', 0, 0, 0, 0, 0, 0, 846, 1444813240, ''),
(5, 2, 2, 5, 'lorem_ipsum', 847, '', 'Multiples templates (linked to forum categories)', 1418121786, '192.168.9.17', 0, 0, 0, 0, 0, 0, 846, 1444813776, ''),
(6, 0, 3, 6, 'lorem_ipsum', 847, '', 'Pellentesque non libero', 1418121957, '192.168.9.17', 0, 0, 0, 0, 0, 0, NULL, NULL, ''),
(7, 6, 3, 6, 'dolor_sit', 848, '', 'Pellentesque non libero', 1418122011, '192.168.9.17', 0, 0, 0, 0, 0, 0, NULL, NULL, '');

CREATE TABLE IF NOT EXISTS `jos_kunena_messages_text` (
  `mesid` int(11) NOT NULL DEFAULT '0',
  `message` mediumtext NOT NULL,
  PRIMARY KEY (`mesid`)
) ENGINE=InnoDB DEFAULT CHARSET=utf8;

INSERT INTO `jos_kunena_messages_text` (`mesid`, `message`) VALUES
(1, 'Thank you for choosing Kunena for your community forum needs in Joomla. \r\n Kunena, translated from Swahili meaning “to speak”, is built by a team of open source professionals with the goal of providing a top quality, tightly unified forum solution for Joomla. \r\nAdditional Kunena Resources\r\nKunena Documentation: [url]http://www.kunena.org/docs[/url] \r\nKunena Support Forum: [url]http://www.kunena.org/forum[/url] \r\nKunena Downloads: [url]http://www.kunena.org/download[/url] \r\nKunena Blog: [url]http://www.kunena.org/blog[/url] \r\nFollow Kunena on Twitter: [url]http://www.kunena.org/twitter[/url]'),
(2, 'Kunena is the ideal forum extension for Joomla. It''s free, fully integrated, and no bridges or hacks are required.\r\n\r\nWant to know more about the Kunena Project? See how the open source philosophy drives our community, follow our development on GitHub, and how you can participate to make Kunena even better.'),
(3, 'This is a community-driven self-help category to ask questions about designing or developing your own Kunena template. Please be aware that there are rules that apply to topics posted in this category:\r\n\r\n[b]Do not use this category for:[/b]\r\nasking questions about how to make simple changes to a template designed by the Kunena project team (use K 3.0 Templates instead);\r\nadvertising your own template designs.\r\n\r\nTopics that do not meet the above guidelines may be removed without notice.'),
(4, 'Hello mates. Can i setup Kunena Forum so that some user''s notes (but not all) will be availible for other users and some not by their wish? The main idea is to create personalized diary of the users and functionality of Kunena Forum seems to be most suitable for this.'),
(5, 'Hi.\r\n\r\nI''m looking to have 1 template for 1 categorie and an other template for all others catégories.\r\nSomeone he already well-considered the problem ?\r\n\r\nRegards.'),
(6, 'Sed justo felis, lacinia at scelerisque a, semper et ante. Fusce posuere lacus eu mi lacinia et fringilla elit sollicitudin. Maecenas non odio nunc. In ut sollicitudin magna. Sed sit amet tincidunt odio. Mauris pharetra adipiscing urna ut accumsan. Suspendisse nec risus in felis fermentum blandit.\r\n\r\nNam nec lectus ut orci porta volutpat id at purus. Sed sagittis congue dapibus. Proin dolor metus, pharetra ut pulvinar nec, condimentum quis libero. Sed fermentum tortor ac elit tristique vel dapibus sem porta. Suspendisse aliquet posuere ultrices. Proin facilisis libero lacinia erat pretium faucibus. In tortor nunc, posuere eget commodo et, eleifend vel risus.'),
(7, 'Class aptent taciti sociosqu ad litora torquent per conubia nostra, per inceptos himenaeos. Aliquam erat volutpat. Pellentesque non libero dui, vitae pharetra urna. Vestibulum accumsan pulvinar magna sed consectetur. Nulla congue condimentum aliquam. Donec non libero lectus, id mollis nisi. Morbi turpis magna, varius in ullamcorper nec, suscipit sagittis nibh. Nam elementum aliquam turpis eget egestas. Cras ligula nisi, interdum et vulputate nec, sagittis a tellus. In hac habitasse platea dictumst. In in sem libero. Fusce cursus, metus eu commodo hendrerit, arcu nibh consequat lectus, nec suscipit eros urna in ipsum. Praesent et enim a nisl commodo sodales non id neque. Ut sodales dignissim massa vitae hendrerit. Sed porttitor purus ut ante fermentum quis mollis velit pellentesque.\r\n\r\nEtiam nisi felis, fermentum vitae ultrices non, euismod in magna. In mattis velit ut eros tristique a congue erat consequat. Suspendisse consequat, justo eu gravida semper, ligula turpis dignissim dolor, vitae lacinia velit metus id libero. Nullam consectetur rhoncus magna, quis pharetra tortor bibendum quis. Curabitur ac ante nisl. Nullam mauris arcu, malesuada eu consectetur non, eleifend quis est. Nullam dictum, leo vulputate elementum porttitor, enim mi posuere augue, id porttitor leo sapien sed libero. Quisque est velit, aliquam bibendum vestibulum eget, tristique a odio.');

CREATE TABLE IF NOT EXISTS `jos_kunena_polls` (
  `id` int(11) NOT NULL AUTO_INCREMENT,
  `title` varchar(100) NOT NULL,
  `threadid` int(11) NOT NULL,
  `polltimetolive` datetime DEFAULT NULL,
  PRIMARY KEY (`id`),
  KEY `threadid` (`threadid`)
) ENGINE=InnoDB DEFAULT CHARSET=utf8 AUTO_INCREMENT=1 ;

CREATE TABLE IF NOT EXISTS `jos_kunena_polls_options` (
  `id` int(11) NOT NULL AUTO_INCREMENT,
  `pollid` int(11) DEFAULT NULL,
  `text` varchar(100) DEFAULT NULL,
  `votes` int(11) DEFAULT NULL,
  PRIMARY KEY (`id`),
  KEY `pollid` (`pollid`)
) ENGINE=InnoDB DEFAULT CHARSET=utf8 AUTO_INCREMENT=1 ;

CREATE TABLE IF NOT EXISTS `jos_kunena_polls_users` (
  `pollid` int(11) DEFAULT NULL,
  `userid` int(11) DEFAULT NULL,
  `votes` int(11) DEFAULT NULL,
  `lasttime` timestamp NOT NULL DEFAULT '0000-00-00 00:00:00',
  `lastvote` int(11) DEFAULT NULL,
  UNIQUE KEY `pollid` (`pollid`,`userid`)
) ENGINE=InnoDB DEFAULT CHARSET=utf8;

CREATE TABLE IF NOT EXISTS `jos_kunena_ranks` (
  `rank_id` mediumint(8) unsigned NOT NULL AUTO_INCREMENT,
  `rank_title` varchar(255) NOT NULL DEFAULT '',
  `rank_min` mediumint(8) unsigned NOT NULL DEFAULT '0',
  `rank_special` tinyint(1) unsigned NOT NULL DEFAULT '0',
  `rank_image` varchar(255) NOT NULL DEFAULT '',
  PRIMARY KEY (`rank_id`)
) ENGINE=InnoDB  DEFAULT CHARSET=utf8 AUTO_INCREMENT=11 ;

INSERT INTO `jos_kunena_ranks` (`rank_id`, `rank_title`, `rank_min`, `rank_special`, `rank_image`) VALUES
(1, 'New Member', 0, 0, 'rank1.gif'),
(2, 'Junior Member', 20, 0, 'rank2.gif'),
(3, 'Senior Member', 40, 0, 'rank3.gif'),
(4, 'Premium Member', 80, 0, 'rank4.gif'),
(5, 'Elite Member', 160, 0, 'rank5.gif'),
(6, 'Platinum Member', 320, 0, 'rank6.gif'),
(7, 'Administrator', 0, 1, 'rankadmin.gif'),
(8, 'Moderator', 0, 1, 'rankmod.gif'),
(9, 'Spammer', 0, 1, 'rankspammer.gif'),
(10, 'Banned', 0, 1, 'rankbanned.gif');

CREATE TABLE IF NOT EXISTS `jos_kunena_sessions` (
  `userid` int(11) NOT NULL DEFAULT '0',
  `allowed` text,
  `lasttime` int(11) NOT NULL DEFAULT '0',
  `readtopics` text,
  `currvisit` int(11) NOT NULL DEFAULT '0',
  PRIMARY KEY (`userid`),
  KEY `currvisit` (`currvisit`)
) ENGINE=InnoDB DEFAULT CHARSET=utf8;

INSERT INTO `jos_kunena_sessions` (`userid`, `allowed`, `lasttime`, `readtopics`, `currvisit`) VALUES
(19, 'na', 1465478134, '0', 1466687744),
(55, 'na', 1444224132, '0', 1445433740),
(283, 'na', 1452089892, '0', 1452517940),
(686, 'na', 1486808679, '0', 1488018554),
(757, 'na', 1475675596, '0', 1476885244),
(846, 'na', 1487576925, '0', 1487580126),
(847, 'na', 1416912031, '0', 1418121958),
(848, 'na', 1432031594, '0', 1432036031),
(895, 'na', 1469090890, '0', 1469094062);

CREATE TABLE IF NOT EXISTS `jos_kunena_smileys` (
  `id` int(4) NOT NULL AUTO_INCREMENT,
  `code` varchar(12) NOT NULL DEFAULT '',
  `location` varchar(50) NOT NULL DEFAULT '',
  `greylocation` varchar(60) NOT NULL DEFAULT '',
  `emoticonbar` tinyint(4) NOT NULL DEFAULT '0',
  PRIMARY KEY (`id`)
) ENGINE=InnoDB  DEFAULT CHARSET=utf8 AUTO_INCREMENT=67 ;

INSERT INTO `jos_kunena_smileys` (`id`, `code`, `location`, `greylocation`, `emoticonbar`) VALUES
(1, 'B)', 'cool.png', 'cool-grey.png', 1),
(2, '8)', 'cool.png', 'cool-grey.png', 0),
(3, '8-)', 'cool.png', 'cool-grey.png', 0),
(4, ':-(', 'sad.png', 'sad-grey.png', 0),
(5, ':(', 'sad.png', 'sad-grey.png', 1),
(6, ':sad:', 'sad.png', 'sad-grey.png', 0),
(7, ':cry:', 'sad.png', 'sad-grey.png', 0),
(8, ':)', 'smile.png', 'smile-grey.png', 1),
(9, ':-)', 'smile.png', 'smile-grey.png', 0),
(10, ':cheer:', 'cheerful.png', 'cheerful-grey.png', 1),
(11, ';)', 'wink.png', 'wink-grey.png', 1),
(12, ';-)', 'wink.png', 'wink-grey.png', 0),
(13, ':wink:', 'wink.png', 'wink-grey.png', 0),
(14, ';-)', 'wink.png', 'wink-grey.png', 0),
(15, ':P', 'tongue.png', 'tongue-grey.png', 1),
(16, ':p', 'tongue.png', 'tongue-grey.png', 0),
(17, ':-p', 'tongue.png', 'tongue-grey.png', 0),
(18, ':-P', 'tongue.png', 'tongue-grey.png', 0),
(19, ':razz:', 'tongue.png', 'tongue-grey.png', 0),
(20, ':angry:', 'angry.png', 'angry-grey.png', 1),
(21, ':mad:', 'angry.png', 'angry-grey.png', 0),
(22, ':unsure:', 'unsure.png', 'unsure-grey.png', 1),
(23, ':o', 'shocked.png', 'shocked-grey.png', 0),
(24, ':-o', 'shocked.png', 'shocked-grey.png', 0),
(25, ':O', 'shocked.png', 'shocked-grey.png', 0),
(26, ':-O', 'shocked.png', 'shocked-grey.png', 0),
(27, ':eek:', 'shocked.png', 'shocked-grey.png', 0),
(28, ':ohmy:', 'shocked.png', 'shocked-grey.png', 1),
(29, ':huh:', 'wassat.png', 'wassat-grey.png', 1),
(30, ':?', 'confused.png', 'confused-grey.png', 0),
(31, ':-?', 'confused.png', 'confused-grey.png', 0),
(32, ':???', 'confused.png', 'confused-grey.png', 0),
(33, ':dry:', 'ermm.png', 'ermm-grey.png', 1),
(34, ':ermm:', 'ermm.png', 'ermm-grey.png', 0),
(35, ':lol:', 'grin.png', 'grin-grey.png', 1),
(36, ':X', 'sick.png', 'sick-grey.png', 0),
(37, ':x', 'sick.png', 'sick-grey.png', 0),
(38, ':sick:', 'sick.png', 'sick-grey.png', 1),
(39, ':silly:', 'silly.png', 'silly-grey.png', 1),
(40, ':y32b4:', 'silly.png', 'silly-grey.png', 0),
(41, ':blink:', 'blink.png', 'blink-grey.png', 1),
(42, ':blush:', 'blush.png', 'blush-grey.png', 1),
(43, ':oops:', 'blush.png', 'blush-grey.png', 1),
(44, ':kiss:', 'kissing.png', 'kissing-grey.png', 1),
(45, ':rolleyes:', 'blink.png', 'blink-grey.png', 0),
(46, ':roll:', 'blink.png', 'blink-grey.png', 0),
(47, ':woohoo:', 'w00t.png', 'w00t-grey.png', 1),
(48, ':side:', 'sideways.png', 'sideways-grey.png', 1),
(49, ':S', 'dizzy.png', 'dizzy-grey.png', 1),
(50, ':s', 'dizzy.png', 'dizzy-grey.png', 0),
(51, ':evil:', 'devil.png', 'devil-grey.png', 1),
(52, ':twisted:', 'devil.png', 'devil-grey.png', 0),
(53, ':whistle:', 'whistling.png', 'whistling-grey.png', 1),
(54, ':pinch:', 'pinch.png', 'pinch-grey.png', 1),
(55, ':D', 'laughing.png', 'laughing-grey.png', 0),
(56, ':-D', 'laughing.png', 'laughing-grey.png', 0),
(57, ':grin:', 'laughing.png', 'laughing-grey.png', 0),
(58, ':laugh:', 'laughing.png', 'laughing-grey.png', 0),
(59, ':|', 'neutral.png', 'neutral-grey.png', 0),
(60, ':-|', 'neutral.png', 'neutral-grey.png', 0),
(61, ':neutral:', 'neutral.png', 'neutral-grey.png', 0),
(62, ':mrgreen:', 'mrgreen.png', 'mrgreen-grey.png', 0),
(63, ':?:', 'question.png', 'question-grey.png', 0),
(64, ':!:', 'exclamation.png', 'exclamation-grey.png', 0),
(65, ':arrow:', 'arrow.png', 'arrow-grey.png', 0),
(66, ':idea:', 'idea.png', 'idea-grey.png', 0);

CREATE TABLE IF NOT EXISTS `jos_kunena_thankyou` (
  `postid` int(11) NOT NULL,
  `userid` int(11) NOT NULL,
  `targetuserid` int(11) NOT NULL,
  `time` datetime NOT NULL,
  UNIQUE KEY `postid` (`postid`,`userid`),
  KEY `userid` (`userid`),
  KEY `targetuserid` (`targetuserid`)
) ENGINE=InnoDB DEFAULT CHARSET=utf8;

INSERT INTO `jos_kunena_thankyou` (`postid`, `userid`, `targetuserid`, `time`) VALUES
(6, 848, 847, '2014-12-09 10:46:29');

CREATE TABLE IF NOT EXISTS `jos_kunena_topics` (
  `id` int(11) NOT NULL AUTO_INCREMENT,
  `category_id` int(11) NOT NULL DEFAULT '0',
  `subject` tinytext,
  `icon_id` int(11) NOT NULL DEFAULT '0',
  `locked` tinyint(4) NOT NULL DEFAULT '0',
  `hold` tinyint(4) NOT NULL DEFAULT '0',
  `ordering` int(11) NOT NULL DEFAULT '0',
  `posts` int(11) NOT NULL DEFAULT '0',
  `hits` int(11) NOT NULL DEFAULT '0',
  `attachments` int(11) NOT NULL DEFAULT '0',
  `poll_id` int(11) NOT NULL DEFAULT '0',
  `moved_id` int(11) NOT NULL DEFAULT '0',
  `first_post_id` int(11) NOT NULL DEFAULT '0',
  `first_post_time` int(11) NOT NULL DEFAULT '0',
  `first_post_userid` int(11) NOT NULL DEFAULT '0',
  `first_post_message` text,
  `first_post_guest_name` tinytext,
  `last_post_id` int(11) NOT NULL DEFAULT '0',
  `last_post_time` int(11) NOT NULL DEFAULT '0',
  `last_post_userid` int(11) NOT NULL DEFAULT '0',
  `last_post_message` text,
  `last_post_guest_name` tinytext,
  `params` text NOT NULL,
  PRIMARY KEY (`id`),
  KEY `category_id` (`category_id`),
  KEY `locked` (`locked`),
  KEY `hold` (`hold`),
  KEY `posts` (`posts`),
  KEY `hits` (`hits`),
  KEY `first_post_userid` (`first_post_userid`),
  KEY `last_post_userid` (`last_post_userid`),
  KEY `first_post_time` (`first_post_time`),
  KEY `last_post_time` (`last_post_time`),
  KEY `last_post_id` (`last_post_id`)
) ENGINE=InnoDB  DEFAULT CHARSET=utf8 AUTO_INCREMENT=4 ;

INSERT INTO `jos_kunena_topics` (`id`, `category_id`, `subject`, `icon_id`, `locked`, `hold`, `ordering`, `posts`, `hits`, `attachments`, `poll_id`, `moved_id`, `first_post_id`, `first_post_time`, `first_post_userid`, `first_post_message`, `first_post_guest_name`, `last_post_id`, `last_post_time`, `last_post_userid`, `last_post_message`, `last_post_guest_name`, `params`) VALUES
(1, 2, 'Welcome to Kunena!', 0, 0, 0, 0, 1, 10, 0, 0, 0, 1, 1399057228, 317, 'Thank you for choosing Kunena for your community forum needs in Joomla. \r\n Kunena, translated from Swahili meaning “to speak”, is built by a team of open source professionals with the goal of providing a top quality, tightly unified forum solution for Joomla. \r\nAdditional Kunena Resources\r\nKunena Documentation: [url]http://www.kunena.org/docs[/url] \r\nKunena Support Forum: [url]http://www.kunena.org/forum[/url] \r\nKunena Downloads: [url]http://www.kunena.org/download[/url] \r\nKunena Blog: [url]http://www.kunena.org/blog[/url] \r\nFollow Kunena on Twitter: [url]http://www.kunena.org/twitter[/url]', '', 1, 1399057228, 317, 'Thank you for choosing Kunena for your community forum needs in Joomla. \r\n Kunena, translated from Swahili meaning “to speak”, is built by a team of open source professionals with the goal of providing a top quality, tightly unified forum solution for Joomla. \r\nAdditional Kunena Resources\r\nKunena Documentation: [url]http://www.kunena.org/docs[/url] \r\nKunena Support Forum: [url]http://www.kunena.org/forum[/url] \r\nKunena Downloads: [url]http://www.kunena.org/download[/url] \r\nKunena Blog: [url]http://www.kunena.org/blog[/url] \r\nFollow Kunena on Twitter: [url]http://www.kunena.org/twitter[/url]', '', ''),
(2, 5, 'General template issues, questions and problems', 0, 0, 0, 0, 4, 15, 0, 0, 0, 2, 1415103771, 846, 'Kunena is the ideal forum extension for Joomla. It''s free, fully integrated, and no bridges or hacks are required.\r\n\r\nWant to know more about the Kunena Project? See how the open source philosophy drives our community, follow our development on GitHub, and how you can participate to make Kunena even better.', 'demo', 5, 1418121786, 847, 'Hi.\r\n\r\nI''m looking to have 1 template for 1 categorie and an other template for all others catégories.\r\nSomeone he already well-considered the problem ?\r\n\r\nRegards.', 'lorem_ipsum', ''),
(3, 6, 'Pellentesque non libero', 0, 0, 0, 0, 2, 3, 0, 0, 0, 6, 1418121957, 847, 'Sed justo felis, lacinia at scelerisque a, semper et ante. Fusce posuere lacus eu mi lacinia et fringilla elit sollicitudin. Maecenas non odio nunc. In ut sollicitudin magna. Sed sit amet tincidunt odio. Mauris pharetra adipiscing urna ut accumsan. Suspendisse nec risus in felis fermentum blandit.\r\n\r\nNam nec lectus ut orci porta volutpat id at purus. Sed sagittis congue dapibus. Proin dolor metus, pharetra ut pulvinar nec, condimentum quis libero. Sed fermentum tortor ac elit tristique vel dapibus sem porta. Suspendisse aliquet posuere ultrices. Proin facilisis libero lacinia erat pretium faucibus. In tortor nunc, posuere eget commodo et, eleifend vel risus.', 'lorem_ipsum', 7, 1418122011, 848, 'Class aptent taciti sociosqu ad litora torquent per conubia nostra, per inceptos himenaeos. Aliquam erat volutpat. Pellentesque non libero dui, vitae pharetra urna. Vestibulum accumsan pulvinar magna sed consectetur. Nulla congue condimentum aliquam. Donec non libero lectus, id mollis nisi. Morbi turpis magna, varius in ullamcorper nec, suscipit sagittis nibh. Nam elementum aliquam turpis eget egestas. Cras ligula nisi, interdum et vulputate nec, sagittis a tellus. In hac habitasse platea dictumst. In in sem libero. Fusce cursus, metus eu commodo hendrerit, arcu nibh consequat lectus, nec suscipit eros urna in ipsum. Praesent et enim a nisl commodo sodales non id neque. Ut sodales dignissim massa vitae hendrerit. Sed porttitor purus ut ante fermentum quis mollis velit pellentesque.\r\n\r\nEtiam nisi felis, fermentum vitae ultrices non, euismod in magna. In mattis velit ut eros tristique a congue erat consequat. Suspendisse consequat, justo eu gravida semper, ligula turpis dignissim dolor, vitae lacinia velit metus id libero. Nullam consectetur rhoncus magna, quis pharetra tortor bibendum quis. Curabitur ac ante nisl. Nullam mauris arcu, malesuada eu consectetur non, eleifend quis est. Nullam dictum, leo vulputate elementum porttitor, enim mi posuere augue, id porttitor leo sapien sed libero. Quisque est velit, aliquam bibendum vestibulum eget, tristique a odio.', 'dolor_sit', '');

CREATE TABLE IF NOT EXISTS `jos_kunena_users` (
  `userid` int(11) NOT NULL DEFAULT '0',
  `status` tinyint(1) NOT NULL DEFAULT '0',
  `status_text` varchar(255) NOT NULL DEFAULT '',
  `view` varchar(8) NOT NULL DEFAULT '',
  `signature` text,
  `moderator` int(11) DEFAULT '0',
  `banned` datetime DEFAULT NULL,
  `ordering` int(11) DEFAULT '0',
  `posts` int(11) DEFAULT '0',
  `avatar` varchar(255) DEFAULT NULL,
  `karma` int(11) DEFAULT '0',
  `karma_time` int(11) DEFAULT '0',
  `group_id` int(4) DEFAULT '1',
  `uhits` int(11) DEFAULT '0',
  `personalText` tinytext,
  `gender` tinyint(4) NOT NULL DEFAULT '0',
  `birthdate` date NOT NULL DEFAULT '0001-01-01',
  `location` varchar(50) DEFAULT NULL,
  `icq` varchar(50) DEFAULT NULL,
  `aim` varchar(50) DEFAULT NULL,
  `yim` varchar(50) DEFAULT NULL,
  `msn` varchar(50) DEFAULT NULL,
  `skype` varchar(50) DEFAULT NULL,
  `twitter` varchar(50) DEFAULT NULL,
  `facebook` varchar(50) DEFAULT NULL,
  `gtalk` varchar(50) DEFAULT NULL,
  `myspace` varchar(50) DEFAULT NULL,
  `linkedin` varchar(50) DEFAULT NULL,
  `delicious` varchar(50) DEFAULT NULL,
  `friendfeed` varchar(50) DEFAULT NULL,
  `digg` varchar(50) DEFAULT NULL,
  `blogspot` varchar(50) DEFAULT NULL,
  `flickr` varchar(50) DEFAULT NULL,
  `bebo` varchar(50) DEFAULT NULL,
  `websitename` varchar(50) DEFAULT NULL,
  `websiteurl` varchar(50) DEFAULT NULL,
  `rank` tinyint(4) NOT NULL DEFAULT '0',
  `hideEmail` tinyint(1) NOT NULL DEFAULT '1',
  `showOnline` tinyint(1) NOT NULL DEFAULT '1',
  `canSubscribe` tinyint(1) NOT NULL DEFAULT '-1',
  `userListtime` int(11) NOT NULL DEFAULT '-2',
  `thankyou` int(11) DEFAULT '0',
  PRIMARY KEY (`userid`),
  KEY `group_id` (`group_id`),
  KEY `posts` (`posts`),
  KEY `uhits` (`uhits`),
  KEY `banned` (`banned`),
  KEY `moderator` (`moderator`)
) ENGINE=InnoDB DEFAULT CHARSET=utf8;

INSERT INTO `jos_kunena_users` (`userid`, `status`, `status_text`, `view`, `signature`, `moderator`, `banned`, `ordering`, `posts`, `avatar`, `karma`, `karma_time`, `group_id`, `uhits`, `personalText`, `gender`, `birthdate`, `location`, `icq`, `aim`, `yim`, `msn`, `skype`, `twitter`, `facebook`, `gtalk`, `myspace`, `linkedin`, `delicious`, `friendfeed`, `digg`, `blogspot`, `flickr`, `bebo`, `websitename`, `websiteurl`, `rank`, `hideEmail`, `showOnline`, `canSubscribe`, `userListtime`, `thankyou`) VALUES
(19, 0, '', '', NULL, 0, NULL, 0, 0, NULL, 0, 0, 1, 0, NULL, 0, '0001-01-01', NULL, NULL, NULL, NULL, NULL, NULL, NULL, NULL, NULL, NULL, NULL, NULL, NULL, NULL, NULL, NULL, NULL, NULL, NULL, 0, 1, 1, 1, -2, 0),
(55, 0, '', '', NULL, 0, NULL, 0, 0, NULL, 0, 0, 1, 0, NULL, 0, '0001-01-01', NULL, NULL, NULL, NULL, NULL, NULL, NULL, NULL, NULL, NULL, NULL, NULL, NULL, NULL, NULL, NULL, NULL, NULL, NULL, 0, 1, 1, 1, -2, 0),
(283, 0, '', '', NULL, 0, NULL, 0, 0, NULL, 0, 0, 1, 0, NULL, 0, '0001-01-01', NULL, NULL, NULL, NULL, NULL, NULL, NULL, NULL, NULL, NULL, NULL, NULL, NULL, NULL, NULL, NULL, NULL, NULL, NULL, 0, 1, 1, 1, -2, 0),
(317, 0, '', '', NULL, 0, NULL, 0, 1, NULL, 0, 0, 1, 0, NULL, 0, '0001-01-01', NULL, NULL, NULL, NULL, NULL, NULL, NULL, NULL, NULL, NULL, NULL, NULL, NULL, NULL, NULL, NULL, NULL, NULL, NULL, 0, 1, 1, 1, -2, 0),
(545, 0, '', '', NULL, 0, NULL, 0, 0, NULL, 0, 0, 1, 0, NULL, 0, '0001-01-01', NULL, NULL, NULL, NULL, NULL, NULL, NULL, NULL, NULL, NULL, NULL, NULL, NULL, NULL, NULL, NULL, NULL, NULL, NULL, 0, 1, 1, -1, -2, 0),
(686, 0, '', '', NULL, 0, NULL, 0, 0, NULL, 0, 0, 1, 0, NULL, 0, '0001-01-01', NULL, NULL, NULL, NULL, NULL, NULL, NULL, NULL, NULL, NULL, NULL, NULL, NULL, NULL, NULL, NULL, NULL, NULL, NULL, 0, 1, 1, -1, -2, 0),
(741, 0, '', '', NULL, 0, NULL, 0, 0, NULL, 0, 0, 1, 0, NULL, 0, '0001-01-01', NULL, NULL, NULL, NULL, NULL, NULL, NULL, NULL, NULL, NULL, NULL, NULL, NULL, NULL, NULL, NULL, NULL, NULL, NULL, 0, 1, 1, 1, -2, 0),
(757, 0, '', '', NULL, 0, NULL, 0, 0, NULL, 0, 0, 1, 0, NULL, 0, '0001-01-01', NULL, NULL, NULL, NULL, NULL, NULL, NULL, NULL, NULL, NULL, NULL, NULL, NULL, NULL, NULL, NULL, NULL, NULL, NULL, 0, 1, 1, -1, -2, 0),
(846, 0, '', '', '', 0, NULL, 0, 2, NULL, 1, 1435741740, 1, 2, '', 1, '0001-01-01', '', '', '', '', '', '', '', '', '', '', '', '', '', '', '', '', '', '', '', 0, 1, 1, 1, -2, 0),
(847, 0, '', '', NULL, 0, NULL, 0, 3, NULL, 1, 1418121732, 1, 24, NULL, 0, '0001-01-01', NULL, NULL, NULL, NULL, NULL, NULL, NULL, NULL, NULL, NULL, NULL, NULL, NULL, NULL, NULL, NULL, NULL, NULL, NULL, 0, 1, 1, 1, -2, 1),
(848, 0, '', '', NULL, 0, NULL, 0, 1, NULL, 0, 1418121990, 1, 10, NULL, 0, '0001-01-01', NULL, NULL, NULL, NULL, NULL, NULL, NULL, NULL, NULL, NULL, NULL, NULL, NULL, NULL, NULL, NULL, NULL, NULL, NULL, 0, 1, 1, 1, -2, 0),
(849, 0, '', '', NULL, 0, NULL, 0, 0, NULL, 0, 0, 1, 0, NULL, 0, '0001-01-01', NULL, NULL, NULL, NULL, NULL, NULL, NULL, NULL, NULL, NULL, NULL, NULL, NULL, NULL, NULL, NULL, NULL, NULL, NULL, 0, 1, 1, 1, -2, 0),
(895, 0, '', '', NULL, 0, NULL, 0, 0, NULL, 0, 0, 1, 0, NULL, 0, '0001-01-01', NULL, NULL, NULL, NULL, NULL, NULL, NULL, NULL, NULL, NULL, NULL, NULL, NULL, NULL, NULL, NULL, NULL, NULL, NULL, 0, 1, 1, -1, -2, 0);

CREATE TABLE IF NOT EXISTS `jos_kunena_users_banned` (
  `id` int(11) NOT NULL AUTO_INCREMENT,
  `userid` int(11) DEFAULT NULL,
  `ip` varchar(128) DEFAULT NULL,
  `blocked` tinyint(4) NOT NULL DEFAULT '0',
  `expiration` datetime DEFAULT NULL,
  `created_by` int(11) NOT NULL,
  `created_time` datetime NOT NULL,
  `reason_private` text,
  `reason_public` text,
  `modified_by` int(11) DEFAULT NULL,
  `modified_time` datetime DEFAULT NULL,
  `comments` text,
  `params` text,
  PRIMARY KEY (`id`),
  KEY `userid` (`userid`),
  KEY `ip` (`ip`),
  KEY `expiration` (`expiration`),
  KEY `created_time` (`created_time`)
) ENGINE=InnoDB DEFAULT CHARSET=utf8 AUTO_INCREMENT=1 ;

CREATE TABLE IF NOT EXISTS `jos_kunena_user_categories` (
  `user_id` int(11) NOT NULL,
  `category_id` int(11) NOT NULL,
  `role` tinyint(4) NOT NULL DEFAULT '0',
  `allreadtime` int(11) NOT NULL DEFAULT '0',
  `subscribed` tinyint(4) NOT NULL DEFAULT '0',
  `params` text NOT NULL,
  PRIMARY KEY (`user_id`,`category_id`),
  KEY `category_subscribed` (`category_id`,`subscribed`),
  KEY `role` (`role`)
) ENGINE=InnoDB DEFAULT CHARSET=utf8;

INSERT INTO `jos_kunena_user_categories` (`user_id`, `category_id`, `role`, `allreadtime`, `subscribed`, `params`) VALUES
(686, 0, 0, 1486808679, 0, ''),
(757, 0, 0, 1475675596, 0, ''),
(846, 0, 0, 1444738495, 0, ''),
(846, 2, 0, 1482315775, 0, ''),
(895, 0, 0, 1467881216, 0, '');

CREATE TABLE IF NOT EXISTS `jos_kunena_user_read` (
  `user_id` int(11) NOT NULL,
  `topic_id` int(11) NOT NULL,
  `category_id` int(11) NOT NULL,
  `message_id` int(11) NOT NULL,
  `time` int(11) NOT NULL,
  UNIQUE KEY `user_topic_id` (`user_id`,`topic_id`),
  KEY `category_user_id` (`category_id`,`user_id`),
  KEY `time` (`time`)
) ENGINE=InnoDB DEFAULT CHARSET=utf8;

INSERT INTO `jos_kunena_user_read` (`user_id`, `topic_id`, `category_id`, `message_id`, `time`) VALUES
(846, 1, 2, 1, 1482315296),
(846, 2, 5, 5, 1444814130),
(847, 2, 5, 5, 1418121885),
(847, 3, 6, 6, 1418121958),
(848, 3, 6, 7, 1418122014);

CREATE TABLE IF NOT EXISTS `jos_kunena_user_topics` (
  `user_id` int(11) NOT NULL DEFAULT '0',
  `topic_id` int(11) NOT NULL DEFAULT '0',
  `category_id` int(11) NOT NULL,
  `posts` mediumint(8) NOT NULL DEFAULT '0',
  `last_post_id` int(11) NOT NULL DEFAULT '0',
  `owner` tinyint(4) NOT NULL DEFAULT '0',
  `favorite` tinyint(4) NOT NULL DEFAULT '0',
  `subscribed` tinyint(4) NOT NULL DEFAULT '0',
  `params` text NOT NULL,
  UNIQUE KEY `user_topic_id` (`user_id`,`topic_id`),
  KEY `topic_id` (`topic_id`),
  KEY `posts` (`posts`),
  KEY `owner` (`owner`),
  KEY `favorite` (`favorite`),
  KEY `subscribed` (`subscribed`)
) ENGINE=InnoDB DEFAULT CHARSET=utf8;

INSERT INTO `jos_kunena_user_topics` (`user_id`, `topic_id`, `category_id`, `posts`, `last_post_id`, `owner`, `favorite`, `subscribed`, `params`) VALUES
(317, 1, 2, 1, 1, 1, 0, 0, ''),
(846, 2, 5, 2, 3, 1, 0, 1, ''),
(847, 2, 5, 2, 5, 0, 0, 1, ''),
(847, 3, 6, 1, 6, 1, 0, 1, ''),
(848, 3, 6, 1, 7, 0, 0, 1, '');

CREATE TABLE IF NOT EXISTS `jos_kunena_version` (
  `id` int(11) NOT NULL AUTO_INCREMENT,
  `version` varchar(20) NOT NULL,
  `versiondate` date NOT NULL,
  `installdate` date NOT NULL,
  `build` varchar(20) NOT NULL,
  `versionname` varchar(40) DEFAULT NULL,
  `state` text NOT NULL,
  PRIMARY KEY (`id`)
) ENGINE=InnoDB  DEFAULT CHARSET=utf8 AUTO_INCREMENT=5 ;

INSERT INTO `jos_kunena_version` (`id`, `version`, `versiondate`, `installdate`, `build`, `versionname`, `state`) VALUES
(1, '3.0.5', '2014-03-09', '2014-05-02', '', 'Invecchiato', ''),
(2, '3.0.6', '2014-07-28', '2014-08-05', '', 'Tala', ''),
(3, '4.0.10', '2016-02-18', '2016-07-13', '', 'Villavicencio', ''),
(4, '4.0.12', '2016-10-01', '2016-10-19', '', 'Lima', '');

CREATE TABLE IF NOT EXISTS `jos_languages` (
  `lang_id` int(11) unsigned NOT NULL AUTO_INCREMENT,
  `asset_id` int(10) unsigned NOT NULL DEFAULT '0',
  `lang_code` char(7) CHARACTER SET utf8mb4 COLLATE utf8mb4_bin NOT NULL,
  `title` varchar(50) COLLATE utf8mb4_unicode_ci NOT NULL,
  `title_native` varchar(50) COLLATE utf8mb4_unicode_ci NOT NULL,
  `sef` varchar(50) COLLATE utf8mb4_unicode_ci NOT NULL,
  `image` varchar(50) COLLATE utf8mb4_unicode_ci NOT NULL,
  `description` varchar(512) COLLATE utf8mb4_unicode_ci NOT NULL,
  `metakey` mediumtext COLLATE utf8mb4_unicode_ci NOT NULL,
  `metadesc` mediumtext COLLATE utf8mb4_unicode_ci NOT NULL,
  `sitename` varchar(1024) COLLATE utf8mb4_unicode_ci NOT NULL DEFAULT '',
  `published` int(11) NOT NULL DEFAULT '0',
  `access` int(10) unsigned NOT NULL DEFAULT '0',
  `ordering` int(11) NOT NULL DEFAULT '0',
  PRIMARY KEY (`lang_id`),
  UNIQUE KEY `idx_sef` (`sef`),
  UNIQUE KEY `idx_langcode` (`lang_code`),
  KEY `idx_access` (`access`),
  KEY `idx_ordering` (`ordering`)
) ENGINE=InnoDB  DEFAULT CHARSET=utf8mb4 COLLATE=utf8mb4_unicode_ci AUTO_INCREMENT=2 ;

INSERT INTO `jos_languages` (`lang_id`, `asset_id`, `lang_code`, `title`, `title_native`, `sef`, `image`, `description`, `metakey`, `metadesc`, `sitename`, `published`, `access`, `ordering`) VALUES
(1, 0, 'en-GB', 'English (UK)', 'English (UK)', 'en', 'en', '', '', '', '', 1, 1, 1);

CREATE TABLE IF NOT EXISTS `jos_loginradius_users` (
  `id` int(11) DEFAULT NULL,
  `loginradius_id` varchar(255) DEFAULT NULL,
  `provider` varchar(255) DEFAULT NULL,
  `lr_picture` varchar(255) DEFAULT NULL
) ENGINE=MyISAM DEFAULT CHARSET=utf8;

CREATE TABLE IF NOT EXISTS `jos_menu` (
  `id` int(11) NOT NULL AUTO_INCREMENT,
  `menutype` varchar(24) COLLATE utf8mb4_unicode_ci NOT NULL COMMENT 'The type of menu this item belongs to. FK to #__menu_types.menutype',
  `title` varchar(255) COLLATE utf8mb4_unicode_ci NOT NULL COMMENT 'The display title of the menu item.',
  `alias` varchar(400) CHARACTER SET utf8mb4 COLLATE utf8mb4_bin NOT NULL COMMENT 'The SEF alias of the menu item.',
  `note` varchar(255) COLLATE utf8mb4_unicode_ci NOT NULL DEFAULT '',
  `path` varchar(1024) COLLATE utf8mb4_unicode_ci NOT NULL COMMENT 'The computed path of the menu item based on the alias field.',
  `link` varchar(1024) COLLATE utf8mb4_unicode_ci NOT NULL COMMENT 'The actually link the menu item refers to.',
  `type` varchar(16) COLLATE utf8mb4_unicode_ci NOT NULL COMMENT 'The type of link: Component, URL, Alias, Separator',
  `published` tinyint(4) NOT NULL DEFAULT '0' COMMENT 'The published state of the menu link.',
  `parent_id` int(10) unsigned NOT NULL DEFAULT '1' COMMENT 'The parent menu item in the menu tree.',
  `level` int(10) unsigned NOT NULL DEFAULT '0' COMMENT 'The relative level in the tree.',
  `component_id` int(10) unsigned NOT NULL DEFAULT '0' COMMENT 'FK to #__extensions.id',
  `checked_out` int(10) unsigned NOT NULL DEFAULT '0' COMMENT 'FK to #__users.id',
  `checked_out_time` datetime NOT NULL DEFAULT '0000-00-00 00:00:00' COMMENT 'The time the menu item was checked out.',
  `browserNav` tinyint(4) NOT NULL DEFAULT '0' COMMENT 'The click behaviour of the link.',
  `access` int(10) unsigned NOT NULL DEFAULT '0' COMMENT 'The access level required to view the menu item.',
  `img` varchar(255) COLLATE utf8mb4_unicode_ci NOT NULL COMMENT 'The image of the menu item.',
  `template_style_id` int(10) unsigned NOT NULL DEFAULT '0',
  `params` mediumtext COLLATE utf8mb4_unicode_ci NOT NULL COMMENT 'JSON encoded data for the menu item.',
  `lft` int(11) NOT NULL DEFAULT '0' COMMENT 'Nested set lft.',
  `rgt` int(11) NOT NULL DEFAULT '0' COMMENT 'Nested set rgt.',
  `home` tinyint(3) unsigned NOT NULL DEFAULT '0' COMMENT 'Indicates if this menu item is the home or default page.',
  `language` char(7) COLLATE utf8mb4_unicode_ci NOT NULL DEFAULT '',
  `client_id` tinyint(4) NOT NULL DEFAULT '0',
  PRIMARY KEY (`id`),
  UNIQUE KEY `idx_client_id_parent_id_alias_language` (`client_id`,`parent_id`,`alias`(100),`language`),
  KEY `idx_componentid` (`component_id`,`menutype`,`published`,`access`),
  KEY `idx_menutype` (`menutype`),
  KEY `idx_left_right` (`lft`,`rgt`),
  KEY `idx_language` (`language`),
  KEY `idx_alias` (`alias`(100)),
  KEY `idx_path` (`path`(100))
) ENGINE=InnoDB  DEFAULT CHARSET=utf8mb4 COLLATE=utf8mb4_unicode_ci AUTO_INCREMENT=583 ;

INSERT INTO `jos_menu` (`id`, `menutype`, `title`, `alias`, `note`, `path`, `link`, `type`, `published`, `parent_id`, `level`, `component_id`, `checked_out`, `checked_out_time`, `browserNav`, `access`, `img`, `template_style_id`, `params`, `lft`, `rgt`, `home`, `language`, `client_id`) VALUES
(1, '', 'Menu_Item_Root', 'root', '', '', '', '', 1, 0, 0, 0, 0, '0000-00-00 00:00:00', 0, 0, '', 0, '', 0, 349, 0, '*', 0),
(2, 'main', 'com_banners', 'Banners', '', 'Banners', 'index.php?option=com_banners', 'component', 1, 1, 1, 4, 0, '0000-00-00 00:00:00', 0, 0, 'class:banners', 0, '', 1, 10, 0, '*', 1),
(3, 'main', 'com_banners', 'Banners', '', 'Banners/Banners', 'index.php?option=com_banners', 'component', 1, 2, 2, 4, 0, '0000-00-00 00:00:00', 0, 0, 'class:banners', 0, '', 2, 3, 0, '*', 1),
(4, 'main', 'com_banners_categories', 'Categories', '', 'Banners/Categories', 'index.php?option=com_categories&extension=com_banners', 'component', 1, 2, 2, 6, 0, '0000-00-00 00:00:00', 0, 0, 'class:banners-cat', 0, '', 4, 5, 0, '*', 1),
(5, 'main', 'com_banners_clients', 'Clients', '', 'Banners/Clients', 'index.php?option=com_banners&view=clients', 'component', 1, 2, 2, 4, 0, '0000-00-00 00:00:00', 0, 0, 'class:banners-clients', 0, '', 6, 7, 0, '*', 1),
(6, 'main', 'com_banners_tracks', 'Tracks', '', 'Banners/Tracks', 'index.php?option=com_banners&view=tracks', 'component', 1, 2, 2, 4, 0, '0000-00-00 00:00:00', 0, 0, 'class:banners-tracks', 0, '', 8, 9, 0, '*', 1),
(7, 'main', 'com_contact', 'Contacts', '', 'Contacts', 'index.php?option=com_contact', 'component', 1, 1, 1, 8, 0, '0000-00-00 00:00:00', 0, 0, 'class:contact', 0, '', 65, 70, 0, '*', 1),
(8, 'main', 'com_contact', 'Contacts', '', 'Contacts/Contacts', 'index.php?option=com_contact', 'component', 1, 7, 2, 8, 0, '0000-00-00 00:00:00', 0, 0, 'class:contact', 0, '', 66, 67, 0, '*', 1),
(9, 'main', 'com_contact_categories', 'Categories', '', 'Contacts/Categories', 'index.php?option=com_categories&extension=com_contact', 'component', 1, 7, 2, 6, 0, '0000-00-00 00:00:00', 0, 0, 'class:contact-cat', 0, '', 68, 69, 0, '*', 1),
(10, 'main', 'com_messages', 'Messaging', '', 'Messaging', 'index.php?option=com_messages', 'component', 1, 1, 1, 15, 0, '0000-00-00 00:00:00', 0, 0, 'class:messages', 0, '', 71, 76, 0, '*', 1),
(11, 'main', 'com_messages_add', 'New Private Message', '', 'Messaging/New Private Message', 'index.php?option=com_messages&task=message.add', 'component', 1, 10, 2, 15, 0, '0000-00-00 00:00:00', 0, 0, 'class:messages-add', 0, '', 72, 73, 0, '*', 1),
(12, 'main', 'com_messages_read', 'Read Private Message', '', 'Messaging/Read Private Message', 'index.php?option=com_messages', 'component', 1, 10, 2, 15, 0, '0000-00-00 00:00:00', 0, 0, 'class:messages-read', 0, '', 74, 75, 0, '*', 1),
(13, 'main', 'com_newsfeeds', 'News Feeds', '', 'News Feeds', 'index.php?option=com_newsfeeds', 'component', 1, 1, 1, 17, 0, '0000-00-00 00:00:00', 0, 0, 'class:newsfeeds', 0, '', 77, 82, 0, '*', 1),
(14, 'main', 'com_newsfeeds_feeds', 'Feeds', '', 'News Feeds/Feeds', 'index.php?option=com_newsfeeds', 'component', 1, 13, 2, 17, 0, '0000-00-00 00:00:00', 0, 0, 'class:newsfeeds', 0, '', 78, 79, 0, '*', 1),
(15, 'main', 'com_newsfeeds_categories', 'Categories', '', 'News Feeds/Categories', 'index.php?option=com_categories&extension=com_newsfeeds', 'component', 1, 13, 2, 6, 0, '0000-00-00 00:00:00', 0, 0, 'class:newsfeeds-cat', 0, '', 80, 81, 0, '*', 1),
(16, 'main', 'com_redirect', 'Redirect', '', 'Redirect', 'index.php?option=com_redirect', 'component', 1, 1, 1, 24, 0, '0000-00-00 00:00:00', 0, 0, 'class:redirect', 0, '', 83, 84, 0, '*', 1),
(17, 'main', 'com_search', 'Basic Search', '', 'Basic Search', 'index.php?option=com_search', 'component', 1, 1, 1, 19, 0, '0000-00-00 00:00:00', 0, 0, 'class:search', 0, '', 85, 86, 0, '*', 1),
(18, 'main', 'com_weblinks', 'Weblinks', '', 'Weblinks', 'index.php?option=com_weblinks', 'component', 1, 1, 1, 21, 0, '0000-00-00 00:00:00', 0, 0, 'class:weblinks', 0, '', 87, 92, 0, '*', 1),
(19, 'main', 'com_weblinks_links', 'Links', '', 'Weblinks/Links', 'index.php?option=com_weblinks', 'component', 1, 18, 2, 21, 0, '0000-00-00 00:00:00', 0, 0, 'class:weblinks', 0, '', 88, 89, 0, '*', 1),
(20, 'main', 'com_weblinks_categories', 'Categories', '', 'Weblinks/Categories', 'index.php?option=com_categories&extension=com_weblinks', 'component', 1, 18, 2, 6, 0, '0000-00-00 00:00:00', 0, 0, 'class:weblinks-cat', 0, '', 90, 91, 0, '*', 1),
(21, 'main', 'com_finder', 'Smart Search', '', 'Smart Search', 'index.php?option=com_finder', 'component', 1, 1, 1, 27, 0, '0000-00-00 00:00:00', 0, 0, 'class:finder', 0, '', 93, 94, 0, '*', 1),
(23, 'main', 'com_tags', 'Tags', '', 'Tags', 'index.php?option=com_tags', 'component', 1, 1, 1, 29, 0, '0000-00-00 00:00:00', 0, 1, 'class:tags', 0, '', 95, 96, 0, '', 1),
(24, 'main', 'com_postinstall', 'Post-installation messages', '', 'Post-installation messages', 'index.php?option=com_postinstall', 'component', 1, 1, 1, 32, 0, '0000-00-00 00:00:00', 0, 1, 'class:postinstall', 0, '', 97, 98, 0, '*', 1),
(101, 'main-menu', 'Home', 'home', '', 'home', 'index.php?option=com_content&view=category&layout=theme3397:category&id=8', 'component', 1, 1, 1, 22, 0, '0000-00-00 00:00:00', 0, 1, ' ', 11, '{"layout_type":"blog","show_category_title":"","show_description":"","show_description_image":"","maxLevel":"","show_empty_categories":"","show_no_articles":"","show_subcat_desc":"","show_cat_num_articles":"","page_subheading":"","num_leading_articles":"0","num_intro_articles":"0","num_columns":"0","num_links":"0","multi_column_order":"1","show_subcategory_content":"","orderby_pri":"order","orderby_sec":"order","order_date":"","show_pagination":"0","show_pagination_results":"0","show_title":"","link_titles":"0","show_intro":"","info_block_position":"0","show_category":"","link_category":"","show_parent_category":"","link_parent_category":"","show_author":"","link_author":"","show_create_date":"","show_modify_date":"","show_publish_date":"","show_item_navigation":"","show_vote":"","show_readmore":"0","show_readmore_title":"","show_icons":"","show_print_icon":"","show_email_icon":"","show_hits":"","show_noauth":"","show_feed_link":"1","feed_summary":"","menu-anchor_title":"","menu-anchor_css":"fullwidth","menu_image":"","menu_text":1,"menu_show":1,"page_title":"","show_page_heading":"0","page_heading":"Welcome!","pageclass_sfx":"home","menu-meta_description":"","menu-meta_keywords":"","robots":"","secure":0,"icemega_subtitle":"","icemega_cols":"7","icemega_width":"100%","icemega_colwidth":"25%, 25%, 25%, 25%","icemega_cols_items":"1,2,1,1","icemega_subtype":"menu","icemega_anchorsmenuitem":"124"}', 11, 22, 1, '*', 0),
(124, 'kunenamenu', 'Forum', 'forum', '', 'forum', 'index.php?option=com_kunena&view=home&defaultmenu=125', 'component', 1, 1, 1, 10019, 0, '0000-00-00 00:00:00', 0, 1, '', 0, '{"catids":["0"],"menu-anchor_title":"","menu-anchor_css":"","menu_image":"","menu_text":1,"page_title":"","show_page_heading":0,"page_heading":"","pageclass_sfx":"","menu-meta_description":"","menu-meta_keywords":"","robots":"","secure":0,"icemega_subtitle":"","icemega_cols":"1","icemega_width":"","icemega_colwidth":"","icemega_cols_items":"","icemega_subtype":"menu"}', 99, 116, 0, '*', 0),
(125, 'kunenamenu', 'Index', 'index', '', 'forum/index', 'index.php?option=com_kunena&view=category&layout=list&catid=0', 'component', 1, 124, 2, 10019, 0, '0000-00-00 00:00:00', 0, 1, '', 0, '{"menu-anchor_title":"","menu-anchor_css":"","menu_image":"","menu_text":1,"page_title":"","show_page_heading":0,"page_heading":"","pageclass_sfx":"","menu-meta_description":"","menu-meta_keywords":"","robots":"","secure":0,"icemega_subtitle":"","icemega_cols":"1","icemega_width":"","icemega_colwidth":"","icemega_cols_items":"","icemega_subtype":"menu"}', 100, 101, 0, '*', 0),
(126, 'kunenamenu', 'Recent Topics', 'recent', '', 'forum/recent', 'index.php?option=com_kunena&view=topics&mode=replies', 'component', 1, 124, 2, 10019, 0, '0000-00-00 00:00:00', 0, 1, '', 0, '{"menu-anchor_title":"","menu-anchor_css":"","menu_image":"","menu_text":1,"page_title":"","show_page_heading":0,"page_heading":"","pageclass_sfx":"","menu-meta_description":"","menu-meta_keywords":"","robots":"","secure":0,"topics_catselection":"","topics_categories":"","topics_time":720}', 102, 103, 0, '*', 0),
(127, 'kunenamenu', 'New Topic', 'newtopic', '', 'forum/newtopic', 'index.php?option=com_kunena&view=topic&layout=create', 'component', 1, 124, 2, 10019, 0, '0000-00-00 00:00:00', 0, 2, '', 0, '{"menu-anchor_title":"","menu-anchor_css":"","menu_image":"","menu_text":1,"page_title":"","show_page_heading":0,"page_heading":"","pageclass_sfx":"","menu-meta_description":"","menu-meta_keywords":"","robots":"","secure":0}', 104, 105, 0, '*', 0),
(128, 'kunenamenu', 'No Replies', 'noreplies', '', 'forum/noreplies', 'index.php?option=com_kunena&view=topics&mode=noreplies', 'component', 1, 124, 2, 10019, 0, '0000-00-00 00:00:00', 0, 2, '', 0, '{"menu-anchor_title":"","menu-anchor_css":"","menu_image":"","menu_text":1,"page_title":"","show_page_heading":0,"page_heading":"","pageclass_sfx":"","menu-meta_description":"","menu-meta_keywords":"","robots":"","secure":0,"topics_catselection":"","topics_categories":"","topics_time":-1}', 106, 107, 0, '*', 0),
(129, 'kunenamenu', 'My Topics', 'mylatest', '', 'forum/mylatest', 'index.php?option=com_kunena&view=topics&layout=user&mode=default', 'component', 1, 124, 2, 10019, 0, '0000-00-00 00:00:00', 0, 2, '', 0, '{"menu-anchor_title":"","menu-anchor_css":"","menu_image":"","menu_text":1,"page_title":"","show_page_heading":0,"page_heading":"","pageclass_sfx":"","menu-meta_description":"","menu-meta_keywords":"","robots":"","secure":0,"topics_catselection":"2","topics_categories":"0","topics_time":-1}', 108, 109, 0, '*', 0),
(130, 'kunenamenu', 'Profile', 'profile', '', 'forum/profile', 'index.php?option=com_kunena&view=user', 'component', 1, 124, 2, 10019, 0, '0000-00-00 00:00:00', 0, 2, '', 0, '{"menu-anchor_title":"","menu-anchor_css":"","menu_image":"","menu_text":1,"page_title":"","show_page_heading":0,"page_heading":"","pageclass_sfx":"","menu-meta_description":"","menu-meta_keywords":"","robots":"","secure":0,"integration":1}', 110, 111, 0, '*', 0),
(131, 'kunenamenu', 'Help', 'help', '', 'forum/help', 'index.php?option=com_kunena&view=misc', 'component', 1, 124, 2, 10019, 0, '0000-00-00 00:00:00', 0, 3, '', 0, '{"menu-anchor_title":"","menu-anchor_css":"","menu_image":"","menu_text":1,"page_title":"","show_page_heading":0,"page_heading":"","pageclass_sfx":"","menu-meta_description":"","menu-meta_keywords":"","robots":"","secure":0,"body":"This help page is a menu item inside [b]Kunena Menu[\\/b], which allows easy navigation in your forum. \\n\\n You can use Joomla Menu Manager to edit items in this menu. Please go to [b]Administration[\\/b] >> [b]Menus[\\/b] >> [b]Kunena Menu[\\/b] >> [b]Help[\\/b] to edit or remove this menu item. \\n\\n In this menu item you can use Plain Text, BBCode or HTML. If you want to bind article into this page, you may use article BBCode (with article id): [code][article=full]123[\\/article][\\/code] \\n\\n If you want to create your own menu for Kunena, please start by creating [b]Home Page[\\/b] first. In that page you can select default menu item, which is shown when you enter to Kunena.","body_format":"bbcode"}', 112, 113, 0, '*', 0),
(132, 'kunenamenu', 'Search', 'search', '', 'forum/search', 'index.php?option=com_kunena&view=search', 'component', 1, 124, 2, 10019, 0, '0000-00-00 00:00:00', 0, 1, '', 0, '{"menu-anchor_title":"","menu-anchor_css":"","menu_image":"","menu_text":1,"page_title":"","show_page_heading":0,"page_heading":"","pageclass_sfx":"","menu-meta_description":"","menu-meta_keywords":"","robots":"","secure":0}', 114, 115, 0, '*', 0),
(134, 'main-menu', 'About', 'about', '', 'about', 'index.php?option=com_content&view=category&layout=theme3397:category&id=9', 'component', 1, 1, 1, 22, 0, '0000-00-00 00:00:00', 0, 1, ' ', 0, '{"layout_type":"blog","show_category_title":"","show_description":"","show_description_image":"","maxLevel":"","show_empty_categories":"","show_no_articles":"","show_subcat_desc":"","show_cat_num_articles":"","page_subheading":"","num_leading_articles":"0","num_intro_articles":"0","num_columns":"0","num_links":"0","multi_column_order":"","show_subcategory_content":"","orderby_pri":"","orderby_sec":"","order_date":"","show_pagination":"","show_pagination_results":"","show_title":"","link_titles":"","show_intro":"","info_block_position":"0","show_category":"","link_category":"","show_parent_category":"","link_parent_category":"","show_author":"","link_author":"","show_create_date":"","show_modify_date":"","show_publish_date":"","show_item_navigation":"","show_vote":"","show_readmore":"","show_readmore_title":"","show_icons":"","show_print_icon":"","show_email_icon":"","show_hits":"","show_noauth":"","show_feed_link":"","feed_summary":"","menu-anchor_title":"","menu-anchor_css":"","menu_image":"","menu_text":1,"menu_show":1,"page_title":"","show_page_heading":"0","page_heading":"","pageclass_sfx":"","menu-meta_description":"","menu-meta_keywords":"","robots":"","secure":0,"icemega_subtitle":"","icemega_cols":"1","icemega_width":"330px","icemega_colwidth":"330px","icemega_cols_items":"","icemega_subtype":"menu","icemega_anchorsmenuitem":"124"}', 23, 24, 0, '*', 0),
(135, 'main-menu', 'History', 'history', '', 'pages/history', 'index.php?option=com_content&view=category&layout=theme3397:category&id=25', 'component', -2, 335, 2, 22, 0, '0000-00-00 00:00:00', 0, 1, '', 0, '{"layout_type":"blog","show_category_title":"","show_description":"","show_description_image":"","maxLevel":"","show_empty_categories":"","show_no_articles":"","show_subcat_desc":"","show_cat_num_articles":"","page_subheading":"","num_leading_articles":"","num_intro_articles":"10","num_columns":"2","num_links":"","multi_column_order":"1","show_subcategory_content":"","orderby_pri":"order","orderby_sec":"order","order_date":"","show_pagination":"","show_pagination_results":"","show_title":"","link_titles":"","show_intro":"","info_block_position":"0","show_category":"","link_category":"","show_parent_category":"","link_parent_category":"","show_author":"","link_author":"","show_create_date":"","show_modify_date":"","show_publish_date":"1","show_item_navigation":"","show_vote":"","show_readmore":"0","show_readmore_title":"","show_icons":"","show_print_icon":"","show_email_icon":"","show_hits":"","show_noauth":"","show_feed_link":"","feed_summary":"","menu-anchor_title":"","menu-anchor_css":"","menu_image":"","menu_text":1,"page_title":"","show_page_heading":1,"page_heading":"","pageclass_sfx":"history","menu-meta_description":"","menu-meta_keywords":"","robots":"","secure":0,"icemega_subtitle":"","icemega_cols":"1","icemega_width":"","icemega_colwidth":"","icemega_cols_items":"","icemega_subtype":"menu"}', 32, 33, 0, '*', 0),
(136, 'main-menu', 'Our team', 'our-team', '', 'pages/our-team', 'index.php?option=com_content&view=category&layout=theme3397:category&id=26', 'component', -2, 335, 2, 22, 0, '0000-00-00 00:00:00', 0, 1, ' ', 0, '{"layout_type":"blog","show_category_title":"","show_description":"","show_description_image":"","maxLevel":"","show_empty_categories":"","show_no_articles":"","show_subcat_desc":"","show_cat_num_articles":"","page_subheading":"","num_leading_articles":"","num_intro_articles":"0","num_columns":"0","num_links":"","multi_column_order":"1","show_subcategory_content":"","orderby_pri":"","orderby_sec":"","order_date":"","show_pagination":"","show_pagination_results":"","show_title":"","link_titles":"0","show_intro":"","info_block_position":"0","show_category":"","link_category":"","show_parent_category":"","link_parent_category":"","show_author":"","link_author":"","show_create_date":"","show_modify_date":"","show_publish_date":"","show_item_navigation":"","show_vote":"","show_readmore":"0","show_readmore_title":"","show_icons":"","show_print_icon":"","show_email_icon":"","show_hits":"","show_noauth":"","show_feed_link":"","feed_summary":"","menu-anchor_title":"","menu-anchor_css":"","menu_image":"","menu_text":1,"menu_show":1,"page_title":"","show_page_heading":"1","page_heading":"","pageclass_sfx":"team","menu-meta_description":"","menu-meta_keywords":"","robots":"","secure":0,"icemega_subtitle":"","icemega_cols":"1","icemega_width":"110px","icemega_colwidth":"110px","icemega_cols_items":"","icemega_subtype":"menu","icemega_anchorsmenuitem":"124"}', 30, 31, 0, '*', 0),
(137, 'main-menu', 'Testimonials', 'testimonials', '', 'pages/testimonials', 'index.php?option=com_content&view=category&layout=theme3397:category&id=28', 'component', -2, 335, 2, 22, 0, '0000-00-00 00:00:00', 0, 1, '', 0, '{"layout_type":"blog","show_category_title":"","show_description":"","show_description_image":"","maxLevel":"","show_empty_categories":"","show_no_articles":"","show_subcat_desc":"","show_cat_num_articles":"","page_subheading":"","num_leading_articles":"0","num_intro_articles":"0","num_columns":"0","num_links":"0","multi_column_order":"","show_subcategory_content":"","orderby_pri":"","orderby_sec":"","order_date":"","show_pagination":"","show_pagination_results":"","show_title":"","link_titles":"","show_intro":"","info_block_position":"0","show_category":"","link_category":"","show_parent_category":"","link_parent_category":"","show_author":"","link_author":"","show_create_date":"","show_modify_date":"","show_publish_date":"","show_item_navigation":"","show_vote":"","show_readmore":"","show_readmore_title":"","show_icons":"","show_print_icon":"","show_email_icon":"","show_hits":"","show_noauth":"","show_feed_link":"","feed_summary":"","menu-anchor_title":"","menu-anchor_css":"","menu_image":"","menu_text":1,"page_title":"","show_page_heading":"1","page_heading":"","pageclass_sfx":"testimonials","menu-meta_description":"","menu-meta_keywords":"","robots":"","secure":0,"icemega_subtitle":"","icemega_cols":"1","icemega_width":"","icemega_colwidth":"","icemega_cols_items":"","icemega_subtype":"menu","icemega_anchorsmenuitem":"124"}', 34, 35, 0, '*', 0),
(138, 'main-menu', 'FAQs', 'faqs', '', 'pages/faqs', 'index.php?option=com_content&view=category&layout=theme3397:category&id=27', 'component', -2, 335, 2, 22, 0, '0000-00-00 00:00:00', 0, 1, '', 0, '{"layout_type":"blog","show_category_title":"","show_description":"","show_description_image":"","maxLevel":"","show_empty_categories":"","show_no_articles":"","show_subcat_desc":"","show_cat_num_articles":"","page_subheading":"","num_leading_articles":"","num_intro_articles":"0","num_columns":"","num_links":"","multi_column_order":"","show_subcategory_content":"","orderby_pri":"","orderby_sec":"","order_date":"","show_pagination":"","show_pagination_results":"","show_title":"","link_titles":"0","show_intro":"","info_block_position":"0","show_category":"","link_category":"","show_parent_category":"","link_parent_category":"","show_author":"","link_author":"","show_create_date":"","show_modify_date":"","show_publish_date":"","show_item_navigation":"","show_vote":"","show_readmore":"","show_readmore_title":"","show_icons":"","show_print_icon":"","show_email_icon":"","show_hits":"","show_noauth":"","show_feed_link":"","feed_summary":"","menu-anchor_title":"","menu-anchor_css":"","menu_image":"","menu_text":1,"page_title":"","show_page_heading":"0","page_heading":"Frequently asked questions","pageclass_sfx":"faqs","menu-meta_description":"","menu-meta_keywords":"","robots":"","secure":0,"icemega_subtitle":"","icemega_cols":"1","icemega_width":"","icemega_colwidth":"","icemega_cols_items":"","icemega_subtype":"menu","icemega_anchorsmenuitem":"124"}', 28, 29, 0, '*', 0),
(142, 'main-menu', 'Contacts', 'contacts', '', 'contacts', 'index.php?option=com_contact&view=contact&id=1', 'component', 1, 1, 1, 8, 0, '0000-00-00 00:00:00', 0, 1, '', 0, '{"presentation_style":"plain","show_contact_category":"","show_contact_list":"","show_tags":"","show_name":"","show_position":"","show_email":"","show_street_address":"","show_suburb":"","show_state":"","show_postcode":"","show_country":"","show_telephone":"","show_mobile":"","show_fax":"","show_webpage":"","show_misc":"","show_image":"","allow_vcard":"","show_articles":"","show_links":"","linka_name":"","linkb_name":"","linkc_name":"","linkd_name":"","linke_name":"","show_email_form":"","show_email_copy":"","banned_email":"","banned_subject":"","banned_text":"","validate_session":"","custom_reply":"","redirect":"","menu-anchor_title":"","menu-anchor_css":"","menu_image":"","menu_text":1,"page_title":"","show_page_heading":0,"page_heading":"","pageclass_sfx":"","menu-meta_description":"","menu-meta_keywords":"","robots":"","secure":0,"icemega_subtitle":"","icemega_cols":"1","icemega_width":"","icemega_colwidth":"","icemega_cols_items":"","icemega_subtype":"menu"}', 53, 54, 0, '*', 0),
(148, 'social-media', 'Facebook', '2014-05-03-08-53-37', '', '2014-05-03-08-53-37', '#', 'url', 1, 1, 1, 0, 0, '0000-00-00 00:00:00', 0, 1, '', 0, '{"menu-anchor_title":"Facebook","menu-anchor_css":"fa fa-facebook hasTooltip","menu_image":"","menu_text":0}', 55, 56, 0, '*', 0),
(149, 'social-media', 'Google+', '2014-05-03-08-54-19', '', '2014-05-03-08-54-19', '#', 'url', 1, 1, 1, 0, 0, '0000-00-00 00:00:00', 0, 1, '', 0, '{"menu-anchor_title":"Google+","menu-anchor_css":"fa fa-google-plus hasTooltip","menu_image":"","menu_text":0}', 61, 62, 0, '*', 0),
(150, 'social-media', 'Twitter', '2014-05-03-08-54-56', '', '2014-05-03-08-54-56', '#', 'url', 1, 1, 1, 0, 0, '0000-00-00 00:00:00', 0, 1, '', 0, '{"menu-anchor_title":"Twitter","menu-anchor_css":"fa fa-twitter hasTooltip","menu_image":"","menu_text":0}', 57, 58, 0, '*', 0),
(151, 'social-media', 'Skype', '2014-05-03-08-55-43', '', '2014-05-03-08-55-43', '#', 'url', -2, 1, 1, 0, 0, '0000-00-00 00:00:00', 0, 1, '', 0, '{"menu-anchor_title":"Skype","menu-anchor_css":"fa fa-skype hasTooltip","menu_image":"","menu_text":0,"icemega_subtitle":"","icemega_cols":"1","icemega_width":"","icemega_colwidth":"","icemega_cols_items":"","icemega_subtype":"menu"}', 59, 60, 0, '*', 0),
(152, 'social-media', 'Instagram', '2014-05-03-08-56-20', '', '2014-05-03-08-56-20', '#', 'url', -2, 1, 1, 0, 0, '0000-00-00 00:00:00', 0, 1, '', 0, '{"menu-anchor_title":"Instagram","menu-anchor_css":"fa fa-instagram hasTooltip","menu_image":"","menu_text":0,"icemega_subtitle":"","icemega_cols":"1","icemega_width":"","icemega_colwidth":"","icemega_cols_items":"","icemega_subtype":"menu"}', 63, 64, 0, '*', 0),
(153, 'system-menu', 'Archives', 'archives', '', 'archives', 'index.php?option=com_content&view=archive', 'component', -2, 1, 1, 22, 0, '0000-00-00 00:00:00', 0, 1, '', 0, '{"orderby_sec":"rdate","order_date":"published","display_num":"5","filter_field":"","introtext_limit":"10000","show_intro":"","info_block_position":"0","show_category":"1","link_category":"1","show_parent_category":"","link_parent_category":"","link_titles":"1","show_author":"1","link_author":"1","show_create_date":"","show_modify_date":"","show_publish_date":"1","show_item_navigation":"","show_hits":"1","menu-anchor_title":"","menu-anchor_css":"","menu_image":"","menu_text":1,"page_title":"","show_page_heading":1,"page_heading":"Blog","pageclass_sfx":"","menu-meta_description":"","menu-meta_keywords":"","robots":"","secure":0}', 117, 118, 0, '*', 0),
(155, 'system-menu', 'Tags', 'tags', '', 'tags', '', 'separator', -2, 1, 1, 0, 0, '0000-00-00 00:00:00', 0, 1, '', 0, '{"menu_image":"","menu_text":1}', 119, 150, 0, '*', 0),
(156, 'system-menu', 'motherboard', 'motherboard', '', 'tags/motherboard', 'index.php?option=com_tags&view=tag&id[0]=3&types[0]=1', 'component', -2, 155, 2, 29, 0, '0000-00-00 00:00:00', 0, 1, ' ', 0, '{"show_tag_title":"","tag_list_show_tag_image":"","tag_list_show_tag_description":"","tag_list_image":"","tag_list_description":"","show_tag_num_items":"","tag_list_orderby":"c.core_publish_up","tag_list_orderby_direction":"ASC","tag_list_show_item_image":"","tag_list_show_item_description":"","tag_list_item_maximum_characters":0,"filter_field":"0","show_pagination_limit":"0","show_pagination":"","show_pagination_results":"","return_any_or_all":"","include_children":"","maximum":200,"show_feed_link":"","menu-anchor_title":"","menu-anchor_css":"","menu_image":"","menu_text":1,"page_title":"","show_page_heading":"1","page_heading":"Blog","pageclass_sfx":"","menu-meta_description":"","menu-meta_keywords":"","robots":"","secure":0,"icemega_subtitle":"","icemega_cols":"1","icemega_width":"","icemega_colwidth":"","icemega_cols_items":"","icemega_subtype":"menu","icemega_anchorsmenuitem":"124"}', 120, 121, 0, '*', 0),
(157, 'system-menu', 'chip', 'chip', '', 'tags/chip', 'index.php?option=com_tags&view=tag&id[0]=4&types[0]=1', 'component', -2, 155, 2, 29, 0, '0000-00-00 00:00:00', 0, 1, ' ', 0, '{"show_tag_title":"","tag_list_show_tag_image":"","tag_list_show_tag_description":"","tag_list_image":"","tag_list_description":"","show_tag_num_items":"","tag_list_orderby":"c.core_publish_up","tag_list_orderby_direction":"ASC","tag_list_show_item_image":"","tag_list_show_item_description":"","tag_list_item_maximum_characters":0,"filter_field":"0","show_pagination_limit":"0","show_pagination":"","show_pagination_results":"","return_any_or_all":"","include_children":"","maximum":200,"show_feed_link":"","menu-anchor_title":"","menu-anchor_css":"","menu_image":"","menu_text":1,"page_title":"","show_page_heading":"1","page_heading":"Blog","pageclass_sfx":"","menu-meta_description":"","menu-meta_keywords":"","robots":"","secure":0,"icemega_subtitle":"","icemega_cols":"1","icemega_width":"","icemega_colwidth":"","icemega_cols_items":"","icemega_subtype":"menu","icemega_anchorsmenuitem":"124"}', 122, 123, 0, '*', 0),
(158, 'system-menu', 'computers', 'computers', '', 'tags/computers', 'index.php?option=com_tags&view=tag&id[0]=5&types[0]=1', 'component', -2, 155, 2, 29, 0, '0000-00-00 00:00:00', 0, 1, ' ', 0, '{"show_tag_title":"","tag_list_show_tag_image":"","tag_list_show_tag_description":"","tag_list_image":"","tag_list_description":"","show_tag_num_items":"","tag_list_orderby":"c.core_publish_up","tag_list_orderby_direction":"ASC","tag_list_show_item_image":"","tag_list_show_item_description":"","tag_list_item_maximum_characters":0,"filter_field":"0","show_pagination_limit":"0","show_pagination":"","show_pagination_results":"","return_any_or_all":"","include_children":"","maximum":200,"show_feed_link":"","menu-anchor_title":"","menu-anchor_css":"","menu_image":"","menu_text":1,"page_title":"","show_page_heading":"1","page_heading":"Blog","pageclass_sfx":"","menu-meta_description":"","menu-meta_keywords":"","robots":"","secure":0,"icemega_subtitle":"","icemega_cols":"1","icemega_width":"","icemega_colwidth":"","icemega_cols_items":"","icemega_subtype":"menu","icemega_anchorsmenuitem":"124"}', 124, 125, 0, '*', 0),
(159, 'system-menu', 'tablets', 'tablets', '', 'tags/tablets', 'index.php?option=com_tags&view=tag&id[0]=6&types[0]=1', 'component', -2, 155, 2, 29, 0, '0000-00-00 00:00:00', 0, 1, ' ', 0, '{"show_tag_title":"","tag_list_show_tag_image":"","tag_list_show_tag_description":"","tag_list_image":"","tag_list_description":"","show_tag_num_items":"","tag_list_orderby":"c.core_publish_up","tag_list_orderby_direction":"ASC","tag_list_show_item_image":"","tag_list_show_item_description":"","tag_list_item_maximum_characters":0,"filter_field":"0","show_pagination_limit":"0","show_pagination":"","show_pagination_results":"","return_any_or_all":"","include_children":"","maximum":200,"show_feed_link":"","menu-anchor_title":"","menu-anchor_css":"","menu_image":"","menu_text":1,"page_title":"","show_page_heading":"1","page_heading":"Blog","pageclass_sfx":"","menu-meta_description":"","menu-meta_keywords":"","robots":"","secure":0,"icemega_subtitle":"","icemega_cols":"1","icemega_width":"","icemega_colwidth":"","icemega_cols_items":"","icemega_subtype":"menu","icemega_anchorsmenuitem":"124"}', 128, 129, 0, '*', 0),
(160, 'system-menu', 'laptops', 'laptops', '', 'tags/laptops', 'index.php?option=com_tags&view=tag&id[0]=7&types[0]=1', 'component', -2, 155, 2, 29, 0, '0000-00-00 00:00:00', 0, 1, ' ', 0, '{"show_tag_title":"","tag_list_show_tag_image":"","tag_list_show_tag_description":"","tag_list_image":"","tag_list_description":"","show_tag_num_items":"","tag_list_orderby":"c.core_publish_up","tag_list_orderby_direction":"ASC","tag_list_show_item_image":"","tag_list_show_item_description":"","tag_list_item_maximum_characters":0,"filter_field":"0","show_pagination_limit":"0","show_pagination":"","show_pagination_results":"","return_any_or_all":"","include_children":"","maximum":200,"show_feed_link":"","menu-anchor_title":"","menu-anchor_css":"","menu_image":"","menu_text":1,"page_title":"","show_page_heading":"1","page_heading":"Blog","pageclass_sfx":"","menu-meta_description":"","menu-meta_keywords":"","robots":"","secure":0,"icemega_subtitle":"","icemega_cols":"1","icemega_width":"","icemega_colwidth":"","icemega_cols_items":"","icemega_subtype":"menu","icemega_anchorsmenuitem":"124"}', 126, 127, 0, '*', 0),
(161, 'system-menu', 'usb-devices', 'usb-devices', '', 'tags/usb-devices', 'index.php?option=com_tags&view=tag&id[0]=8&types[0]=1', 'component', -2, 155, 2, 29, 0, '0000-00-00 00:00:00', 0, 1, ' ', 0, '{"show_tag_title":"","tag_list_show_tag_image":"","tag_list_show_tag_description":"","tag_list_image":"","tag_list_description":"","show_tag_num_items":"","tag_list_orderby":"c.core_publish_up","tag_list_orderby_direction":"ASC","tag_list_show_item_image":"","tag_list_show_item_description":"","tag_list_item_maximum_characters":0,"filter_field":"0","show_pagination_limit":"0","show_pagination":"","show_pagination_results":"","return_any_or_all":"","include_children":"","maximum":200,"show_feed_link":"","menu-anchor_title":"","menu-anchor_css":"","menu_image":"","menu_text":1,"page_title":"","show_page_heading":"1","page_heading":"Blog","pageclass_sfx":"","menu-meta_description":"","menu-meta_keywords":"","robots":"","secure":0,"icemega_subtitle":"","icemega_cols":"1","icemega_width":"","icemega_colwidth":"","icemega_cols_items":"","icemega_subtype":"menu","icemega_anchorsmenuitem":"124"}', 130, 131, 0, '*', 0),
(162, 'system-menu', 'keyboards & mice', 'keyboards-mice', '', 'tags/keyboards-mice', 'index.php?option=com_tags&view=tag&id[0]=9&types[0]=1', 'component', -2, 155, 2, 29, 0, '0000-00-00 00:00:00', 0, 1, ' ', 0, '{"show_tag_title":"","tag_list_show_tag_image":"","tag_list_show_tag_description":"","tag_list_image":"","tag_list_description":"","show_tag_num_items":"","tag_list_orderby":"c.core_publish_up","tag_list_orderby_direction":"ASC","tag_list_show_item_image":"","tag_list_show_item_description":"","tag_list_item_maximum_characters":0,"filter_field":"0","show_pagination_limit":"0","show_pagination":"","show_pagination_results":"","return_any_or_all":"","include_children":"","maximum":200,"show_feed_link":"","menu-anchor_title":"","menu-anchor_css":"","menu_image":"","menu_text":1,"page_title":"","show_page_heading":"1","page_heading":"Blog","pageclass_sfx":"","menu-meta_description":"","menu-meta_keywords":"","robots":"","secure":0,"icemega_subtitle":"","icemega_cols":"1","icemega_width":"","icemega_colwidth":"","icemega_cols_items":"","icemega_subtype":"menu","icemega_anchorsmenuitem":"124"}', 132, 133, 0, '*', 0),
(163, 'system-menu', 'hard drives', 'hard-drives', '', 'tags/hard-drives', 'index.php?option=com_tags&view=tag&id[0]=10&types[0]=1', 'component', -2, 155, 2, 29, 0, '0000-00-00 00:00:00', 0, 1, ' ', 0, '{"show_tag_title":"","tag_list_show_tag_image":"","tag_list_show_tag_description":"","tag_list_image":"","tag_list_description":"","show_tag_num_items":"","tag_list_orderby":"c.core_publish_up","tag_list_orderby_direction":"ASC","tag_list_show_item_image":"","tag_list_show_item_description":"","tag_list_item_maximum_characters":0,"filter_field":"0","show_pagination_limit":"0","show_pagination":"","show_pagination_results":"","return_any_or_all":"","include_children":"","maximum":200,"show_feed_link":"","menu-anchor_title":"","menu-anchor_css":"","menu_image":"","menu_text":1,"page_title":"","show_page_heading":"1","page_heading":"Blog","pageclass_sfx":"","menu-meta_description":"","menu-meta_keywords":"","robots":"","secure":0,"icemega_subtitle":"","icemega_cols":"1","icemega_width":"","icemega_colwidth":"","icemega_cols_items":"","icemega_subtype":"menu","icemega_anchorsmenuitem":"124"}', 134, 135, 0, '*', 0),
(164, 'system-menu', 'system units', 'system-units', '', 'tags/system-units', 'index.php?option=com_tags&view=tag&id[0]=11&types[0]=1', 'component', -2, 155, 2, 29, 0, '0000-00-00 00:00:00', 0, 1, ' ', 0, '{"show_tag_title":"","tag_list_show_tag_image":"","tag_list_show_tag_description":"","tag_list_image":"","tag_list_description":"","show_tag_num_items":"","tag_list_orderby":"c.core_publish_up","tag_list_orderby_direction":"ASC","tag_list_show_item_image":"","tag_list_show_item_description":"","tag_list_item_maximum_characters":0,"filter_field":"0","show_pagination_limit":"0","show_pagination":"","show_pagination_results":"","return_any_or_all":"","include_children":"","maximum":200,"show_feed_link":"","menu-anchor_title":"","menu-anchor_css":"","menu_image":"","menu_text":1,"page_title":"","show_page_heading":"1","page_heading":"Blog","pageclass_sfx":"","menu-meta_description":"","menu-meta_keywords":"","robots":"","secure":0,"icemega_subtitle":"","icemega_cols":"1","icemega_width":"","icemega_colwidth":"","icemega_cols_items":"","icemega_subtype":"menu","icemega_anchorsmenuitem":"124"}', 136, 137, 0, '*', 0),
(165, 'system-menu', 'storage', 'storage', '', 'tags/storage', 'index.php?option=com_tags&view=tag&id[0]=12&types[0]=1', 'component', -2, 155, 2, 29, 0, '0000-00-00 00:00:00', 0, 1, ' ', 0, '{"show_tag_title":"","tag_list_show_tag_image":"","tag_list_show_tag_description":"","tag_list_image":"","tag_list_description":"","show_tag_num_items":"","tag_list_orderby":"c.core_publish_up","tag_list_orderby_direction":"ASC","tag_list_show_item_image":"","tag_list_show_item_description":"","tag_list_item_maximum_characters":0,"filter_field":"0","show_pagination_limit":"0","show_pagination":"","show_pagination_results":"","return_any_or_all":"","include_children":"","maximum":200,"show_feed_link":"","menu-anchor_title":"","menu-anchor_css":"","menu_image":"","menu_text":1,"page_title":"","show_page_heading":"1","page_heading":"Blog","pageclass_sfx":"","menu-meta_description":"","menu-meta_keywords":"","robots":"","secure":0,"icemega_subtitle":"","icemega_cols":"1","icemega_width":"","icemega_colwidth":"","icemega_cols_items":"","icemega_subtype":"menu","icemega_anchorsmenuitem":"124"}', 138, 139, 0, '*', 0),
(166, 'system-menu', 'printers', 'printers', '', 'tags/printers', 'index.php?option=com_tags&view=tag&id[0]=13&types[0]=1', 'component', -2, 155, 2, 29, 0, '0000-00-00 00:00:00', 0, 1, ' ', 0, '{"show_tag_title":"","tag_list_show_tag_image":"","tag_list_show_tag_description":"","tag_list_image":"","tag_list_description":"","show_tag_num_items":"","tag_list_orderby":"c.core_publish_up","tag_list_orderby_direction":"ASC","tag_list_show_item_image":"","tag_list_show_item_description":"","tag_list_item_maximum_characters":0,"filter_field":"0","show_pagination_limit":"0","show_pagination":"","show_pagination_results":"","return_any_or_all":"","include_children":"","maximum":200,"show_feed_link":"","menu-anchor_title":"","menu-anchor_css":"","menu_image":"","menu_text":1,"page_title":"","show_page_heading":"1","page_heading":"Blog","pageclass_sfx":"","menu-meta_description":"","menu-meta_keywords":"","robots":"","secure":0,"icemega_subtitle":"","icemega_cols":"1","icemega_width":"","icemega_colwidth":"","icemega_cols_items":"","icemega_subtype":"menu","icemega_anchorsmenuitem":"124"}', 140, 141, 0, '*', 0),
(167, 'system-menu', 'software', 'software', '', 'tags/software', 'index.php?option=com_tags&view=tag&id[0]=14&types[0]=1', 'component', -2, 155, 2, 29, 0, '0000-00-00 00:00:00', 0, 1, ' ', 0, '{"show_tag_title":"","tag_list_show_tag_image":"","tag_list_show_tag_description":"","tag_list_image":"","tag_list_description":"","show_tag_num_items":"","tag_list_orderby":"c.core_publish_up","tag_list_orderby_direction":"ASC","tag_list_show_item_image":"","tag_list_show_item_description":"","tag_list_item_maximum_characters":0,"filter_field":"0","show_pagination_limit":"0","show_pagination":"","show_pagination_results":"","return_any_or_all":"","include_children":"","maximum":200,"show_feed_link":"","menu-anchor_title":"","menu-anchor_css":"","menu_image":"","menu_text":1,"page_title":"","show_page_heading":"1","page_heading":"Blog","pageclass_sfx":"","menu-meta_description":"","menu-meta_keywords":"","robots":"","secure":0,"icemega_subtitle":"","icemega_cols":"1","icemega_width":"","icemega_colwidth":"","icemega_cols_items":"","icemega_subtype":"menu","icemega_anchorsmenuitem":"124"}', 142, 143, 0, '*', 0),
(168, 'system-menu', 'accessories', 'accessories', '', 'tags/accessories', 'index.php?option=com_tags&view=tag&id[0]=15&types[0]=1', 'component', -2, 155, 2, 29, 0, '0000-00-00 00:00:00', 0, 1, ' ', 0, '{"show_tag_title":"","tag_list_show_tag_image":"","tag_list_show_tag_description":"","tag_list_image":"","tag_list_description":"","show_tag_num_items":"","tag_list_orderby":"c.core_publish_up","tag_list_orderby_direction":"ASC","tag_list_show_item_image":"","tag_list_show_item_description":"","tag_list_item_maximum_characters":0,"filter_field":"0","show_pagination_limit":"0","show_pagination":"","show_pagination_results":"","return_any_or_all":"","include_children":"","maximum":200,"show_feed_link":"","menu-anchor_title":"","menu-anchor_css":"","menu_image":"","menu_text":1,"page_title":"","show_page_heading":"1","page_heading":"Blog","pageclass_sfx":"","menu-meta_description":"","menu-meta_keywords":"","robots":"","secure":0,"icemega_subtitle":"","icemega_cols":"1","icemega_width":"","icemega_colwidth":"","icemega_cols_items":"","icemega_subtype":"menu","icemega_anchorsmenuitem":"124"}', 144, 145, 0, '*', 0),
(169, 'system-menu', 'parts', 'qwuu', '', 'tags/qwuu', 'index.php?option=com_tags&view=tag&id[0]=16&types[0]=1', 'component', -2, 155, 2, 29, 0, '0000-00-00 00:00:00', 0, 1, ' ', 0, '{"show_tag_title":"","tag_list_show_tag_image":"","tag_list_show_tag_description":"","tag_list_image":"","tag_list_description":"","show_tag_num_items":"","tag_list_orderby":"c.core_publish_up","tag_list_orderby_direction":"ASC","tag_list_show_item_image":"","tag_list_show_item_description":"","tag_list_item_maximum_characters":0,"filter_field":"0","show_pagination_limit":"0","show_pagination":"","show_pagination_results":"","return_any_or_all":"","include_children":"","maximum":200,"show_feed_link":"","menu-anchor_title":"","menu-anchor_css":"","menu_image":"","menu_text":1,"page_title":"","show_page_heading":"1","page_heading":"Blog","pageclass_sfx":"","menu-meta_description":"","menu-meta_keywords":"","robots":"","secure":0,"icemega_subtitle":"","icemega_cols":"1","icemega_width":"","icemega_colwidth":"","icemega_cols_items":"","icemega_subtype":"menu","icemega_anchorsmenuitem":"124"}', 146, 147, 0, '*', 0),
(170, 'system-menu', 'Template settings', 'template-settings', '', 'template-settings', 'index.php?option=com_content&view=article&id=57', 'component', 1, 1, 1, 22, 0, '0000-00-00 00:00:00', 0, 1, '', 0, '{"show_title":"","link_titles":"","show_intro":"","info_block_position":"","show_category":"","link_category":"","show_parent_category":"","link_parent_category":"","show_author":"","link_author":"","show_create_date":"","show_modify_date":"","show_publish_date":"","show_item_navigation":"","show_vote":"","show_icons":"","show_print_icon":"","show_email_icon":"","show_hits":"","show_tags":"","show_noauth":"","urls_position":"","menu-anchor_title":"","menu-anchor_css":"","menu_image":"","menu_text":1,"page_title":"","show_page_heading":0,"page_heading":"","pageclass_sfx":"template_settings","menu-meta_description":"","menu-meta_keywords":"","robots":"","secure":0,"icemega_subtitle":"","icemega_cols":"1","icemega_width":"","icemega_colwidth":"","icemega_cols_items":"","icemega_subtype":"menu"}', 151, 152, 0, '*', 0),
(171, 'main-menu', 'Template settings', '2014-05-03-11-32-48', '', 'pages/2014-05-03-11-32-48', 'index.php?Itemid=', 'alias', -2, 335, 2, 0, 0, '0000-00-00 00:00:00', 0, 1, '', 0, '{"aliasoptions":"170","menu-anchor_title":"","menu-anchor_css":"","menu_image":"","menu_text":1,"icemega_subtitle":"","icemega_cols":"1","icemega_width":"","icemega_colwidth":"","icemega_cols_items":"","icemega_subtype":"menu"}', 46, 47, 0, '*', 0),
(172, 'system-menu', 'Username reminder request', 'username-reminder-request', '', 'username-reminder-request', 'index.php?option=com_users&view=remind', 'component', 1, 1, 1, 25, 0, '0000-00-00 00:00:00', 0, 1, '', 0, '{"menu-anchor_title":"","menu-anchor_css":"","menu_image":"","menu_text":1,"page_title":"","show_page_heading":1,"page_heading":"","pageclass_sfx":"","menu-meta_description":"","menu-meta_keywords":"","robots":"","secure":0}', 153, 154, 0, '*', 0),
(173, 'system-menu', 'Password reset', 'password-reset', '', 'password-reset', 'index.php?option=com_users&view=reset', 'component', 1, 1, 1, 25, 0, '0000-00-00 00:00:00', 0, 1, '', 0, '{"menu-anchor_title":"","menu-anchor_css":"","menu_image":"","menu_text":1,"page_title":"","show_page_heading":1,"page_heading":"","pageclass_sfx":"","menu-meta_description":"","menu-meta_keywords":"","robots":"","secure":0}', 155, 156, 0, '*', 0),
(174, 'system-menu', 'User registration', 'user-registration', '', 'user-registration', 'index.php?option=com_users&view=registration', 'component', 1, 1, 1, 25, 0, '0000-00-00 00:00:00', 0, 1, '', 0, '{"menu-anchor_title":"","menu-anchor_css":"","menu_image":"","menu_text":1,"page_title":"","show_page_heading":1,"page_heading":"","pageclass_sfx":"","menu-meta_description":"","menu-meta_keywords":"","robots":"","secure":0}', 157, 158, 0, '*', 0),
(175, 'system-menu', 'Login form', 'login-form', '', 'login-form', 'index.php?option=com_users&view=login', 'component', 1, 1, 1, 25, 0, '0000-00-00 00:00:00', 0, 1, '', 0, '{"login_redirect_url":"","logindescription_show":"1","login_description":"","login_image":"","logout_redirect_url":"","logoutdescription_show":"1","logout_description":"","logout_image":"","menu-anchor_title":"","menu-anchor_css":"","menu_image":"","menu_text":1,"page_title":"","show_page_heading":1,"page_heading":"","pageclass_sfx":"","menu-meta_description":"","menu-meta_keywords":"","robots":"","secure":0}', 159, 160, 0, '*', 0),
(176, 'system-menu', 'Privacy policy', 'privacy-policy', '', 'privacy-policy', 'index.php?option=com_content&view=category&layout=theme3397:category&id=10', 'component', 1, 1, 1, 22, 0, '0000-00-00 00:00:00', 0, 1, ' ', 0, '{"layout_type":"blog","show_category_title":"","show_description":"","show_description_image":"","maxLevel":"","show_empty_categories":"","show_no_articles":"","show_subcat_desc":"","show_cat_num_articles":"","page_subheading":"","num_leading_articles":"0","num_intro_articles":"1","num_columns":"1","num_links":"0","multi_column_order":"1","show_subcategory_content":"","orderby_pri":"","orderby_sec":"","order_date":"","show_pagination":"","show_pagination_results":"","show_title":"0","link_titles":"0","show_intro":"","info_block_position":"0","show_category":"","link_category":"","show_parent_category":"","link_parent_category":"","show_author":"","link_author":"","show_create_date":"","show_modify_date":"","show_publish_date":"","show_item_navigation":"","show_vote":"","show_readmore":"","show_readmore_title":"","show_icons":"","show_print_icon":"","show_email_icon":"","show_hits":"","show_noauth":"","show_feed_link":"","feed_summary":"","menu-anchor_title":"","menu-anchor_css":"","menu_image":"","menu_text":1,"menu_show":1,"page_title":"","show_page_heading":"1","page_heading":"","pageclass_sfx":"privacy_policy","menu-meta_description":"","menu-meta_keywords":"","robots":"","secure":0,"icemega_subtitle":"","icemega_cols":"1","icemega_width":"","icemega_colwidth":"","icemega_cols_items":"","icemega_subtype":"menu","icemega_anchorsmenuitem":"124"}', 161, 162, 0, '*', 0),
(203, 'main-menu', 'Gallery', 'gallery', '', 'gallery', 'index.php?option=com_joomgallery&view=category&catid=2', 'component', 1, 1, 1, 10032, 0, '0000-00-00 00:00:00', 0, 1, '', 0, '{"disable_global_info":"0","menu-anchor_title":"","menu-anchor_css":"gallery","menu_image":"","menu_text":1,"page_title":"","show_page_heading":1,"page_heading":"","pageclass_sfx":"","menu-meta_description":"","menu-meta_keywords":"","robots":"","secure":0,"icemega_subtitle":"","icemega_cols":"3","icemega_width":"100%","icemega_colwidth":"20%, 80%, 100%","icemega_cols_items":"6, 1, 1","icemega_subtype":"menu"}', 51, 52, 0, '*', 0),
(204, 'system-menu', '404 Page', '404', '', '404', 'index.php?option=com_content&view=article&id=65', 'component', 1, 1, 1, 22, 0, '0000-00-00 00:00:00', 0, 1, ' ', 11, '{"show_title":"0","link_titles":"","show_intro":"","info_block_position":"","info_block_show_title":"","show_category":"","link_category":"","show_parent_category":"","link_parent_category":"","show_author":"","link_author":"","show_create_date":"","show_modify_date":"","show_publish_date":"","show_item_navigation":"","show_vote":"","show_icons":"","show_print_icon":"","show_email_icon":"","show_hits":"","show_tags":"","show_noauth":"","urls_position":"","menu-anchor_title":"","menu-anchor_css":"","menu_image":"","menu_text":1,"menu_show":1,"page_title":"","show_page_heading":"0","page_heading":"","pageclass_sfx":"404","menu-meta_description":"","menu-meta_keywords":"","robots":"","secure":0,"icemega_subtitle":"","icemega_cols":"1","icemega_width":"","icemega_colwidth":"","icemega_cols_items":"","icemega_subtype":"menu","icemega_anchorsmenuitem":"124"}', 163, 164, 0, '*', 0),
(280, 'social-media', 'Youtube', '2015-01-05-08-40-38', '', '2015-01-05-08-40-38', '#', 'url', 1, 1, 1, 0, 0, '0000-00-00 00:00:00', 0, 1, ' ', 0, '{"menu-anchor_title":"Youtube","menu-anchor_css":"fa fa-youtube hasTooltip","menu-anchor_rel":"","menu_image":"","menu_text":0,"menu_show":1,"icemega_subtitle":"","icemega_cols":"1","icemega_width":"","icemega_colwidth":"","icemega_cols_items":"","icemega_subtype":"menu","icemega_anchorsmenuitem":"577"}', 165, 166, 0, '*', 0),
(283, 'main-menu', 'Portfolio', 'portfolio', '', 'pages/portfolio', 'index.php?option=com_content&view=category&layout=theme3397:gallery&id=31', 'component', -2, 335, 2, 22, 0, '0000-00-00 00:00:00', 0, 1, ' ', 0, '{"layout_type":"blog","show_category_title":"","show_description":"","show_description_image":"","maxLevel":"","show_empty_categories":"","show_no_articles":"","show_subcat_desc":"","show_cat_num_articles":"","page_subheading":"","num_leading_articles":"","num_intro_articles":"10","num_columns":"3","num_links":"","multi_column_order":"1","show_subcategory_content":"","show_filter":"0","show_sort":"1","sort_effects":"","show_layout_mode":"0","image_float":"use_article","orderby_pri":"","orderby_sec":"","order_date":"","show_pagination":"","show_pagination_results":"","show_title":"","link_titles":"","show_intro":"1","info_block_position":"0","show_category":"","link_category":"","show_parent_category":"","link_parent_category":"","show_author":"","link_author":"","show_create_date":"","show_modify_date":"","show_publish_date":"","show_item_navigation":"","show_vote":"","show_readmore":"","show_readmore_title":"","show_icons":"","show_print_icon":"","show_email_icon":"","show_hits":"","show_noauth":"","user_hover":"0","hover_style":"style1","limt_introtext":"0","show_feed_link":"","feed_summary":"","menu-anchor_title":"","menu-anchor_css":"","menu_image":"","menu_text":1,"page_title":"","show_page_heading":"1","page_heading":"","pageclass_sfx":"works","menu-meta_description":"","menu-meta_keywords":"","robots":"","secure":0,"icemega_subtitle":"","icemega_cols":"1","icemega_width":"80px","icemega_colwidth":"80px","icemega_cols_items":"","icemega_subtype":"menu","icemega_anchors":"404-search","icemega_anchorsmenuitem":"124"}', 42, 43, 0, '*', 0),
(285, 'main-menu', 'Blog', 'blog', '', 'blog', 'index.php?option=com_content&view=category&layout=blog&id=11', 'component', 1, 1, 1, 22, 0, '0000-00-00 00:00:00', 0, 1, '', 0, '{"layout_type":"blog","show_category_heading_title_text":"","show_category_title":"","show_description":"","show_description_image":"","maxLevel":"","show_empty_categories":"","show_no_articles":"","show_subcat_desc":"","show_cat_num_articles":"","show_cat_tags":"","page_subheading":"","num_leading_articles":"3","num_intro_articles":"0","num_columns":"0","num_links":"","multi_column_order":"1","show_subcategory_content":"","orderby_pri":"none","orderby_sec":"rdate","order_date":"","show_pagination":"2","show_pagination_results":"","show_featured":"","show_title":"","link_titles":"","show_intro":"","info_block_position":"","show_category":"1","link_category":"1","show_parent_category":"","link_parent_category":"","show_author":"1","link_author":"","show_create_date":"","show_modify_date":"","show_publish_date":"1","show_item_navigation":"","show_vote":"","show_readmore":"","show_readmore_title":"","show_icons":"","show_print_icon":"","show_email_icon":"","show_hits":"1","show_tags":"","show_noauth":"","show_feed_link":"","feed_summary":"","menu-anchor_title":"","menu-anchor_css":"","menu_image":"","menu_text":1,"page_title":"","show_page_heading":"1","page_heading":"","pageclass_sfx":"","menu-meta_description":"","menu-meta_keywords":"","robots":"","secure":0,"icemega_subtitle":"","icemega_cols":"1","icemega_width":"","icemega_colwidth":"","icemega_cols_items":"","icemega_subtype":"menu","icemega_anchors":"mainbottom-5","icemega_anchorsmenuitem":"101"}', 49, 50, 0, '*', 0);
INSERT INTO `jos_menu` (`id`, `menutype`, `title`, `alias`, `note`, `path`, `link`, `type`, `published`, `parent_id`, `level`, `component_id`, `checked_out`, `checked_out_time`, `browserNav`, `access`, `img`, `template_style_id`, `params`, `lft`, `rgt`, `home`, `language`, `client_id`) VALUES
(305, 'main-menu', 'Site map', 'site-map', '', 'pages/site-map', 'index.php?option=com_content&view=category&layout=theme3397:category&id=64', 'component', -2, 335, 2, 22, 0, '0000-00-00 00:00:00', 0, 1, ' ', 0, '{"layout_type":"blog","show_category_title":"","show_description":"","show_description_image":"","maxLevel":"","show_empty_categories":"","show_no_articles":"","show_subcat_desc":"","show_cat_num_articles":"","page_subheading":"","num_leading_articles":"0","num_intro_articles":"0","num_columns":"0","num_links":"0","multi_column_order":"","show_subcategory_content":"","orderby_pri":"","orderby_sec":"","order_date":"","show_pagination":"","show_pagination_results":"","show_title":"","link_titles":"","show_intro":"","info_block_position":"0","show_category":"","link_category":"","show_parent_category":"","link_parent_category":"","show_author":"","link_author":"","show_create_date":"","show_modify_date":"","show_publish_date":"","show_item_navigation":"","show_vote":"","show_readmore":"","show_readmore_title":"","show_icons":"","show_print_icon":"","show_email_icon":"","show_hits":"","show_noauth":"","show_feed_link":"","feed_summary":"","menu-anchor_title":"","menu-anchor_css":"","menu_image":"","menu_text":1,"menu_show":1,"page_title":"","show_page_heading":"1","page_heading":"","pageclass_sfx":"site_map","menu-meta_description":"","menu-meta_keywords":"","robots":"","secure":0,"icemega_subtitle":"","icemega_cols":"1","icemega_width":"","icemega_colwidth":"","icemega_cols_items":"","icemega_subtype":"menu","icemega_anchorsmenuitem":"124"}', 36, 37, 0, '*', 0),
(309, 'what-we-offer', 'customer-friendly service', '2015-01-20-16-07-15', '', '2015-01-20-16-07-15', '#', 'url', 1, 1, 1, 0, 0, '0000-00-00 00:00:00', 0, 1, ' ', 0, '{"menu-anchor_title":"","menu-anchor_css":"","menu_image":"","menu_text":1,"icemega_subtitle":"","icemega_cols":"1","icemega_width":"","icemega_colwidth":"","icemega_cols_items":"","icemega_subtype":"menu","icemega_anchorsmenuitem":"124"}', 167, 168, 0, '*', 0),
(310, 'what-we-offer', '100% satisfaction', '2015-01-20-16-07-34', '', '2015-01-20-16-07-34', '#', 'url', 1, 1, 1, 0, 0, '0000-00-00 00:00:00', 0, 1, ' ', 0, '{"menu-anchor_title":"","menu-anchor_css":"","menu_image":"","menu_text":1,"icemega_subtitle":"","icemega_cols":"1","icemega_width":"","icemega_colwidth":"","icemega_cols_items":"","icemega_subtype":"menu","icemega_anchorsmenuitem":"124"}', 169, 170, 0, '*', 0),
(311, 'what-we-offer', 'quality guarantee', '2015-01-20-16-07-53', '', '2015-01-20-16-07-53', '#', 'url', 1, 1, 1, 0, 0, '0000-00-00 00:00:00', 0, 1, ' ', 0, '{"menu-anchor_title":"","menu-anchor_css":"","menu_image":"","menu_text":1,"icemega_subtitle":"","icemega_cols":"1","icemega_width":"","icemega_colwidth":"","icemega_cols_items":"","icemega_subtype":"menu","icemega_anchorsmenuitem":"124"}', 171, 172, 0, '*', 0),
(312, 'what-we-offer', 'reliability', '2015-01-20-16-08-12', '', '2015-01-20-16-08-12', '#', 'url', 1, 1, 1, 0, 0, '0000-00-00 00:00:00', 0, 1, ' ', 0, '{"menu-anchor_title":"","menu-anchor_css":"","menu_image":"","menu_text":1,"icemega_subtitle":"","icemega_cols":"1","icemega_width":"","icemega_colwidth":"","icemega_cols_items":"","icemega_subtype":"menu","icemega_anchorsmenuitem":"124"}', 173, 174, 0, '*', 0),
(317, 'requirements', 'B.Tech./ B.E / MCA degree in Computer Science, Engineering or a related stream.', 'b-tech-b-e-mca-degree-in-computer-science-engineering-or-a-related-stream', '', 'b-tech-b-e-mca-degree-in-computer-science-engineering-or-a-related-stream', '', 'separator', 1, 1, 1, 0, 0, '0000-00-00 00:00:00', 0, 1, '', 0, '{"menu_image":"","menu_text":1,"icemega_subtitle":"","icemega_cols":"1","icemega_width":"","icemega_colwidth":"","icemega_cols_items":"","icemega_subtype":"menu"}', 175, 176, 0, '*', 0),
(318, 'requirements', '3+ years of software development experience.', '3-years-of-software-development-experience', '', '3-years-of-software-development-experience', '', 'separator', 1, 1, 1, 0, 0, '0000-00-00 00:00:00', 0, 1, '', 0, '{"menu_image":"","menu_text":1,"icemega_subtitle":"","icemega_cols":"1","icemega_width":"","icemega_colwidth":"","icemega_cols_items":"","icemega_subtype":"menu"}', 177, 178, 0, '*', 0),
(319, 'requirements', '3+ years of Python / Java development projects experience.', '3-years-of-python-java-development-projects-experience', '', '3-years-of-python-java-development-projects-experience', '', 'separator', 1, 1, 1, 0, 0, '0000-00-00 00:00:00', 0, 1, '', 0, '{"menu_image":"","menu_text":1,"icemega_subtitle":"","icemega_cols":"1","icemega_width":"","icemega_colwidth":"","icemega_cols_items":"","icemega_subtype":"menu"}', 179, 180, 0, '*', 0),
(320, 'requirements', 'Minimum of 4 live project roll outs.', 'minimum-of-4-live-project-roll-outs', '', 'minimum-of-4-live-project-roll-outs', '', 'separator', 1, 1, 1, 0, 0, '0000-00-00 00:00:00', 0, 1, '', 0, '{"menu_image":"","menu_text":1,"icemega_subtitle":"","icemega_cols":"1","icemega_width":"","icemega_colwidth":"","icemega_cols_items":"","icemega_subtype":"menu"}', 181, 182, 0, '*', 0),
(321, 'requirements', 'Experience with third-party libraries and APIs.', 'experience-with-third-party-libraries-and-apis', '', 'experience-with-third-party-libraries-and-apis', '', 'separator', 1, 1, 1, 0, 0, '0000-00-00 00:00:00', 0, 1, '', 0, '{"menu_image":"","menu_text":1,"icemega_subtitle":"","icemega_cols":"1","icemega_width":"","icemega_colwidth":"","icemega_cols_items":"","icemega_subtype":"menu"}', 183, 184, 0, '*', 0),
(322, 'requirements', 'In depth understanding and experience of either SDLC or PDLC.', 'in-depth-understanding-and-experience-of-either-sdlc-or-pdlc', '', 'in-depth-understanding-and-experience-of-either-sdlc-or-pdlc', '', 'separator', 1, 1, 1, 0, 0, '0000-00-00 00:00:00', 0, 1, '', 0, '{"menu_image":"","menu_text":1,"icemega_subtitle":"","icemega_cols":"1","icemega_width":"","icemega_colwidth":"","icemega_cols_items":"","icemega_subtype":"menu"}', 185, 186, 0, '*', 0),
(323, 'requirements', 'Good Communication Skills', 'good-communication-skills', '', 'good-communication-skills', '', 'separator', 1, 1, 1, 0, 0, '0000-00-00 00:00:00', 0, 1, '', 0, '{"menu_image":"","menu_text":1,"icemega_subtitle":"","icemega_cols":"1","icemega_width":"","icemega_colwidth":"","icemega_cols_items":"","icemega_subtype":"menu"}', 187, 188, 0, '*', 0),
(324, 'requirements', 'Team Player', 'team-player', '', 'team-player', '', 'separator', 1, 1, 1, 0, 0, '0000-00-00 00:00:00', 0, 1, '', 0, '{"menu_image":"","menu_text":1,"icemega_subtitle":"","icemega_cols":"1","icemega_width":"","icemega_colwidth":"","icemega_cols_items":"","icemega_subtype":"menu"}', 189, 190, 0, '*', 0),
(325, 'what-we-expect-from-you', 'Design and build applications/ components using open source technology.', 'design-and-build-applications-components-using-open-source-technology', '', 'design-and-build-applications-components-using-open-source-technology', '', 'separator', 1, 1, 1, 0, 0, '0000-00-00 00:00:00', 0, 1, '', 0, '{"menu_image":"","menu_text":1,"icemega_subtitle":"","icemega_cols":"1","icemega_width":"","icemega_colwidth":"","icemega_cols_items":"","icemega_subtype":"menu"}', 191, 192, 0, '*', 0),
(326, 'what-we-expect-from-you', 'Taking complete ownership of the deliveries assigned.', 'taking-complete-ownership-of-the-deliveries-assigned', '', 'taking-complete-ownership-of-the-deliveries-assigned', '', 'separator', 1, 1, 1, 0, 0, '0000-00-00 00:00:00', 0, 1, '', 0, '{"menu_image":"","menu_text":1,"icemega_subtitle":"","icemega_cols":"1","icemega_width":"","icemega_colwidth":"","icemega_cols_items":"","icemega_subtype":"menu"}', 193, 194, 0, '*', 0),
(327, 'what-we-expect-from-you', 'Collaborate with cross-functional teams to define, design, and ship new features.', 'collaborate-with-cross-functional-teams-to-define-design-and-ship-new-features', '', 'collaborate-with-cross-functional-teams-to-define-design-and-ship-new-features', '', 'separator', 1, 1, 1, 0, 0, '0000-00-00 00:00:00', 0, 1, '', 0, '{"menu_image":"","menu_text":1,"icemega_subtitle":"","icemega_cols":"1","icemega_width":"","icemega_colwidth":"","icemega_cols_items":"","icemega_subtype":"menu"}', 195, 196, 0, '*', 0),
(328, 'what-we-expect-from-you', 'Work with outside data sources and API''s.', 'work-with-outside-data-sources-and-api-s', '', 'work-with-outside-data-sources-and-api-s', '', 'separator', 1, 1, 1, 0, 0, '0000-00-00 00:00:00', 0, 1, '', 0, '{"menu_image":"","menu_text":1,"icemega_subtitle":"","icemega_cols":"1","icemega_width":"","icemega_colwidth":"","icemega_cols_items":"","icemega_subtype":"menu"}', 197, 198, 0, '*', 0),
(329, 'what-we-expect-from-you', 'Unit-test code for robustness, including edge cases, usability, and general reliability.', 'unit-test-code-for-robustness-including-edge-cases-usability-and-general-reliability', '', 'unit-test-code-for-robustness-including-edge-cases-usability-and-general-reliability', '', 'separator', 1, 1, 1, 0, 0, '0000-00-00 00:00:00', 0, 1, '', 0, '{"menu_image":"","menu_text":1,"icemega_subtitle":"","icemega_cols":"1","icemega_width":"","icemega_colwidth":"","icemega_cols_items":"","icemega_subtype":"menu"}', 199, 200, 0, '*', 0),
(330, 'what-we-expect-from-you', 'Work on bug fixing and improving application performance.', 'work-on-bug-fixing-and-improving-application-performance', '', 'work-on-bug-fixing-and-improving-application-performance', '', 'separator', 1, 1, 1, 0, 0, '0000-00-00 00:00:00', 0, 1, '', 0, '{"menu_image":"","menu_text":1,"icemega_subtitle":"","icemega_cols":"1","icemega_width":"","icemega_colwidth":"","icemega_cols_items":"","icemega_subtype":"menu"}', 201, 202, 0, '*', 0),
(331, 'user-menu', 'Login form', '2015-01-26-09-48-59', '', '2015-01-26-09-48-59', 'index.php?Itemid=', 'alias', 1, 1, 1, 0, 0, '0000-00-00 00:00:00', 0, 5, '', 0, '{"aliasoptions":"175","menu-anchor_title":"","menu-anchor_css":"","menu_image":"","menu_text":1,"icemega_subtitle":"","icemega_cols":"1","icemega_width":"","icemega_colwidth":"","icemega_cols_items":"","icemega_subtype":"menu"}', 203, 204, 0, '*', 0),
(332, 'user-menu', 'User profile', 'user-profile', '', 'user-profile', 'index.php?option=com_users&view=profile', 'component', 1, 1, 1, 25, 0, '0000-00-00 00:00:00', 0, 2, '', 0, '{"menu-anchor_title":"","menu-anchor_css":"","menu_image":"","menu_text":1,"page_title":"","show_page_heading":0,"page_heading":"","pageclass_sfx":"","menu-meta_description":"","menu-meta_keywords":"","robots":"","secure":0,"icemega_subtitle":"","icemega_cols":"1","icemega_width":"","icemega_colwidth":"","icemega_cols_items":"","icemega_subtype":"menu"}', 205, 206, 0, '*', 0),
(333, 'user-menu', 'Create account', '2015-01-26-09-53-51', '', '2015-01-26-09-53-51', 'index.php?Itemid=', 'alias', 1, 1, 1, 25, 0, '0000-00-00 00:00:00', 0, 5, '', 0, '{"aliasoptions":"174","menu-anchor_title":"","menu-anchor_css":"","menu_image":"","menu_text":1,"icemega_subtitle":"","icemega_cols":"1","icemega_width":"","icemega_colwidth":"","icemega_cols_items":"","icemega_subtype":"menu"}', 207, 208, 0, '*', 0),
(334, 'user-menu', 'Create article', 'create-article', '', 'create-article', 'index.php?option=com_content&view=form&layout=edit', 'component', 1, 1, 1, 22, 0, '0000-00-00 00:00:00', 0, 2, '', 0, '{"enable_category":"1","catid":"11","menu-anchor_title":"","menu-anchor_css":"","menu_image":"","menu_text":1,"page_title":"","show_page_heading":0,"page_heading":"","pageclass_sfx":"","menu-meta_description":"","menu-meta_keywords":"","robots":"","secure":0,"icemega_subtitle":"","icemega_cols":"1","icemega_width":"","icemega_colwidth":"","icemega_cols_items":"","icemega_subtype":"menu"}', 209, 210, 0, '*', 0),
(335, 'main-menu', 'Pages', 'pages', '', 'pages', '', 'separator', -2, 1, 1, 0, 0, '0000-00-00 00:00:00', 0, 1, ' ', 0, '{"menu-anchor_css":"","menu_image":"","menu_text":1,"menu_show":1,"icemega_subtitle":"","icemega_cols":"1","icemega_width":"240px","icemega_colwidth":"240px","icemega_cols_items":"","icemega_subtype":"menu","icemega_anchorsmenuitem":"124"}', 25, 48, 0, '*', 0),
(336, 'main-menu', 'Pricing', 'pricing', '', 'pages/pricing', 'index.php?option=com_content&view=category&layout=theme3397:category&id=32', 'component', -2, 335, 2, 22, 0, '0000-00-00 00:00:00', 0, 1, '', 0, '{"layout_type":"blog","show_category_title":"","show_description":"","show_description_image":"","maxLevel":"","show_empty_categories":"","show_no_articles":"","show_subcat_desc":"","show_cat_num_articles":"","page_subheading":"","num_leading_articles":"0","num_intro_articles":"0","num_columns":"0","num_links":"0","multi_column_order":"","show_subcategory_content":"","orderby_pri":"","orderby_sec":"","order_date":"","show_pagination":"","show_pagination_results":"","show_title":"","link_titles":"","show_intro":"","info_block_position":"0","show_category":"","link_category":"","show_parent_category":"","link_parent_category":"","show_author":"","link_author":"","show_create_date":"","show_modify_date":"","show_publish_date":"","show_item_navigation":"","show_vote":"","show_readmore":"","show_readmore_title":"","show_icons":"","show_print_icon":"","show_email_icon":"","show_hits":"","show_noauth":"","show_feed_link":"","feed_summary":"","menu-anchor_title":"","menu-anchor_css":"","menu_image":"","menu_text":1,"page_title":"","show_page_heading":"0","page_heading":"","pageclass_sfx":"","menu-meta_description":"","menu-meta_keywords":"","robots":"","secure":0,"icemega_subtitle":"","icemega_cols":"1","icemega_width":"","icemega_colwidth":"","icemega_cols_items":"","icemega_subtype":"menu","icemega_anchorsmenuitem":"124"}', 26, 27, 0, '*', 0),
(342, 'main-menu', 'Forum', '2015-02-25-09-04-57', '', 'pages/2015-02-25-09-04-57', 'index.php?Itemid=124', 'alias', -2, 335, 2, 0, 0, '0000-00-00 00:00:00', 0, 1, '', 0, '{"aliasoptions":"124","menu-anchor_title":"","menu-anchor_css":"","menu_image":"","menu_text":1,"icemega_subtitle":"","icemega_cols":"1","icemega_width":"","icemega_colwidth":"","icemega_cols_items":"","icemega_subtype":"menu"}', 38, 39, 0, '*', 0),
(343, 'main-menu', 'Careers', 'careers', '', 'pages/careers', 'index.php?option=com_content&view=category&layout=theme3397:category&id=46', 'component', -2, 335, 2, 22, 0, '0000-00-00 00:00:00', 0, 1, '', 10, '{"layout_type":"blog","show_category_title":"","show_description":"","show_description_image":"","maxLevel":"","show_empty_categories":"","show_no_articles":"","show_subcat_desc":"","show_cat_num_articles":"","page_subheading":"","num_leading_articles":"0","num_intro_articles":"4","num_columns":"1","num_links":"0","multi_column_order":"","show_subcategory_content":"","orderby_pri":"","orderby_sec":"","order_date":"","show_pagination":"","show_pagination_results":"","show_title":"","link_titles":"0","show_intro":"","info_block_position":"0","show_category":"","link_category":"","show_parent_category":"","link_parent_category":"","show_author":"","link_author":"","show_create_date":"","show_modify_date":"","show_publish_date":"","show_item_navigation":"","show_vote":"","show_readmore":"","show_readmore_title":"","show_icons":"","show_print_icon":"","show_email_icon":"","show_hits":"","show_noauth":"","show_feed_link":"","feed_summary":"","menu-anchor_title":"","menu-anchor_css":"","menu_image":"","menu_text":1,"page_title":"","show_page_heading":1,"page_heading":"","pageclass_sfx":"careers","menu-meta_description":"","menu-meta_keywords":"","robots":"","secure":0,"icemega_subtitle":"","icemega_cols":"1","icemega_width":"","icemega_colwidth":"","icemega_cols_items":"","icemega_subtype":"menu"}', 40, 41, 0, '*', 0),
(347, 'main-menu', 'Categories', '2015-01-20-16-06-33', '', 'home/2015-01-20-16-06-33', '#', 'url', -2, 101, 2, 0, 0, '0000-00-00 00:00:00', 0, 1, '', 0, '{"menu-anchor_title":"","menu-anchor_css":"","menu_image":"","menu_text":1,"icemega_subtitle":"","icemega_cols":"1","icemega_width":"100%","icemega_colwidth":"100%","icemega_cols_items":"","icemega_subtype":"mod","icemega_modules":["155"],"icemega_anchorsmenuitem":"124"}', 12, 13, 0, '*', 0),
(348, 'main-menu', 'Packages', '2015-01-21-15-29-13', '', 'home/2015-01-21-15-29-13', '#', 'url', -2, 101, 2, 0, 0, '0000-00-00 00:00:00', 0, 1, '', 0, '{"menu-anchor_title":"","menu-anchor_css":"","menu_image":"","menu_text":1,"icemega_subtitle":"","icemega_cols":"1","icemega_width":"100%","icemega_colwidth":"100%","icemega_cols_items":"","icemega_subtype":"mod","icemega_modules":["178"]}', 20, 21, 0, '*', 0),
(349, 'main-menu', 'What we offer', '2015-01-21-07-27-49', '', 'home/2015-01-21-07-27-49', '#', 'url', -2, 101, 2, 0, 0, '0000-00-00 00:00:00', 0, 1, '', 0, '{"menu-anchor_title":"","menu-anchor_css":"","menu_image":"","menu_text":1,"icemega_subtitle":"","icemega_cols":"1","icemega_width":"100%","icemega_colwidth":"100%","icemega_cols_items":"","icemega_subtype":"mod","icemega_modules":["156"],"icemega_anchorsmenuitem":"124"}', 14, 15, 0, '*', 0),
(402, 'system-menu', 'Pintex', 'welcome', '', 'welcome', 'index.php?option=com_content&view=article&id=1', 'component', -2, 1, 1, 22, 0, '0000-00-00 00:00:00', 0, 1, '', 0, '{"show_title":"1","link_titles":"","show_intro":"","info_block_position":"","show_category":"","link_category":"","show_parent_category":"","link_parent_category":"","show_author":"","link_author":"","show_create_date":"","show_modify_date":"","show_publish_date":"","show_item_navigation":"","show_vote":"","show_icons":"","show_print_icon":"","show_email_icon":"","show_hits":"","show_tags":"","show_noauth":"","urls_position":"","menu-anchor_title":"","menu-anchor_css":"","menu_image":"","menu_text":1,"page_title":"","show_page_heading":0,"page_heading":"","pageclass_sfx":"","menu-meta_description":"","menu-meta_keywords":"","robots":"","secure":0,"icemega_subtitle":"","icemega_cols":"1","icemega_width":"","icemega_colwidth":"","icemega_cols_items":"","icemega_subtype":"menu"}', 211, 212, 0, '*', 0),
(416, 'what-we-do', 'influence policy decisions in favor of customers', '2015-02-17-20-38-27', '', '2015-02-17-20-38-27', '#', 'url', 1, 1, 1, 0, 0, '0000-00-00 00:00:00', 0, 1, ' ', 0, '{"menu-anchor_title":"","menu-anchor_css":"","menu_image":"","menu_text":1,"icemega_subtitle":"","icemega_cols":"1","icemega_width":"","icemega_colwidth":"","icemega_cols_items":"","icemega_subtype":"menu","icemega_anchorsmenuitem":"124"}', 213, 214, 0, '*', 0),
(417, 'what-we-do', 'support and expand efforts to fill these gaps', '2015-02-17-20-39-08', '', '2015-02-17-20-39-08', '#', 'url', 1, 1, 1, 0, 0, '0000-00-00 00:00:00', 0, 1, ' ', 0, '{"menu-anchor_title":"","menu-anchor_css":"","menu_image":"","menu_text":1,"icemega_subtitle":"","icemega_cols":"1","icemega_width":"","icemega_colwidth":"","icemega_cols_items":"","icemega_subtype":"menu","icemega_anchorsmenuitem":"124"}', 215, 216, 0, '*', 0),
(418, 'what-we-do', 'highlight the chronic and continuing gaps in the related data', '2015-02-17-20-39-31', '', '2015-02-17-20-39-31', '#', 'url', 1, 1, 1, 0, 0, '0000-00-00 00:00:00', 0, 1, ' ', 0, '{"menu-anchor_title":"","menu-anchor_css":"","menu_image":"","menu_text":1,"icemega_subtitle":"","icemega_cols":"1","icemega_width":"","icemega_colwidth":"","icemega_cols_items":"","icemega_subtype":"menu","icemega_anchorsmenuitem":"124"}', 217, 218, 0, '*', 0),
(419, 'what-we-do', 'monitor the changing business situation', '2015-02-17-20-39-53', '', '2015-02-17-20-39-53', '#', 'url', 1, 1, 1, 0, 0, '0000-00-00 00:00:00', 0, 1, ' ', 0, '{"menu-anchor_title":"","menu-anchor_css":"","menu_image":"","menu_text":1,"icemega_subtitle":"","icemega_cols":"1","icemega_width":"","icemega_colwidth":"","icemega_cols_items":"","icemega_subtype":"menu","icemega_anchorsmenuitem":"124"}', 219, 220, 0, '*', 0),
(422, 'system-menu', 'Search', 'search', '', 'search', 'index.php?option=com_search&view=search', 'component', 1, 1, 1, 19, 0, '0000-00-00 00:00:00', 0, 1, '', 0, '{"search_areas":"0","show_date":"0","searchphrase":"0","ordering":"newest","menu-anchor_title":"","menu-anchor_css":"","menu_image":"","menu_text":1,"page_title":"","show_page_heading":1,"page_heading":"","pageclass_sfx":"","menu-meta_description":"","menu-meta_keywords":"","robots":"","secure":0,"icemega_subtitle":"","icemega_cols":"1","icemega_width":"","icemega_colwidth":"","icemega_cols_items":"","icemega_subtype":"menu"}', 221, 222, 0, '*', 0),
(423, 'main-menu', 'What we do', '2015-02-17-20-50-08', '', 'home/2015-02-17-20-50-08', '#', 'url', -2, 101, 2, 0, 0, '0000-00-00 00:00:00', 0, 1, '', 0, '{"menu-anchor_title":"","menu-anchor_css":"","menu_image":"","menu_text":1,"icemega_subtitle":"","icemega_cols":"1","icemega_width":"100%","icemega_colwidth":"100%","icemega_cols_items":"","icemega_subtype":"mod","icemega_modules":["176"]}', 16, 17, 0, '*', 0),
(424, 'main-menu', 'About', '2015-02-17-20-57-33', '', 'home/2015-02-17-20-57-33', '#', 'url', -2, 101, 2, 0, 0, '0000-00-00 00:00:00', 0, 1, '', 0, '{"menu-anchor_title":"","menu-anchor_css":"","menu_image":"","menu_text":1,"icemega_subtitle":"","icemega_cols":"1","icemega_width":"100%","icemega_colwidth":"100%","icemega_cols_items":"","icemega_subtype":"mod","icemega_modules":["177"],"icemega_anchorsmenuitem":"124"}', 18, 19, 0, '*', 0),
(425, 'system-menu', 'About', 'about-3', '', 'about-3', 'index.php?option=com_content&view=article&id=117', 'component', -2, 1, 1, 22, 0, '0000-00-00 00:00:00', 0, 1, '', 0, '{"show_title":"","link_titles":"","show_intro":"","info_block_position":"","show_category":"","link_category":"","show_parent_category":"","link_parent_category":"","show_author":"","link_author":"","show_create_date":"","show_modify_date":"","show_publish_date":"","show_item_navigation":"","show_vote":"","show_icons":"","show_print_icon":"","show_email_icon":"","show_hits":"","show_tags":"","show_noauth":"","urls_position":"","menu-anchor_title":"","menu-anchor_css":"","menu_image":"","menu_text":1,"page_title":"","show_page_heading":0,"page_heading":"","pageclass_sfx":"","menu-meta_description":"","menu-meta_keywords":"","robots":"","secure":0,"icemega_subtitle":"","icemega_cols":"1","icemega_width":"","icemega_colwidth":"","icemega_cols_items":"","icemega_subtype":"menu"}', 223, 224, 0, '*', 0),
(426, 'main-menu', 'Elements', 'elements', '', 'pages/elements', 'index.php?option=com_content&view=article&id=121', 'component', -2, 335, 2, 22, 0, '0000-00-00 00:00:00', 0, 1, '', 0, '{"show_title":"0","link_titles":"","show_intro":"","info_block_position":"","show_category":"","link_category":"","show_parent_category":"","link_parent_category":"","show_author":"","link_author":"","show_create_date":"","show_modify_date":"","show_publish_date":"","show_item_navigation":"","show_vote":"","show_icons":"","show_print_icon":"","show_email_icon":"","show_hits":"","show_tags":"","show_noauth":"","urls_position":"","menu-anchor_title":"","menu-anchor_css":"","menu_image":"","menu_text":1,"page_title":"","show_page_heading":0,"page_heading":"","pageclass_sfx":"elements","menu-meta_description":"","menu-meta_keywords":"","robots":"","secure":0,"icemega_subtitle":"","icemega_cols":"1","icemega_width":"","icemega_colwidth":"","icemega_cols_items":"","icemega_subtype":"menu"}', 44, 45, 0, '*', 0),
(437, 'main-menu', 'Search', '2015-04-24-07-44-18', '', '2015-04-24-07-44-18', '', 'separator', -2, 1, 1, 0, 0, '0000-00-00 00:00:00', 0, 1, ' ', 0, '{"menu-anchor_css":"menu-search","menu_image":"","menu_text":1,"menu_show":1,"icemega_subtitle":"","icemega_cols":"1","icemega_width":"100%","icemega_colwidth":"100%","icemega_cols_items":"1","icemega_subtype":"menu","icemega_anchorsmenuitem":"124"}', 225, 228, 0, '*', 0),
(438, 'main-menu', 'Login or register', '2015-04-24-08-31-28', '', '2015-07-10-07-16-24/2015-04-24-08-31-28', '#', 'url', -2, 467, 2, 0, 0, '0000-00-00 00:00:00', 0, 1, ' ', 0, '{"menu-anchor_title":"","menu-anchor_css":"","menu-anchor_rel":"","menu_image":"","menu_text":1,"menu_show":1,"icemega_subtitle":"","icemega_cols":"1","icemega_width":"330px","icemega_colwidth":"330px","icemega_cols_items":"","icemega_subtype":"mod","icemega_modules":["212"],"icemega_anchorsmenuitem":"124"}', 238, 239, 0, '*', 0),
(439, 'top-menu', 'Login form', '2015-04-24-14-59-37', '', '2015-04-24-14-59-37', '#modal', 'url', 1, 1, 1, 0, 0, '0000-00-00 00:00:00', 0, 5, '', 0, '{"menu-anchor_title":"","menu-anchor_css":"","menu_image":"","menu_text":1,"icemega_subtitle":"","icemega_cols":"1","icemega_width":"","icemega_colwidth":"","icemega_cols_items":"","icemega_subtype":"menu","icemega_anchorsmenuitem":"124"}', 229, 230, 0, '*', 0),
(440, 'top-menu', 'User profile', 'user-profile-2', '', 'user-profile-2', 'index.php?option=com_users&view=profile', 'component', 1, 1, 1, 25, 0, '0000-00-00 00:00:00', 0, 2, '', 0, '{"menu-anchor_title":"","menu-anchor_css":"","menu_image":"","menu_text":1,"page_title":"","show_page_heading":"0","page_heading":"","pageclass_sfx":"","menu-meta_description":"","menu-meta_keywords":"","robots":"","secure":0,"icemega_subtitle":"","icemega_cols":"1","icemega_width":"","icemega_colwidth":"","icemega_cols_items":"","icemega_subtype":"menu","icemega_anchorsmenuitem":"124"}', 231, 232, 0, '*', 0),
(441, 'top-menu', 'Create account', '2015-04-27-07-43-33', '', '2015-04-27-07-43-33', 'index.php?Itemid=', 'alias', 1, 1, 1, 0, 0, '0000-00-00 00:00:00', 0, 5, '', 0, '{"aliasoptions":"174","menu-anchor_title":"","menu-anchor_css":"","menu_image":"","menu_text":1,"icemega_subtitle":"","icemega_cols":"1","icemega_width":"","icemega_colwidth":"","icemega_cols_items":"","icemega_subtype":"menu","icemega_anchorsmenuitem":"124"}', 233, 234, 0, '*', 0),
(442, 'top-menu', 'Create article', 'create-article-2', '', 'create-article-2', 'index.php?option=com_content&view=form&layout=edit', 'component', 1, 1, 1, 22, 0, '0000-00-00 00:00:00', 0, 2, '', 0, '{"enable_category":"1","catid":"11","menu-anchor_title":"","menu-anchor_css":"","menu_image":"","menu_text":1,"page_title":"","show_page_heading":"0","page_heading":"","pageclass_sfx":"","menu-meta_description":"","menu-meta_keywords":"","robots":"","secure":0,"icemega_subtitle":"","icemega_cols":"1","icemega_width":"","icemega_colwidth":"","icemega_cols_items":"","icemega_subtype":"menu","icemega_anchorsmenuitem":"124"}', 235, 236, 0, '*', 0),
(452, 'system-menu', 'subwoofer', 'lorem', '', 'tags/lorem', 'index.php?option=com_tags&view=tag&id[0]=17&types[0]=1&types[1]=6', 'component', -2, 155, 2, 29, 0, '0000-00-00 00:00:00', 0, 1, ' ', 0, '{"show_tag_title":"","tag_list_show_tag_image":"","tag_list_show_tag_description":"","tag_list_image":"","tag_list_description":"","show_tag_num_items":"","tag_list_orderby":"","tag_list_orderby_direction":"","tag_list_show_item_image":"","tag_list_show_item_description":"","tag_list_item_maximum_characters":0,"filter_field":"","show_pagination_limit":"","show_pagination":"","show_pagination_results":"","return_any_or_all":"","include_children":"","maximum":200,"show_feed_link":"","menu-anchor_title":"","menu-anchor_css":"","menu_image":"","menu_text":1,"page_title":"","show_page_heading":"","page_heading":"","pageclass_sfx":"","menu-meta_description":"","menu-meta_keywords":"","robots":"","secure":0,"icemega_subtitle":"","icemega_cols":"1","icemega_width":"","icemega_colwidth":"","icemega_cols_items":"","icemega_subtype":"menu","icemega_anchorsmenuitem":"124"}', 148, 149, 0, '*', 0),
(467, 'main-menu', 'Login', '2015-07-10-07-16-24', '', '2015-07-10-07-16-24', '#', 'url', -2, 1, 1, 0, 0, '0000-00-00 00:00:00', 0, 1, '', 0, '{"menu-anchor_title":"","menu-anchor_css":"menu-login-form","menu_image":"","menu_text":1,"icemega_subtitle":"","icemega_cols":"1","icemega_width":"330px","icemega_colwidth":"330px","icemega_cols_items":"","icemega_subtype":"menu","icemega_anchorsmenuitem":"124"}', 237, 240, 0, '*', 0),
(477, 'main-menu', 'Search field', '2015-07-21-08-59-36', '', '2015-04-24-07-44-18/2015-07-21-08-59-36', '#', 'url', -2, 437, 2, 0, 0, '0000-00-00 00:00:00', 0, 1, '', 0, '{"menu-anchor_title":"","menu-anchor_css":"","menu_image":"","menu_text":1,"icemega_subtitle":"","icemega_cols":"1","icemega_width":"100%","icemega_colwidth":"100%","icemega_cols_items":"1","icemega_subtype":"mod","icemega_modules":["195"],"icemega_positions":[],"icemega_anchorsmenuitem":"124"}', 226, 227, 0, '*', 0),
(492, 'main', 'Komento', 'komento', '', 'komento', 'index.php?option=com_komento', 'component', 1, 1, 1, 10072, 0, '0000-00-00 00:00:00', 0, 1, 'components/com_komento/assets/images/komento-favicon.png', 0, '{}', 241, 260, 0, '', 1),
(493, 'main', 'COM_KOMENTO_MENU_COMMENTS', 'com-komento-menu-comments', '', 'komento/com-komento-menu-comments', 'index.php?option=com_komento&view=comments', 'component', 1, 492, 2, 10072, 0, '0000-00-00 00:00:00', 0, 1, 'components/com_komento/assets/images/comments-favicon.png', 0, '{}', 242, 243, 0, '', 1),
(494, 'main', 'COM_KOMENTO_MENU_PENDINGS', 'com-komento-menu-pendings', '', 'komento/com-komento-menu-pendings', 'index.php?option=com_komento&view=pending', 'component', 1, 492, 2, 10072, 0, '0000-00-00 00:00:00', 0, 1, 'components/com_komento/assets/images/pending-favicon.png', 0, '{}', 244, 245, 0, '', 1),
(495, 'main', 'COM_KOMENTO_MENU_REPORTS', 'com-komento-menu-reports', '', 'komento/com-komento-menu-reports', 'index.php?option=com_komento&view=reports', 'component', 1, 492, 2, 10072, 0, '0000-00-00 00:00:00', 0, 1, 'components/com_komento/assets/images/reports-favicon.png', 0, '{}', 246, 247, 0, '', 1),
(496, 'main', 'COM_KOMENTO_MENU_SUBSCRIBERS', 'com-komento-menu-subscribers', '', 'komento/com-komento-menu-subscribers', 'index.php?option=com_komento&view=subscribers', 'component', 1, 492, 2, 10072, 0, '0000-00-00 00:00:00', 0, 1, 'components/com_komento/assets/images/subscribers-favicon.png', 0, '{}', 248, 249, 0, '', 1),
(497, 'main', 'COM_KOMENTO_MENU_INTEGRATIONS', 'com-komento-menu-integrations', '', 'komento/com-komento-menu-integrations', 'index.php?option=com_komento&view=integrations', 'component', 1, 492, 2, 10072, 0, '0000-00-00 00:00:00', 0, 1, 'components/com_komento/assets/images/integrations-favicon.png', 0, '{}', 250, 251, 0, '', 1),
(498, 'main', 'COM_KOMENTO_MENU_CONFIGURATION', 'com-komento-menu-configuration', '', 'komento/com-komento-menu-configuration', 'index.php?option=com_komento&view=system', 'component', 1, 492, 2, 10072, 0, '0000-00-00 00:00:00', 0, 1, 'components/com_komento/assets/images/system-favicon.png', 0, '{}', 252, 253, 0, '', 1),
(499, 'main', 'COM_KOMENTO_MENU_ACL', 'com-komento-menu-acl', '', 'komento/com-komento-menu-acl', 'index.php?option=com_komento&view=acl', 'component', 1, 492, 2, 10072, 0, '0000-00-00 00:00:00', 0, 1, 'components/com_komento/assets/images/acls-favicon.png', 0, '{}', 254, 255, 0, '', 1),
(500, 'main', 'COM_KOMENTO_MENU_MIGRATORS', 'com-komento-menu-migrators', '', 'komento/com-komento-menu-migrators', 'index.php?option=com_komento&view=migrators', 'component', 1, 492, 2, 10072, 0, '0000-00-00 00:00:00', 0, 1, 'components/com_komento/assets/images/migrators-favicon.png', 0, '{}', 256, 257, 0, '', 1),
(501, 'main', 'COM_KOMENTO_MENU_MAILQ', 'com-komento-menu-mailq', '', 'komento/com-komento-menu-mailq', 'index.php?option=com_komento&view=mailq', 'component', 1, 492, 2, 10072, 0, '0000-00-00 00:00:00', 0, 1, 'components/com_komento/assets/images/mailq-favicon.png', 0, '{}', 258, 259, 0, '', 1),
(513, 'user-menu', 'Log  Out', '2015-01-26-09-48-60', '', '2015-01-26-09-48-60', '#', 'url', 1, 1, 1, 0, 0, '0000-00-00 00:00:00', 0, 2, ' ', 0, '{"menu-anchor_title":"","menu-anchor_css":"#modal","menu_image":"","menu_text":1,"icemega_subtitle":"","icemega_cols":"1","icemega_width":"","icemega_colwidth":"","icemega_cols_items":"","icemega_subtype":"menu","icemega_anchorsmenuitem":"124"}', 261, 262, 0, '*', 0),
(514, 'top-menu', 'Log Out', '2015-04-24-14-59-38', '', '2015-04-24-14-59-38', '#modal', 'url', 1, 1, 1, 0, 0, '0000-00-00 00:00:00', 0, 2, ' ', 0, '{"menu-anchor_title":"","menu-anchor_css":"","menu_image":"","menu_text":1,"icemega_subtitle":"","icemega_cols":"1","icemega_width":"","icemega_colwidth":"","icemega_cols_items":"","icemega_subtype":"menu","icemega_anchorsmenuitem":"124"}', 263, 264, 0, '*', 0),
(515, 'main', 'AcyMailing', 'acymailing', '', 'acymailing', 'index.php?option=com_acymailing', 'component', 1, 1, 1, 10097, 0, '0000-00-00 00:00:00', 0, 1, '../media/com_acymailing/images/icons/icon-16-acymailing.png', 0, '{}', 265, 280, 0, '', 1),
(516, 'main', 'Users', 'users', '', 'acymailing/users', 'index.php?option=com_acymailing&ctrl=subscriber', 'component', 1, 515, 2, 10097, 0, '0000-00-00 00:00:00', 0, 1, '../media/com_acymailing/images/icons/icon-16-users.png', 0, '{}', 266, 267, 0, '', 1),
(517, 'main', 'Lists', 'lists', '', 'acymailing/lists', 'index.php?option=com_acymailing&ctrl=list', 'component', 1, 515, 2, 10097, 0, '0000-00-00 00:00:00', 0, 1, '../media/com_acymailing/images/icons/icon-16-acylist.png', 0, '{}', 268, 269, 0, '', 1),
(518, 'main', 'Newsletters', 'newsletters', '', 'acymailing/newsletters', 'index.php?option=com_acymailing&ctrl=newsletter', 'component', 1, 515, 2, 10097, 0, '0000-00-00 00:00:00', 0, 1, '../media/com_acymailing/images/icons/icon-16-newsletter.png', 0, '{}', 270, 271, 0, '', 1),
(519, 'main', 'Templates', 'templates', '', 'acymailing/templates', 'index.php?option=com_acymailing&ctrl=template', 'component', 1, 515, 2, 10097, 0, '0000-00-00 00:00:00', 0, 1, '../media/com_acymailing/images/icons/icon-16-acytemplate.png', 0, '{}', 272, 273, 0, '', 1),
(520, 'main', 'Queue', 'queue', '', 'acymailing/queue', 'index.php?option=com_acymailing&ctrl=queue', 'component', 1, 515, 2, 10097, 0, '0000-00-00 00:00:00', 0, 1, '../media/com_acymailing/images/icons/icon-16-process.png', 0, '{}', 274, 275, 0, '', 1),
(521, 'main', 'Statistics', 'statistics', '', 'acymailing/statistics', 'index.php?option=com_acymailing&ctrl=stats', 'component', 1, 515, 2, 10097, 0, '0000-00-00 00:00:00', 0, 1, '../media/com_acymailing/images/icons/icon-16-stats.png', 0, '{}', 276, 277, 0, '', 1),
(522, 'main', 'Configuration', 'configuration', '', 'acymailing/configuration', 'index.php?option=com_acymailing&ctrl=cpanel', 'component', 1, 515, 2, 10097, 0, '0000-00-00 00:00:00', 0, 1, '../media/com_acymailing/images/icons/icon-16-acyconfig.png', 0, '{}', 278, 279, 0, '', 1),
(549, 'main', 'COM_JOOMGALLERY', 'com-joomgallery', '', 'com-joomgallery', 'index.php?option=com_joomgallery', 'component', 1, 1, 1, 10032, 0, '0000-00-00 00:00:00', 0, 1, '../media/joomgallery/images/joom_main.png', 0, '{}', 281, 308, 0, '', 1),
(550, 'main', 'COM_JOOMGALLERY_CATEGORY_MANAGER', 'com-joomgallery-category-manager', '', 'com-joomgallery/com-joomgallery-category-manager', 'index.php?option=com_joomgallery&controller=categories', 'component', 1, 549, 2, 10032, 0, '0000-00-00 00:00:00', 0, 1, 'media/joomgallery/images/joom_categories.png', 0, '{}', 282, 283, 0, '', 1),
(551, 'main', 'COM_JOOMGALLERY_IMAGE_MANAGER', 'com-joomgallery-image-manager', '', 'com-joomgallery/com-joomgallery-image-manager', 'index.php?option=com_joomgallery&controller=images', 'component', 1, 549, 2, 10032, 0, '0000-00-00 00:00:00', 0, 1, 'media/joomgallery/images/joom_pictures.png', 0, '{}', 284, 285, 0, '', 1),
(552, 'main', 'COM_JOOMGALLERY_COMMENTS_MANAGER', 'com-joomgallery-comments-manager', '', 'com-joomgallery/com-joomgallery-comments-manager', 'index.php?option=com_joomgallery&controller=comments', 'component', 1, 549, 2, 10032, 0, '0000-00-00 00:00:00', 0, 1, 'media/joomgallery/images/joom_comments.png', 0, '{}', 286, 287, 0, '', 1),
(553, 'main', 'COM_JOOMGALLERY_IMAGE_UPLOAD', 'com-joomgallery-image-upload', '', 'com-joomgallery/com-joomgallery-image-upload', 'index.php?option=com_joomgallery&controller=upload', 'component', 1, 549, 2, 10032, 0, '0000-00-00 00:00:00', 0, 1, 'media/joomgallery/images/joom_pictureupload.png', 0, '{}', 288, 289, 0, '', 1),
(554, 'main', 'COM_JOOMGALLERY_AJAX_UPLOAD', 'com-joomgallery-ajax-upload', '', 'com-joomgallery/com-joomgallery-ajax-upload', 'index.php?option=com_joomgallery&controller=ajaxupload', 'component', 1, 549, 2, 10032, 0, '0000-00-00 00:00:00', 0, 1, 'media/joomgallery/images/joom_ajaxupload.png', 0, '{}', 290, 291, 0, '', 1),
(555, 'main', 'COM_JOOMGALLERY_BATCH_UPLOAD', 'com-joomgallery-batch-upload', '', 'com-joomgallery/com-joomgallery-batch-upload', 'index.php?option=com_joomgallery&controller=batchupload', 'component', 1, 549, 2, 10032, 0, '0000-00-00 00:00:00', 0, 1, 'media/joomgallery/images/joom_batchupload.png', 0, '{}', 292, 293, 0, '', 1),
(556, 'main', 'COM_JOOMGALLERY_FTP_UPLOAD', 'com-joomgallery-ftp-upload', '', 'com-joomgallery/com-joomgallery-ftp-upload', 'index.php?option=com_joomgallery&controller=ftpupload', 'component', 1, 549, 2, 10032, 0, '0000-00-00 00:00:00', 0, 1, 'media/joomgallery/images/joom_ftpupload.png', 0, '{}', 294, 295, 0, '', 1),
(557, 'main', 'COM_JOOMGALLERY_JAVA_UPLOAD', 'com-joomgallery-java-upload', '', 'com-joomgallery/com-joomgallery-java-upload', 'index.php?option=com_joomgallery&controller=jupload', 'component', 1, 549, 2, 10032, 0, '0000-00-00 00:00:00', 0, 1, 'media/joomgallery/images/joom_jupload.png', 0, '{}', 296, 297, 0, '', 1),
(558, 'main', 'COM_JOOMGALLERY_CONFIGURATION_MANAGER', 'com-joomgallery-configuration-manager', '', 'com-joomgallery/com-joomgallery-configuration-manager', 'index.php?option=com_joomgallery&controller=config', 'component', 1, 549, 2, 10032, 0, '0000-00-00 00:00:00', 0, 1, 'media/joomgallery/images/joom_config.png', 0, '{}', 298, 299, 0, '', 1),
(559, 'main', 'COM_JOOMGALLERY_CUSTOMIZE_CSS', 'com-joomgallery-customize-css', '', 'com-joomgallery/com-joomgallery-customize-css', 'index.php?option=com_joomgallery&controller=cssedit', 'component', 1, 549, 2, 10032, 0, '0000-00-00 00:00:00', 0, 1, 'media/joomgallery/images/joom_css.png', 0, '{}', 300, 301, 0, '', 1),
(560, 'main', 'COM_JOOMGALLERY_MIGRATION_MANAGER', 'com-joomgallery-migration-manager', '', 'com-joomgallery/com-joomgallery-migration-manager', 'index.php?option=com_joomgallery&controller=migration', 'component', 1, 549, 2, 10032, 0, '0000-00-00 00:00:00', 0, 1, 'media/joomgallery/images/joom_migration.png', 0, '{}', 302, 303, 0, '', 1),
(561, 'main', 'COM_JOOMGALLERY_MAINTENANCE_MANAGER', 'com-joomgallery-maintenance-manager', '', 'com-joomgallery/com-joomgallery-maintenance-manager', 'index.php?option=com_joomgallery&controller=maintenance', 'component', 1, 549, 2, 10032, 0, '0000-00-00 00:00:00', 0, 1, 'media/joomgallery/images/joom_maintenance.png', 0, '{}', 304, 305, 0, '', 1),
(562, 'main', 'COM_JOOMGALLERY_HELP', 'com-joomgallery-help', '', 'com-joomgallery/com-joomgallery-help', 'index.php?option=com_joomgallery&controller=help', 'component', 1, 549, 2, 10032, 0, '0000-00-00 00:00:00', 0, 1, 'media/joomgallery/images/joom_information.png', 0, '{}', 306, 307, 0, '', 1),
(563, 'main', 'com_joomlaupdate', 'com-joomlaupdate', '', 'com-joomlaupdate', 'index.php?option=com_joomlaupdate', 'component', 1, 1, 1, 28, 0, '0000-00-00 00:00:00', 0, 1, 'class:joomlaupdate', 0, '{}', 309, 310, 0, '', 1),
(564, 'main', 'COM_KUNENA', 'com-kunena', '', 'com-kunena', 'index.php?option=com_kunena', 'component', 1, 1, 1, 10019, 0, '0000-00-00 00:00:00', 0, 1, 'components/com_kunena/media/icons/favicons/kunena-logo-white.png', 0, '{}', 311, 334, 0, '', 1),
(565, 'main', 'COM_KUNENA_DASHBOARD', 'com-kunena-dashboard', '', 'com-kunena/com-kunena-dashboard', 'index.php?option=com_kunena&view=cpanel', 'component', 1, 564, 2, 10019, 0, '0000-00-00 00:00:00', 0, 1, 'components/com_kunena/media/icons/favicons/kunena-logo-white.png', 0, '{}', 312, 313, 0, '', 1),
(566, 'main', 'COM_KUNENA_CATEGORY_MANAGER', 'com-kunena-category-manager', '', 'com-kunena/com-kunena-category-manager', 'index.php?option=com_kunena&view=categories', 'component', 1, 564, 2, 10019, 0, '0000-00-00 00:00:00', 0, 1, 'components/com_kunena/media/icons/favicons/kunena-categories.png', 0, '{}', 314, 315, 0, '', 1),
(567, 'main', 'COM_KUNENA_USER_MANAGER', 'com-kunena-user-manager', '', 'com-kunena/com-kunena-user-manager', 'index.php?option=com_kunena&view=users', 'component', 1, 564, 2, 10019, 0, '0000-00-00 00:00:00', 0, 1, 'components/com_kunena/media/icons/favicons/kunena-users.png', 0, '{}', 316, 317, 0, '', 1),
(568, 'main', 'COM_KUNENA_FILE_MANAGER', 'com-kunena-file-manager', '', 'com-kunena/com-kunena-file-manager', 'index.php?option=com_kunena&view=attachments', 'component', 1, 564, 2, 10019, 0, '0000-00-00 00:00:00', 0, 1, 'components/com_kunena/media/icons/favicons/kunena-files.png', 0, '{}', 318, 319, 0, '', 1),
(569, 'main', 'COM_KUNENA_EMOTICON_MANAGER', 'com-kunena-emoticon-manager', '', 'com-kunena/com-kunena-emoticon-manager', 'index.php?option=com_kunena&view=smilies', 'component', 1, 564, 2, 10019, 0, '0000-00-00 00:00:00', 0, 1, 'components/com_kunena/media/icons/favicons/kunena-smileys.png', 0, '{}', 320, 321, 0, '', 1),
(570, 'main', 'COM_KUNENA_RANK_MANAGER', 'com-kunena-rank-manager', '', 'com-kunena/com-kunena-rank-manager', 'index.php?option=com_kunena&view=ranks', 'component', 1, 564, 2, 10019, 0, '0000-00-00 00:00:00', 0, 1, 'components/com_kunena/media/icons/favicons/kunena-ranks.png', 0, '{}', 322, 323, 0, '', 1),
(571, 'main', 'COM_KUNENA_TEMPLATE_MANAGER', 'com-kunena-template-manager', '', 'com-kunena/com-kunena-template-manager', 'index.php?option=com_kunena&view=templates', 'component', 1, 564, 2, 10019, 0, '0000-00-00 00:00:00', 0, 1, 'components/com_kunena/media/icons/favicons/kunena-templates.png', 0, '{}', 324, 325, 0, '', 1),
(572, 'main', 'COM_KUNENA_CONFIGURATION', 'com-kunena-configuration', '', 'com-kunena/com-kunena-configuration', 'index.php?option=com_kunena&view=config', 'component', 1, 564, 2, 10019, 0, '0000-00-00 00:00:00', 0, 1, 'components/com_kunena/media/icons/favicons/kunena-prune.png', 0, '{}', 326, 327, 0, '', 1),
(573, 'main', 'COM_KUNENA_PLUGIN_MANAGER', 'com-kunena-plugin-manager', '', 'com-kunena/com-kunena-plugin-manager', 'index.php?option=com_kunena&view=plugins', 'component', 1, 564, 2, 10019, 0, '0000-00-00 00:00:00', 0, 1, 'components/com_kunena/media/icons/favicons/kunena-plugins.png', 0, '{}', 328, 329, 0, '', 1),
(574, 'main', 'COM_KUNENA_FORUM_TOOLS', 'com-kunena-forum-tools', '', 'com-kunena/com-kunena-forum-tools', 'index.php?option=com_kunena&view=tools', 'component', 1, 564, 2, 10019, 0, '0000-00-00 00:00:00', 0, 1, 'components/com_kunena/media/icons/favicons/kunena-config.png', 0, '{}', 330, 331, 0, '', 1),
(575, 'main', 'COM_KUNENA_TRASH_MANAGER', 'com-kunena-trash-manager', '', 'com-kunena/com-kunena-trash-manager', 'index.php?option=com_kunena&view=trash', 'component', 1, 564, 2, 10019, 0, '0000-00-00 00:00:00', 0, 1, 'components/com_kunena/media/icons/favicons/kunena-trash.png', 0, '{}', 332, 333, 0, '', 1),
(576, 'main', 'COM_SLOGIN_MAIN_MENU', 'com-slogin-main-menu', '', 'com-slogin-main-menu', 'index.php?option=com_slogin', 'component', 1, 1, 1, 10143, 0, '0000-00-00 00:00:00', 0, 1, '../media/com_slogin/icon_16x16.png', 0, '{}', 335, 336, 0, '', 1),
(577, 'copyright-menu', 'Home', 'home1', '', 'home1', 'index.php?Itemid=', 'alias', 1, 1, 1, 0, 0, '0000-00-00 00:00:00', 0, 5, ' ', 0, '{"aliasoptions":"101","menu-anchor_title":"","menu-anchor_css":"","menu_image":"","menu_text":1,"menu_show":1,"icemega_subtitle":"","icemega_cols":"1","icemega_width":"","icemega_colwidth":"","icemega_cols_items":"","icemega_subtype":"menu","icemega_anchorsmenuitem":"124"}', 337, 338, 0, '*', 0),
(578, 'copyright-menu', 'About', 'about2', '', 'about2', 'index.php?Itemid=', 'alias', 1, 1, 1, 0, 0, '0000-00-00 00:00:00', 0, 5, ' ', 0, '{"aliasoptions":"134","menu-anchor_title":"","menu-anchor_css":"","menu_image":"","menu_text":1,"menu_show":1,"icemega_subtitle":"","icemega_cols":"1","icemega_width":"","icemega_colwidth":"","icemega_cols_items":"","icemega_subtype":"menu","icemega_anchorsmenuitem":"124"}', 339, 340, 0, '*', 0),
(579, 'copyright-menu', 'Blog', 'blog1', '', 'blog1', 'index.php?Itemid=', 'alias', 1, 1, 1, 0, 0, '0000-00-00 00:00:00', 0, 5, ' ', 0, '{"aliasoptions":"285","menu-anchor_title":"","menu-anchor_css":"","menu_image":"","menu_text":1,"menu_show":1,"icemega_subtitle":"","icemega_cols":"1","icemega_width":"","icemega_colwidth":"","icemega_cols_items":"","icemega_subtype":"menu","icemega_anchorsmenuitem":"124"}', 341, 342, 0, '*', 0),
(580, 'copyright-menu', 'Gallery', 'gallery1', '', 'gallery1', 'index.php?Itemid=', 'alias', 1, 1, 1, 0, 0, '0000-00-00 00:00:00', 0, 5, ' ', 0, '{"aliasoptions":"203","menu-anchor_title":"","menu-anchor_css":"","menu_image":"","menu_text":1,"menu_show":1,"icemega_subtitle":"","icemega_cols":"1","icemega_width":"","icemega_colwidth":"","icemega_cols_items":"","icemega_subtype":"menu","icemega_anchorsmenuitem":"124"}', 343, 344, 0, '*', 0),
(581, 'copyright-menu', 'Contacts', 'contacts1', '', 'contacts1', 'index.php?Itemid=', 'alias', 1, 1, 1, 0, 0, '0000-00-00 00:00:00', 0, 5, ' ', 0, '{"aliasoptions":"142","menu-anchor_title":"","menu-anchor_css":"","menu_image":"","menu_text":1,"menu_show":1,"icemega_subtitle":"","icemega_cols":"1","icemega_width":"","icemega_colwidth":"","icemega_cols_items":"","icemega_subtype":"menu","icemega_anchorsmenuitem":"124"}', 345, 346, 0, '*', 0),
(582, 'main', 'com_associations', 'multilingual-associations', '', 'multilingual-associations', 'index.php?option=com_associations', 'component', 1, 1, 1, 34, 0, '0000-00-00 00:00:00', 0, 1, 'class:associations', 0, '{}', 347, 348, 0, '*', 1);

